-- Table structure for table `wp_users`
--

CREATE TABLE `wp_users` (
  `ID` bigint(20) unsigned NOT NULL AUTO_INCREMENT,
  `user_login` varchar(60) COLLATE utf8mb4_unicode_ci NOT NULL DEFAULT '',
  `user_pass` varchar(255) COLLATE utf8mb4_unicode_ci NOT NULL DEFAULT '',
  `user_nicename` varchar(50) COLLATE utf8mb4_unicode_ci NOT NULL DEFAULT '',
  `user_email` varchar(100) COLLATE utf8mb4_unicode_ci NOT NULL DEFAULT '',
  `user_url` varchar(100) COLLATE utf8mb4_unicode_ci NOT NULL DEFAULT '',
  `user_registered` datetime NOT NULL DEFAULT '0000-00-00 00:00:00',
  `user_activation_key` varchar(255) COLLATE utf8mb4_unicode_ci NOT NULL DEFAULT '',
  `user_status` int(11) NOT NULL DEFAULT '0',
  `display_name` varchar(250) COLLATE utf8mb4_unicode_ci NOT NULL DEFAULT '',
  PRIMARY KEY (`ID`),
  KEY `user_login_key` (`user_login`),
  KEY `user_nicename` (`user_nicename`),
  KEY `user_email` (`user_email`)
) ENGINE=MyISAM AUTO_INCREMENT=113 DEFAULT CHARSET=utf8mb4 COLLATE=utf8mb4_unicode_ci;

--
-- Dumping data for table `wp_users`
--

INSERT INTO `wp_users` VALUES (1,'QEwqcmyVEA','$P$B4pUswNOLCSLtCaAGDanlAC15eLlcJ1','qewqcmyvea','info@kostricani.com','https://europeanoutlet.com/','2020-06-04 07:14:41','',0,'QEwqcmyVEA'),(2,'eastmoney','$P$BUhv38SM06WNcXtsXE2kMyBT69UGPM0','eastmoney','vendor_eastmoney@kuteshop.com','','2020-06-04 07:34:21','',0,'eastmoney'),(3,'shanghai','$P$BTSLnImbjyTaJcXU4U8mpWgkdjcy05.','shanghai','vendor_shanghai@kuteshop.com','','2020-06-04 07:34:21','',0,'Shanghai DZH Limited'),(4,'systex','$P$Bj0bggSOhqvNI52ugpNtF0rDclVib6.','systex','vendor_systex@kuteshop.com','','2020-06-04 07:34:21','',0,'Systex Info'),(5,'thomson','$P$B.flrcDRDc5sttkwyCqZNtY3F6uu7d1','thomson','vendor_thomson@kuteshop.com','','2020-06-04 07:34:21','',0,'Thomson Reuters'),(6,'fjori','$P$BewZUfDTnF17R8lfv33NLTgzq3YvRo.','fjori','f.kostricani@gmail.com','','2020-06-09 06:38:01','',0,'Fjoralba F'),(7,'arthur','$P$B67259cfJrzHodir9FeqQ5naqdBVvS1','arthur','arthur@italiainc.com','http://www.europeanoutlet.com','2020-06-10 18:16:07','',0,'EuropeanOutlet'),(8,'webtirana','$P$BBV.V6ANhuPQuUxQKqgTCAE/DKDvKr.','webtirana','webtirana@gmail.com','','2020-06-19 17:26:07','1614607110:$P$BVaRL38NkNtDCL5vqIIfht4Kf2UJw21',0,'webtirana'),(9,'italiainc','$P$BFzmahwL7zW9XE02zG5vomMEOYwMUl0','italiainc','italiainc@hotmail.com','','2020-06-19 21:20:13','',0,'italiainc'),(10,'sujani.rajiv2008','$P$BZJT9faZfSJLGeJf4b49CK5Hghjfc3/','sujani-rajiv2008','sujani.rajiv2008@gmail.com','','2020-06-24 12:34:53','',0,'sujani.rajiv2008'),(11,'square_user','$P$Bq/ZyMZxmcHwU.g/ZKp7ZBdZ2w.wZa0','square_user','','','2020-07-11 08:23:51','',0,'square_user'),(12,'carla.mainella','$P$BuLDrf5.J2FWKhKR31H3.xCwM0YAnY.','carla-mainella','italiaimpexp@hotmail.com','','2020-07-23 13:52:51','',0,'Carla Mainella'),(13,'nora44','$P$BW2utmtkCSa9wlZEMfc8TQBBxjy9fD.','nora44','Nora44@gmail.com','','2020-10-24 12:35:25','',0,'nora44'),(14,'bernierdeneigement.com','$P$B3UR1usnrmlp1eod0XLe3IEwCMbWaR0','bernierdeneigement-com','info@bernierdeneigement.com','','2020-10-28 17:11:27','',0,'bernierdeneigement.com'),(15,'dyna64','$P$B65qMOK6NtZS3tDZh9vqiVa8Dw.Pf60','dyna64','dyna64@aol.com','','2020-12-21 14:40:27','',0,'dyna64'),(16,'tom_wurst7','$P$B3UFHvpmKLauPOk14Hn12cOkz69VS20','tom_wurst7','tom_wurst7@yahoo.com','','2020-12-24 17:17:25','',0,'tom_wurst7'),(17,'reynaldo_renteria','$P$Ba9U0N8CM8.C5sc41auCxlBT1F.va20','reynaldo_renteria','reynaldo_renteria@yahoo.com','','2020-12-28 16:25:04','',0,'reynaldo_renteria'),(18,'princessalovesyou','$P$BT/9j95Ii93Yx2UA5UnyNSMfLgUewM0','princessalovesyou','princessalovesyou@yahoo.com','','2020-12-30 07:31:35','',0,'princessalovesyou'),(19,'bbbbb.bbbbb','$P$BgBb7j2M.xpCuLQvgQmzBJhqSmBPlY/','bbbbb-bbbbb','chsjlytdkzsa@abbuzz.com','','2020-12-30 15:13:49','',0,'bbbbb.bbbbb'),(20,'rinniepooh13','$P$BCAq12jUd.qHyxUZXDwaWimgzNgW7p1','rinniepooh13','rinniepooh13@comcast.net','','2021-01-01 14:32:19','',0,'rinniepooh13'),(21,'bbbbb.bbbbb-5758','$P$BpLlUcmJam4GlPSLM2n7N2RLVr0.TP0','bbbbb-bbbbb-5758','tzgjzwnsehez@abbuzz.com','','2021-01-02 12:26:20','',0,'bbbbb.bbbbb-5758'),(22,'bbbbb.bbbbb-1927','$P$BulHf1QyptsksZ1xRvAOX3dI5ObJJN1','bbbbb-bbbbb-1927','rpclfjgpxrxe@abbuzz.com','','2021-01-06 09:24:11','',0,'bbbbb.bbbbb-1927'),(23,'krazygerman','$P$BHjUBgcE8I7FjXJkcrETggB.Nd0W1A.','krazygerman','krazygerman@yahoo.com','','2021-01-09 19:14:55','',0,'krazygerman'),(24,'vtifvojhgyl','$P$B44/TyYmnXjOJdO73TuruJcTuYKQ/g1','vtifvojhgyl','vtifvojhgyl@rrunua.xyz','','2021-01-19 20:44:00','',0,'vtifvojhgyl'),(25,'bbbbb.bbbbb-0733','$P$B5EDkWvgw5CaGprOglzfzO0Vzb1MOV/','bbbbb-bbbbb-0733','ysebjmtrduha@abbuzz.com','','2021-01-21 04:18:23','',0,'bbbbb.bbbbb-0733'),(26,'bbbbb.bbbbb-1838','$P$Bs53IFOlIeEeuv4CnBjpd9wMpsAcW01','bbbbb-bbbbb-1838','fhgqpxoqmfdj@abbuzz.com','','2021-02-20 16:12:13','',0,'bbbbb.bbbbb-1838'),(27,'ajoo0209','$P$B.QMfkEBg.C1a1B.XjRvR9Purp/EHY1','ajoo0209','ajoo0209@gmail.com','','2021-03-28 15:59:05','',0,'ajoo0209'),(28,'donatellagranata','$P$BTZgpnaAgJuY6Kfycms8EN.hJNiw461','donatellagranata','donatellagranata@icloud.com','','2021-04-14 00:45:13','',0,'donatellagranata'),(29,'cookietomato','$P$BswYCmq05hRjSfKO6bsAxjisbBB2Da1','cookietomato','cookietomato@hotmail.com','','2021-04-19 16:54:11','',0,'cookietomato'),(30,'arthurmax','$P$BU9XIHGZkFZ6Lbga8Q0c8T7WB.Tn2X0','arthurmax','customerservice@europeanoutlet.com','','2021-04-20 19:47:26','1618948046:$P$BXKchAfD08YDxA8Ll2rT/rrSnU94GF0',0,'arthurmax'),(31,'jinxiulin','$P$Bkcn4jDNg5XObCt5DconXsOputlAwL1','jinxiulin','jinxiulin@yahoo.com','','2021-04-23 10:19:58','',0,'jinxiulin'),(32,'tuan.tran ngoc','$P$Br2nEOx4mqKAb.tx8Fg9.y0cn7vf4t0','tuan-tran-ngoc','tuanmarie@gmail.com','','2021-05-25 13:51:13','',0,'Tuan Tran Ngoc'),(33,'duaa.jk','$P$BwHL5Pf1YO6aFfZhrnLewP8W3fpLHK/','duaa-jk','duaa.jk@hotmail.com','','2021-06-02 00:57:16','',0,'duaa.jk'),(34,'tikhonoffff','$P$B1uSrlnipHEi14QYG6IlkrLdwqmRk80','tikhonoffff','tikhonoffff@gmail.com','','2021-06-11 20:27:27','',0,'vladtikhonov'),(35,'vugar.maharramov','$P$B2KkJqecV.RX2sGIf3/zkeMWVkC3n70','vugar-maharramov','vugosh@gmail.com','','2021-06-16 12:11:23','',0,'Vugar Maharramov'),(36,'fionahky','$P$BhHWpaasjpLpNlk3Hh5.B/fzPg3GfL/','fionahky','fionahky@yahoo.com.hk','','2021-08-07 18:09:38','',0,'F Ho'),(37,'maryanne.martabano','$P$BCuSFFzT5WLmOeWXaPbz2aOwT.lMTE/','maryanne-martabano','mamartabano@gmail.com','','2021-08-15 13:18:50','1629751555:$P$BowyKpGjPur7Myqq0U.p7Ud2sZTZoM/',0,'Maryanne Martabano'),(38,'albertosburn89','$P$BNUdPoTxqPj4gtOslUmHKFzpD7ENSt0','albertosburn89','albertosburn89@rose.westrb.com','','2021-09-12 10:28:58','',0,'albertosburn89'),(39,'krylla.rosa','$P$Bhc8P8cVZyz72kxzvM59NLFiLtE8Fo0','krylla-rosa','krylla.rosa@hotmail.com','','2021-09-13 01:49:33','',0,'krylla.rosa'),(40,'keylla.rosa','$P$BAR.ezxP5Pt3ZcTTaZDj7/wYeiiudr.','keylla-rosa','keylla.rosa@hotmail.com','','2021-09-13 01:50:47','',0,'keylla.rosa'),(41,'untirolbdjn','$P$BQ5258mewN1yPL/zQLK/EeUSE3E9Wi/','untirolbdjn','untirolbdjn@cesius.buzz','','2021-09-14 10:52:06','',0,'untirolbdjn'),(42,'ngttjgdzivv','$P$BpkWeD0wwGorSsRjlfEcSz6guCnF4g1','ngttjgdzivv','ngttjgdzivv@dagdanaya.biz','','2021-09-15 22:30:11','',0,'ngttjgdzivv'),(43,'xkcjrrppsht','$P$B/lJVSdNADbugn4lfrsk2/zrFZChgq0','xkcjrrppsht','xkcjrrppsht@cererdana.co','','2021-09-26 09:19:26','',0,'xkcjrrppsht'),(44,'jvfycxzzxrh','$P$B6/uSxYiTnfV4655Bk5cPUuMJVPEQn1','jvfycxzzxrh','jvfycxzzxrh@centrikus.buzz','','2021-09-26 18:18:24','',0,'jvfycxzzxrh'),(45,'dxpeizishnv','$P$BZh45y9r5K6ZreooKWbhID03.rejzZ.','dxpeizishnv','dxpeizishnv@axeredeemer.club','','2021-11-08 07:33:45','',0,'dxpeizishnv'),(46,'rlrsgugjkmk','$P$Boo8eha38wcJbbmOMEg7eqbkCQ/WgW.','rlrsgugjkmk','rlrsgugjkmk@badred.pw','','2021-12-01 13:05:19','',0,'rlrsgugjkmk'),(47,'sduskhzjjct','$P$BUH3SChdzFXmAx8Fbf92IC2rHH/Cxk/','sduskhzjjct','sduskhzjjct@badwyn.biz','','2021-12-01 22:20:27','',0,'sduskhzjjct'),(48,'xbvgakbztfv','$P$BS0qA83KXiI7.JzwviylEudmZBtnZg1','xbvgakbztfv','xbvgakbztfv@xzuqee.xyz','','2021-12-12 20:04:57','',0,'xbvgakbztfv'),(49,'bkobyjucald','$P$Bsk.HuW2pqe2FLpYDtGXwWgAzOYEfs0','bkobyjucald','bkobyjucald@tfecay.xyz','','2021-12-24 22:18:42','1640384323:$P$BsWf9Y9YTkDIBGGRkKCoEtscHQGYdD/',0,'bkobyjucald'),(50,'franco.basilecd','$P$B9SGhDZltD/n7ox2J8FgXTMRwxzHCq/','franco-basilecd','franco.basilecd@gmail.com','','2021-12-27 19:23:11','',0,'franco.basilecd'),(51,'npdrhafxzfp','$P$B4cYhLsxvxurxZkivVeetQbCrYxd3Y.','npdrhafxzfp','npdrhafxzfp@porno-777.xyz','','2022-01-06 02:44:54','1641437094:$P$Bj1ZIixx9gziBEuLpnT8TJ1mYTvHLJ/',0,'npdrhafxzfp'),(52,'jlvpxltzbnx','$P$B930XpevmdUMoDRCgnCCCa7Zdrd7.q0','jlvpxltzbnx','jlvpxltzbnx@network-site.xyz','','2022-01-16 13:55:36','1642341336:$P$BHxy1vqW11PPYisYhV0egj6eNlAhdl0',0,'jlvpxltzbnx'),(53,'gabriellefidel','$P$Ba5yp6oLPXwm4.T3rfANW670Csc4Me/','gabriellefidel','gabriellefidel@partcafe.com','','2022-01-27 11:48:25','1643284105:$P$BLxdcTgkWI8j.cZnFDwfOYC.u32ydP0',0,'gabriellefidel'),(54,'bbbbb.bbbbb-3370','$P$Bh8jViDbHUhsSDPAjEeuS4nsoyrdhY.','bbbbb-bbbbb-3370','akpooffxjsd@mail.com','','2022-01-27 22:35:05','1643322906:$P$B5Sk1Z1wh5E2mx3t4.rViIQFMvozOX/',0,'bbbbb.bbbbb-3370'),(55,'quyendane','$P$BEn0gZtKQRJPq/CfDz77AoxKSA80T40','quyendane','quyendane@partcafe.com','','2022-01-28 19:01:36','1643396496:$P$BzScmI312SGgtVdFUaoeEKTIfOQYJA0',0,'quyendane'),(56,'tanjadethridge','$P$BrqqaexBHzrsvZ6N//dH/kzBSLO0nF0','tanjadethridge','tanjadethridge@mvrw.consored.com','','2022-01-29 01:20:39','1643419239:$P$BLJ3WNEeLrrpznI8oxVijm.VFWkD7u/',0,'tanjadethridge'),(57,'bbbbb.bbbbb-2781','$P$BqDT2y5gD40/nWz7Z9d/eV8lKdCrOQ.','bbbbb-bbbbb-2781','aabludyysqa@mail.com','','2022-02-01 00:17:42','1643674662:$P$B/modT7m/6Dgoo.xXa49D1xrTIYSNc1',0,'bbbbb bbbbb'),(58,'charadewitt','$P$BCuoqiiIdkUpMhI7GKcZ6DD1s3yrnz0','charadewitt','charadewitt@partcafe.com','','2022-02-05 17:29:54','1644082194:$P$B/JXDuNOmkizP40utb6fxLp9RHqMHs1',0,'charadewitt'),(59,'erickmaggie','$P$B4oCebIlhc/S2uglFkhPWdzSyHYoOO.','erickmaggie','erickmaggie@chiefdan.com','','2022-02-06 06:11:44','1644127905:$P$BfeSMDQul2BdJ33qo.Mz4CifqIpsLL0',0,'erickmaggie'),(60,'earthaewan','$P$BeKfcjy2zrAGhIddwMiloCOzGX5TfM1','earthaewan','earthaewan@petsplit.com','','2022-02-06 23:18:32','1644189512:$P$BzwRDOC8EYXtMM2ltjIxPe9YWasrBr0',0,'earthaewan'),(61,'alyceyetta','$P$BsT4/XcliV8nuZ.VD4rIUdyHG4UP5U0','alyceyetta','alyceyetta@melverly.com','','2022-02-07 09:22:32','1644225752:$P$BmhC2YdmVYXjms3pFsuP49u42YiE8D.',0,'alyceyetta'),(62,'kelleyoren','$P$BfY.hBeSifdXjQSEK62GxuocKlfmQc0','kelleyoren','kelleyoren@melverly.com','','2022-02-08 04:59:40','1644296380:$P$BXMPv3YfEzl13KfbL6ZVvRRt2rhizY0',0,'kelleyoren'),(63,'richmillie','$P$Bn3iJ.4UmxC.4Sn/veHGEGL.pizDsU/','richmillie','richmillie@melverly.com','','2022-02-08 20:39:50','1644352790:$P$BfGikjqsVg6iS59rYzBEv9ZYER2UYc.',0,'richmillie'),(64,'leandrafabian','$P$Bz6R1yupyrlkNO.yTK2CLaUg0VqPbW/','leandrafabian','leandrafabian@kogobee.com','','2022-02-10 18:18:20','1644517100:$P$B.Q6gnYIKtbG41tEXFq61InAWKBkJp/',0,'leandrafabian'),(65,'marcellawinston','$P$BRrsUJvgLVFXKgkIaZ8bbknB/AHjuz1','marcellawinston','marcellawinston@melverly.com','','2022-02-22 11:32:44','1645529564:$P$BwU0Esw.fUzbEzZj1W8uOHB438CmtA1',0,'marcellawinston'),(66,'leoraherrick1422','$P$BSxhV9gIAECj1dHoej7GrNe0k56cHS.','leoraherrick1422','leoraherrick1422@1secmail.org','','2022-03-09 09:25:21','1646817921:$P$BVw1MC818sFgXANvscq4bodfAZVklc/',0,'leoraherrick1422'),(67,'02wooyeon','$P$B.nzsy/KSz/yfeRkdab0kIegOTMSzt0','02wooyeon','02wooyeon@gmail.com','','2022-03-11 12:24:48','1647001489:$P$Btk/pi2mnLWe4tCRSxn6as6mS9Uyi6.',0,'02wooyeon'),(68,'mary.delaney','$P$B.vmtuQUsTV84kuDOQCjubvaHTPH.u0','mary-delaney','mdelaneyus@gmail.com','','2022-03-13 02:27:25','1650606876:$P$BDgtoJCHmHrtTFcP7vZfWpyMoU4Pxs0',0,'Mary Delaney'),(69,'gadashovag','$P$BndaY85RrzEH2eU3qZxzgCpnOSaZY0/','gadashovag','gadashovag@gmail.com','','2022-03-23 17:24:57','1648056297:$P$BBd7mpc7RmxhT9QKjlj9H9Jz.v55sJ1',0,'gadashovag'),(70,'lakeishaleesa','$P$BUFpfj5NHzObQ4CGQtcSx2nHgi7Inj0','lakeishaleesa','lakeishaleesa@partcafe.com','','2022-03-27 04:01:25','1648353685:$P$Bn3Un231Oy1nfSFlYiffc6yQ8BJUNZ/',0,'lakeishaleesa'),(71,'stephaniawilla','$P$Bz9L9VDDf0grWa6at4Jo.cNrjWsQ041','stephaniawilla','stephaniawilla@nestmoon.com','','2022-04-17 19:06:51','1650222411:$P$BtTjRC9zE.ea1vhbsfxOnW/R0MX/IN.',0,'stephaniawilla'),(72,'emil.caiko','$P$B1kdkb3S5RsiaiUJTFgN7.qN501TOk/','emil-caiko','emil.caiko@gmail.com','','2022-04-28 22:32:17','1651185137:$P$BMqEvCnDYWoZWRr2oILluaPCSTKsVQ.',0,'emil.caiko'),(73,'maddisonterence','$P$B8QHVNhkhS7bg3BABjobOFDlrmyKoL/','maddisonterence','maddisonterence@chiefdan.com','','2022-05-09 18:52:43','1652122363:$P$BC8j1dtGee/wLKweMKXXjXrZprBU2y/',0,'maddisonterence'),(74,'natalie_newberry28','$P$BYmdoi146ZTmgCWUnszo8LROy/e/qe1','natalie_newberry28','natalie_newberry28@4serial.com','','2022-05-26 15:58:34','1653580714:$P$BGQmnO2h8xsU9cep5BbOLeVYVbkKiO.',0,'natalie_newberry28'),(75,'lauren.jackson','$P$BIw.OoxrOGHNaaDEb2/qG3.4QOyNYH.','lauren-jackson','lauren.noellej@hotmail.com','','2022-06-01 08:11:02','',0,'Lauren Jackson'),(76,'Support','$P$BXMCzf6MuOYWKJzYLOXIaXBc0awwuN0','Support','support@wordpress.org','','2020-06-14 00:00:00','',0,'Support'),(77,'veda-alfred15','$P$BKR73wcoSvpANCSr/DuIRmsGCk/TJW1','veda-alfred15','veda-alfred15@ax101-7.gemmasmith.co.uk','','2022-09-15 23:40:04','1663285205:$P$BkO1F6vvFP9Lfx.UumfeL8KJjXXdl80',0,'veda-alfred15'),(78,'annabellepuig13','$P$BrHKniH41j8IfAE/pRYhNTppwNncOI1','annabellepuig13','annabellepuig13@golf.bekkr.com','','2022-09-22 19:14:10','1663874051:$P$BPie20obJMRkSp6HdpDOYFcmATNbRQ0',0,'annabellepuig13'),(79,'mail2','$P$B4VuO1H4EXZrnrVQWn3rQby/Y2Ts.x1','mail2','mail2@maill3.xyz','','2022-10-04 06:33:59','',0,'mail2'),(80,'keithfleta','$P$BaMfn5UcUcTNG8m06JjHWuBRjYp3N4.','keithfleta','keithfleta@smilietoys.com','','2022-10-16 04:31:40','1665894702:$P$BMMjw01e19nrsp6eQJ.GkXfDhL2Otb1',0,'keithfleta'),(81,'chandajack','$P$B1kqA2T8wkbYKH.MxpKo36JqZRcrQv0','chandajack','chandajack@dasemana.com','','2022-10-23 18:21:19','1666549279:$P$BSyr9xA9jcQGdZkI5Q5SJ/YWICz2cD1',0,'chandajack'),(82,'marisamara','$P$BJl.ayVfYzyGMI2yr.9R98s0w0taMI0','marisamara','marisamara@econgate.com','','2022-10-24 07:59:05','1666598345:$P$BIAvwQrSbyk.9Lx3yntu54ha3NkgGE0',0,'marisamara'),(83,'rbarmecha','$P$BM9E.CbHIT23vQGWqCHU1LArCW6lH70','rbarmecha','rbarmecha@hotmail.com','','2022-10-28 23:11:10','',0,'rbarmecha'),(84,'nanniejoanna','$P$BC8x1yUE10s1ke2pqFSVwucAJ68odA.','nanniejoanna','nanniejoanna@savedaday.com','','2022-11-11 19:53:50','1668196431:$P$BgboEhBYj/b5um8ADsb7GYfT5y7mGa0',0,'nanniejoanna'),(85,'keishacaroline','$P$B.ksl3DjoPJluB7cqBkWwIxq9XRrkS1','keishacaroline','keishacaroline@dasemana.com','','2022-11-11 21:19:53','1668201593:$P$BNp1w9A9./U8Atzp3tsAAsLr2womXB0',0,'keishacaroline'),(86,'ivanovamargarita','$P$BPyLQfbKxV3FaNUqTsLTAi9Vm9a9iW.','ivanovamargarita','ivanovamargarita@hotmail.com','','2022-11-12 20:28:33','',0,'ivanovamargarita'),(87,'mistykarry','$P$B/ztPES5a/U3k2xwUIUU9za8R0x.G10','mistykarry','mistykarry@smilietoys.com','','2022-11-23 09:47:28','1669196849:$P$ByUqV.wc0lhkhEEQLWqjUfZYxtznTv.',0,'mistykarry'),(88,'larhondagraig','$P$B5lN9okgN8IO0F02vvbi/L3V.pcqHm1','larhondagraig','larhondagraig@quelbroker.com','','2022-11-28 17:43:42','1669657423:$P$BAqZui7jJKz6a8yv2km/U5VmBWT.KW.',0,'larhondagraig'),(89,'ellareynaldo','$P$BRXfNCwsaoNMIyFh1tYkGMObCYQhFx0','ellareynaldo','ellareynaldo@quelbroker.com','','2022-12-20 21:14:34','1671570874:$P$BiddXRcYi7.eAeBApCkQjISWDcWpyy.',0,'ellareynaldo'),(90,'gabrielladianna','$P$BTBnsvvwYAX29soOAc6nD0fVqC0e7j1','gabrielladianna','gabrielladianna@quelbroker.com','','2022-12-21 10:21:41','1671618102:$P$BlGW3tqbPNVIdKLYoQXzavhfP7gptY/',0,'gabrielladianna'),(91,'sherrilela','$P$BzPkjR.dEpPfEyRdA05V6o31XJOMGe.','sherrilela','sherrilela@econgate.com','','2023-01-03 19:02:46','1672772566:$P$Bn2rHKyb4L7oQqF14QlcsAEa67hlMp1',0,'sherrilela'),(92,'doloresflynn','$P$BdXWgT53LgeeHzclwYLlwmxzfbpvoa0','doloresflynn','doloresflynn@dasemana.com','','2023-01-04 16:48:54','1672850935:$P$BNkvW6g4YUOSD7ZsSke3xvj8eAzQtS/',0,'doloresflynn'),(93,'jett.jardine','$P$BCfUDHmLH18Vvmmtw38WbS6tl2B.k0/','jett-jardine','jett.jardine@clinicalstudent.shop','','2023-01-25 15:35:11','1674660912:$P$Bqravve/Jqms1UmE1275x8G9VSLXvi/',0,'jett.jardine'),(94,'kuusikmalle','$P$Bku0taOCRsJaLhe1ZQ2DTP2/mLj8Cw.','kuusikmalle','KUUSIKMALLE@GMAIL.COM','','2023-02-21 16:52:58','1676998379:$P$Bs0mxLu6ojPxreZ0oJ9UCupXXXDLbi0',0,'kuusikmalle'),(95,'aidan_mighell38','$P$B8BF7zoc4KE99vClVQLa5PXakrZ7ay/','aidan_mighell38','aidan_mighell38@yourmail.pro','','2023-03-07 07:09:31','1678172971:$P$BznFERm4TFPTB80IvMc1LckVLvhHGS/',0,'aidan_mighell38'),(96,'kandis-pogue','$P$BCOFZEtkuYXMIukhfzefXJcexQ1OJY.','kandis-pogue','kandis-pogue@gsamail.shop','','2023-03-09 00:57:05','1678323425:$P$BkqGzAXPKLA6eieUTmXQa0yob.TeWn0',0,'kandis-pogue'),(97,'a.n.t.onios.u.pe.rspor.tk.u.c.h.a.a.205','$P$BOC8nXdRPX80ZwZL4pxze98kmpvJ5l.','a-n-t-onios-u-pe-rspor-tk-u-c-h-a-a-205','a.n.t.onios.u.pe.rspor.tk.u.c.h.a.a.205@gmail.com','','2023-03-10 04:24:35','1678422275:$P$BOwJ1GM51qm5hArPV2raSNzRaT4zHB/',0,'a.n.t.onios.u.pe.rspor.tk.u.c.h.a.a.205'),(98,'opal-rhoades51','$P$BLzeRzq4GMgxbQmQgUaOvFIeC8dnvq/','opal-rhoades51','opal-rhoades51@gsamail.wiki','','2023-03-12 03:29:13','1678591753:$P$BTIgE.wkFelP/JIVsGiYiZOkXI9ZmM.',0,'opal-rhoades51'),(99,'concepcion_atherton','$P$BMszO9ooT0qApu.ACEO6H3276bII8u/','concepcion_atherton','concepcion_atherton@yourmail.pro','','2023-03-12 13:56:57','1678629417:$P$BWNBmlwd3dhgnz2bZx2EMVT1B0Ne3k1',0,'concepcion_atherton'),(100,'ctbvxmddi','$P$BMYmig2/LHKJCma7BOh.wHTWhj36h6.','ctbvxmddi','ctbvxmddi@acvemellikes.online','','2023-03-14 17:42:31','1678815751:$P$BsTRjEVQXABtmrIjNRsOv3MwHcfPNW/',0,'ctbvxmddi'),(101,'groverlauterbach','$P$BnOgluHgsO8apw8llsGtadfX3DPztY.','groverlauterbach','groverlauterbach@pw.epac.to','','2023-03-15 23:21:59','1678922519:$P$BXd7.iOhMhZlapHsWO0BAuVlG601dQ0',0,'groverlauterbach'),(102,'moshe.mcness31','$P$BwISJJtgJnWaXew11hrxG7HQOxTrjR.','moshe-mcness31','moshe.mcness31@yourmail.pro','','2023-03-16 14:52:44','1678978364:$P$BvCVOZtG7MpZqaPQtmGEM9BJVzB06n.',0,'moshe.mcness31'),(103,'kathlenedong','$P$BoDsZDRAKlqopkyq6zaWexYmopDCgJ0','kathlenedong','kathlenedong@savedaday.com','','2023-03-17 09:55:05','1679046905:$P$BWdJw6xg86lcsIbNnGZaYiVNPHLM2P0',0,'kathlenedong'),(104,'indiralester','$P$B4OcSweUMKiLQwmjkLRgST5EpCLUFG.','indiralester','indiralester@dcctb.com','','2023-03-19 22:42:26','1679265746:$P$BPtqvBi/b0T5AM.WfzC9eW.V0HXbom1',0,'indiralester'),(105,'modesta_lockett47','$P$BY5vQI82AYUOTyDIXAbKjHFf4lGCV.1','modesta_lockett47','modesta_lockett47@ait-light.com','','2023-04-29 10:58:20','1682765900:$P$BY2Ih2Z.lr2HZnwKEEsayv4TyKZHGw/',0,'modesta_lockett47'),(106,'drlitzyarmstrong985','$P$BOojiyt20O.jE5mvSGh8U/mB.iaZ7o1','drlitzyarmstrong985','drlitzyarmstrong985@mailbab.com','','2023-05-22 00:38:53','1684715933:$P$BoG6GX.sHWTMxCIDcc..BCbs10N5GP0',0,'drlitzyarmstrong985'),(107,'rosalia.bahringer','$P$BLqqOLMMkjecnYE/mUaVzp.kTF2HQU0','rosalia-bahringer','Rosalia.Bahringer@gmail.com','','2023-05-31 15:48:18','1685548099:$P$BpuxsBtgbnsWaosrCn0qMb5aQHPdXv/',0,'rosalia.bahringer'),(108,'profemelydibbert1030','$P$BdYGqNFxBqGQB7EyinOJk6pi.Iw14J1','profemelydibbert1030','profemelydibbert1030@mailbab.com','','2023-06-08 07:21:40','1686208900:$P$BoccEc3ounuuUzBCuHy1A5Yj4rXUPs/',0,'profemelydibbert1030'),(109,'eleanorejayson','$P$BMvZcjuEwqNiKRS9Jq7ERefKQbSckw.','eleanorejayson','eleanorejayson@quelbroker.com','','2023-06-09 23:29:29','1686353369:$P$BPLef73DRm09pMGIdzX2ZeyTCOszZT.',0,'eleanorejayson'),(110,'erickotto','$P$BjvQ7qVCyazvIaasV.G7puCHsDHqFq1','erickotto','erickotto@econgate.com','','2023-06-11 01:10:05','1686445806:$P$BF/3qnodE8J7pQ1PC1E9itUqq9p0AN0',0,'erickotto'),(111,'bebeweller','$P$BGRgt80mFMqGxU6rnn4nUjvuaGpZai0','bebeweller','bebeweller@1secmail.org','','2023-06-19 15:30:19','1687188619:$P$BHz5Vf6KNBk2Sxd7hue7Ly2fT4WLgN.',0,'bebeweller'),(112,'david.angel','$P$BH/bb5QSzCaThxuRQ31aRpYJsP8DjQ/','david-angel','davidangel133@outlook.com','','2023-07-03 10:38:56','1688380736:$P$BAai2Vql3r8IdFp4JJS/c89OorCjPJ0',0,'David Angel');

--
-- Table structure for table `wp_uspswebservice_shipments`
--

CREATE TABLE `wp_uspswebservice_shipments` (
  `id` bigint(20) unsigned NOT NULL AUTO_INCREMENT,
  `order_id` bigint(20) unsigned NOT NULL,
  `list_id` bigint(20) DEFAULT NULL,
  `package_index` int(11) DEFAULT NULL,
  `package` longtext COLLATE utf8mb4_unicode_520_ci,
  `shipment` longtext COLLATE utf8mb4_unicode_520_ci,
  `rates` text COLLATE utf8mb4_unicode_520_ci,
  `service_code` varchar(50) COLLATE utf8mb4_unicode_520_ci DEFAULT NULL,
  `service` varchar(100) COLLATE utf8mb4_unicode_520_ci DEFAULT NULL,
  `origin_postalcode` varchar(50) COLLATE utf8mb4_unicode_520_ci DEFAULT NULL,
  `sender_address_index` int(11) unsigned DEFAULT NULL,
  `sender_address` varchar(1500) COLLATE utf8mb4_unicode_520_ci DEFAULT NULL,
  `destination_country` varchar(500) COLLATE utf8mb4_unicode_520_ci DEFAULT NULL,
  `destination_postalcode` varchar(50) COLLATE utf8mb4_unicode_520_ci DEFAULT NULL,
  `dateupdated` datetime NOT NULL DEFAULT CURRENT_TIMESTAMP,
  PRIMARY KEY (`id`),
  KEY `order_id` (`order_id`,`package_index`),
  KEY `list_id` (`list_id`)
) ENGINE=MyISAM AUTO_INCREMENT=18 DEFAULT CHARSET=utf8mb4 COLLATE=utf8mb4_unicode_520_ci;

--
-- Dumping data for table `wp_uspswebservice_shipments`
--

INSERT INTO `wp_uspswebservice_shipments` VALUES (2,17371,NULL,0,'{\"length\":19.9999600000000015143086784519255161285400390625,\"width\":19.9999600000000015143086784519255161285400390625,\"height\":9.99998000000000075715433922596275806427001953125,\"weight\":0.499860000000000026521007612245739437639713287353515625,\"cubic\":3999.97600004800051465281285345554351806640625,\"box_weight\":\"\",\"box_margin\":\"0.0\",\"box_name\":\"Standard Box\",\"products\":[[{\"length\":19.9999600000000015143086784519255161285400390625,\"width\":19.9999600000000015143086784519255161285400390625,\"height\":9.99998000000000075715433922596275806427001953125,\"item_id\":17274,\"weight\":0.499860000000000026521007612245739437639713287353515625,\"cubic\":3999.97600004800051465281285345554351806640625,\"prepacked\":\"\",\"parent_id\":\"\",\"class\":0}]],\"actual_weight\":0.499860000000000026521007612245739437639713287353515625,\"rate\":[{\"service_code\":\"USPS.I.PM.1\",\"service\":\"Priority Mail Express International\",\"price\":81.4469999999999885176293901167809963226318359375,\"next_day\":false,\"expected_delivery\":\"2021-07-04\",\"guaranteed\":false},{\"service_code\":\"USPS.I.PM.2\",\"service\":\"Priority Mail International\",\"price\":64.5150000000000005684341886080801486968994140625,\"next_day\":false,\"expected_delivery\":\"2021-06-30\",\"guaranteed\":false},{\"service_code\":\"USPS.I.PF.9\",\"service\":\"Priority Mail International Medium Flat Rate Box\",\"price\":86.7000000000000028421709430404007434844970703125,\"next_day\":false,\"expected_delivery\":\"2021-06-30\",\"guaranteed\":false},{\"service_code\":\"USPS.I.PF.9\",\"service\":\"Priority Mail International Medium Flat Rate Box\",\"price\":85,\"next_day\":false,\"expected_delivery\":\"2021-06-30\",\"guaranteed\":false}]}',NULL,'[{\"service_code\":\"USPS.I.PM.1\",\"service\":\"Priority Mail Express International\",\"price\":81.4469999999999885176293901167809963226318359375,\"next_day\":false,\"expected_delivery\":\"2021-07-04\",\"guaranteed\":false},{\"service_code\":\"USPS.I.PM.2\",\"service\":\"Priority Mail International\",\"price\":64.5150000000000005684341886080801486968994140625,\"next_day\":false,\"expected_delivery\":\"2021-06-30\",\"guaranteed\":false},{\"service_code\":\"USPS.I.PF.9\",\"service\":\"Priority Mail International Medium Flat Rate Box\",\"price\":86.7000000000000028421709430404007434844970703125,\"next_day\":false,\"expected_delivery\":\"2021-06-30\",\"guaranteed\":false},{\"service_code\":\"USPS.I.PF.9\",\"service\":\"Priority Mail International Medium Flat Rate Box\",\"price\":85,\"next_day\":false,\"expected_delivery\":\"2021-06-30\",\"guaranteed\":false}]','USPS.I.PM.2','Priority Mail International','33020',0,'','AL','1001','2021-06-26 03:03:30'),(3,17372,NULL,0,'{\"length\":19.9999600000000015143086784519255161285400390625,\"width\":19.9999600000000015143086784519255161285400390625,\"height\":9.99998000000000075715433922596275806427001953125,\"weight\":0.499860000000000026521007612245739437639713287353515625,\"cubic\":3999.97600004800051465281285345554351806640625,\"box_weight\":\"\",\"box_margin\":\"0.0\",\"box_name\":\"Standard Box\",\"products\":[[{\"length\":19.9999600000000015143086784519255161285400390625,\"width\":19.9999600000000015143086784519255161285400390625,\"height\":9.99998000000000075715433922596275806427001953125,\"item_id\":17309,\"weight\":0.499860000000000026521007612245739437639713287353515625,\"cubic\":3999.97600004800051465281285345554351806640625,\"prepacked\":\"\",\"parent_id\":\"\",\"class\":0}]],\"actual_weight\":0.499860000000000026521007612245739437639713287353515625,\"rate\":[{\"service_code\":\"USPS.I.PM.1\",\"service\":\"Priority Mail Express International\",\"price\":81.4469999999999885176293901167809963226318359375,\"next_day\":false,\"expected_delivery\":\"2021-07-04\",\"guaranteed\":false},{\"service_code\":\"USPS.I.PM.2\",\"service\":\"Priority Mail International\",\"price\":64.5150000000000005684341886080801486968994140625,\"next_day\":false,\"expected_delivery\":\"2021-06-30\",\"guaranteed\":false},{\"service_code\":\"USPS.I.PF.9\",\"service\":\"Priority Mail International Medium Flat Rate Box\",\"price\":86.7000000000000028421709430404007434844970703125,\"next_day\":false,\"expected_delivery\":\"2021-06-30\",\"guaranteed\":false},{\"service_code\":\"USPS.I.PF.9\",\"service\":\"Priority Mail International Medium Flat Rate Box\",\"price\":85,\"next_day\":false,\"expected_delivery\":\"2021-06-30\",\"guaranteed\":false}]}',NULL,'[{\"service_code\":\"USPS.I.PM.1\",\"service\":\"Priority Mail Express International\",\"price\":81.4469999999999885176293901167809963226318359375,\"next_day\":false,\"expected_delivery\":\"2021-07-04\",\"guaranteed\":false},{\"service_code\":\"USPS.I.PM.2\",\"service\":\"Priority Mail International\",\"price\":64.5150000000000005684341886080801486968994140625,\"next_day\":false,\"expected_delivery\":\"2021-06-30\",\"guaranteed\":false},{\"service_code\":\"USPS.I.PF.9\",\"service\":\"Priority Mail International Medium Flat Rate Box\",\"price\":86.7000000000000028421709430404007434844970703125,\"next_day\":false,\"expected_delivery\":\"2021-06-30\",\"guaranteed\":false},{\"service_code\":\"USPS.I.PF.9\",\"service\":\"Priority Mail International Medium Flat Rate Box\",\"price\":85,\"next_day\":false,\"expected_delivery\":\"2021-06-30\",\"guaranteed\":false}]','USPS.I.PM.2','Priority Mail International','33020',0,'','AL','10001','2021-06-26 03:35:03'),(5,17408,NULL,0,'{\"length\":29.999939999999998718749338877387344837188720703125,\"width\":29.999939999999998718749338877387344837188720703125,\"height\":19.9999600000000015143086784519255161285400390625,\"weight\":0.99972000000000005304201522449147887527942657470703125,\"cubic\":17999.89200021599754109047353267669677734375,\"box_weight\":\"\",\"box_margin\":\"0.0\",\"box_name\":\"Large Box\",\"products\":[[{\"length\":19.9999600000000015143086784519255161285400390625,\"width\":19.9999600000000015143086784519255161285400390625,\"height\":9.99998000000000075715433922596275806427001953125,\"item_id\":17395,\"weight\":0.499860000000000026521007612245739437639713287353515625,\"cubic\":3999.97600004800051465281285345554351806640625,\"prepacked\":\"\",\"parent_id\":\"\",\"class\":0}],[{\"length\":19.9999600000000015143086784519255161285400390625,\"width\":19.9999600000000015143086784519255161285400390625,\"height\":9.99998000000000075715433922596275806427001953125,\"item_id\":17395,\"weight\":0.499860000000000026521007612245739437639713287353515625,\"cubic\":3999.97600004800051465281285345554351806640625,\"prepacked\":\"\",\"parent_id\":\"\",\"class\":0}]],\"actual_weight\":0.99972000000000005304201522449147887527942657470703125,\"rate\":[{\"service_code\":\"USPS.D.PM.3\",\"service\":\"Priority Mail Express\",\"price\":27.550000000000000710542735760100185871124267578125,\"next_day\":true,\"expected_delivery\":\"2021-08-19\",\"guaranteed\":true},{\"service_code\":\"USPS.D.PM.1\",\"service\":\"Priority Mail\",\"price\":9.050000000000000710542735760100185871124267578125,\"next_day\":true,\"expected_delivery\":\"2021-08-19\",\"guaranteed\":false}]}',NULL,'[{\"service_code\":\"USPS.D.PM.3\",\"service\":\"Priority Mail Express\",\"price\":27.550000000000000710542735760100185871124267578125,\"next_day\":true,\"expected_delivery\":\"2021-08-19\",\"guaranteed\":true},{\"service_code\":\"USPS.D.PM.1\",\"service\":\"Priority Mail\",\"price\":9.050000000000000710542735760100185871124267578125,\"next_day\":true,\"expected_delivery\":\"2021-08-19\",\"guaranteed\":false}]','USPS.D.PM.1','Priority Mail','33020',0,'','US','33498','2021-08-15 07:26:57'),(6,17408,NULL,1,'{\"length\":19.9999600000000015143086784519255161285400390625,\"width\":19.9999600000000015143086784519255161285400390625,\"height\":9.99998000000000075715433922596275806427001953125,\"weight\":0.499860000000000026521007612245739437639713287353515625,\"cubic\":3999.97600004800051465281285345554351806640625,\"box_weight\":\"\",\"box_margin\":\"0.0\",\"box_name\":\"Standard Box\",\"products\":[[{\"length\":19.9999600000000015143086784519255161285400390625,\"width\":19.9999600000000015143086784519255161285400390625,\"height\":9.99998000000000075715433922596275806427001953125,\"item_id\":17395,\"weight\":0.499860000000000026521007612245739437639713287353515625,\"cubic\":3999.97600004800051465281285345554351806640625,\"prepacked\":\"\",\"parent_id\":\"\",\"class\":0}]],\"actual_weight\":0.499860000000000026521007612245739437639713287353515625,\"rate\":[{\"service_code\":\"USPS.D.PM.3\",\"service\":\"Priority Mail Express\",\"price\":27.14999999999999857891452847979962825775146484375,\"next_day\":true,\"expected_delivery\":\"2021-08-19\",\"guaranteed\":true},{\"service_code\":\"USPS.D.PM.1\",\"service\":\"Priority Mail\",\"price\":8.550000000000000710542735760100185871124267578125,\"next_day\":true,\"expected_delivery\":\"2021-08-19\",\"guaranteed\":false},{\"service_code\":\"USPS.D.PF.17\",\"service\":\"Priority Mail Medium Flat Rate Box\",\"price\":15.5,\"next_day\":true,\"expected_delivery\":\"2021-08-19\",\"guaranteed\":false}]}',NULL,'[{\"service_code\":\"USPS.D.PM.3\",\"service\":\"Priority Mail Express\",\"price\":27.14999999999999857891452847979962825775146484375,\"next_day\":true,\"expected_delivery\":\"2021-08-19\",\"guaranteed\":true},{\"service_code\":\"USPS.D.PM.1\",\"service\":\"Priority Mail\",\"price\":8.550000000000000710542735760100185871124267578125,\"next_day\":true,\"expected_delivery\":\"2021-08-19\",\"guaranteed\":false},{\"service_code\":\"USPS.D.PF.17\",\"service\":\"Priority Mail Medium Flat Rate Box\",\"price\":15.5,\"next_day\":true,\"expected_delivery\":\"2021-08-19\",\"guaranteed\":false}]','USPS.D.PM.1','Priority Mail','33020',0,'','US','33498','2021-08-15 07:26:57'),(7,17673,NULL,0,'{\"length\":19.9999600000000015143086784519255161285400390625,\"width\":19.9999600000000015143086784519255161285400390625,\"height\":9.99998000000000075715433922596275806427001953125,\"weight\":0.499860000000000026521007612245739437639713287353515625,\"cubic\":3999.97600004800051465281285345554351806640625,\"box_weight\":\"\",\"box_margin\":\"0.0\",\"box_name\":\"Standard Box\",\"products\":[[{\"length\":19.9999600000000015143086784519255161285400390625,\"width\":19.9999600000000015143086784519255161285400390625,\"height\":9.99998000000000075715433922596275806427001953125,\"item_id\":16904,\"weight\":0.499860000000000026521007612245739437639713287353515625,\"cubic\":3999.97600004800051465281285345554351806640625,\"prepacked\":\"\",\"parent_id\":\"\",\"class\":0}]],\"actual_weight\":0.499860000000000026521007612245739437639713287353515625,\"rate\":[{\"service_code\":\"USPS.I.PM.1\",\"service\":\"Priority Mail Express International\",\"price\":75.0719999999999885176293901167809963226318359375,\"next_day\":false,\"expected_delivery\":\"2022-01-28\",\"guaranteed\":false},{\"service_code\":\"USPS.I.PM.2\",\"service\":\"Priority Mail International\",\"price\":61.760999999999995679900166578590869903564453125,\"next_day\":false,\"expected_delivery\":\"2022-01-24\",\"guaranteed\":false},{\"service_code\":\"USPS.I.PF.9\",\"service\":\"Priority Mail International Medium Flat Rate Box\",\"price\":86.2409999999999996589394868351519107818603515625,\"next_day\":false,\"expected_delivery\":\"2022-01-24\",\"guaranteed\":false},{\"service_code\":\"USPS.I.PF.9\",\"service\":\"Priority Mail International Medium Flat Rate Box\",\"price\":84.5499999999999971578290569595992565155029296875,\"next_day\":false,\"expected_delivery\":\"2022-01-24\",\"guaranteed\":false}]}',NULL,'[{\"service_code\":\"USPS.I.PM.1\",\"service\":\"Priority Mail Express International\",\"price\":75.0719999999999885176293901167809963226318359375,\"next_day\":false,\"expected_delivery\":\"2022-01-28\",\"guaranteed\":false},{\"service_code\":\"USPS.I.PM.2\",\"service\":\"Priority Mail International\",\"price\":61.760999999999995679900166578590869903564453125,\"next_day\":false,\"expected_delivery\":\"2022-01-24\",\"guaranteed\":false},{\"service_code\":\"USPS.I.PF.9\",\"service\":\"Priority Mail International Medium Flat Rate Box\",\"price\":86.2409999999999996589394868351519107818603515625,\"next_day\":false,\"expected_delivery\":\"2022-01-24\",\"guaranteed\":false},{\"service_code\":\"USPS.I.PF.9\",\"service\":\"Priority Mail International Medium Flat Rate Box\",\"price\":84.5499999999999971578290569595992565155029296875,\"next_day\":false,\"expected_delivery\":\"2022-01-24\",\"guaranteed\":false}]','USPS.I.PM.2','Priority Mail International','33020',0,'','KR','28124','2022-01-20 03:49:53'),(8,17675,NULL,0,'{\"length\":19.9999600000000015143086784519255161285400390625,\"width\":19.9999600000000015143086784519255161285400390625,\"height\":9.99998000000000075715433922596275806427001953125,\"weight\":0.499860000000000026521007612245739437639713287353515625,\"cubic\":3999.97600004800051465281285345554351806640625,\"box_weight\":\"\",\"box_margin\":\"0.0\",\"box_name\":\"Standard Box\",\"products\":[[{\"length\":19.9999600000000015143086784519255161285400390625,\"width\":19.9999600000000015143086784519255161285400390625,\"height\":9.99998000000000075715433922596275806427001953125,\"item_id\":17100,\"weight\":0.499860000000000026521007612245739437639713287353515625,\"cubic\":3999.97600004800051465281285345554351806640625,\"prepacked\":\"\",\"parent_id\":\"\",\"class\":0}]],\"actual_weight\":0.499860000000000026521007612245739437639713287353515625,\"rate\":[{\"service_code\":\"USPS.D.PM.3\",\"service\":\"Priority Mail Express\",\"price\":51.356999999999999317878973670303821563720703125,\"next_day\":true,\"expected_delivery\":\"2022-01-26\",\"guaranteed\":true},{\"service_code\":\"USPS.D.PM.1\",\"service\":\"Priority Mail\",\"price\":12.9030000000000004689582056016661226749420166015625,\"next_day\":true,\"expected_delivery\":\"2022-01-31\",\"guaranteed\":false},{\"service_code\":\"USPS.D.PF.17\",\"service\":\"Priority Mail Medium Flat Rate Box\",\"price\":16.422000000000000596855898038484156131744384765625,\"next_day\":true,\"expected_delivery\":\"2022-01-31\",\"guaranteed\":false}]}',NULL,'[{\"service_code\":\"USPS.D.PM.3\",\"service\":\"Priority Mail Express\",\"price\":51.356999999999999317878973670303821563720703125,\"next_day\":true,\"expected_delivery\":\"2022-01-26\",\"guaranteed\":true},{\"service_code\":\"USPS.D.PM.1\",\"service\":\"Priority Mail\",\"price\":12.9030000000000004689582056016661226749420166015625,\"next_day\":true,\"expected_delivery\":\"2022-01-31\",\"guaranteed\":false},{\"service_code\":\"USPS.D.PF.17\",\"service\":\"Priority Mail Medium Flat Rate Box\",\"price\":16.422000000000000596855898038484156131744384765625,\"next_day\":true,\"expected_delivery\":\"2022-01-31\",\"guaranteed\":false}]','USPS.D.PM.1','Priority Mail','33020',0,'','US','11577','2022-01-22 17:18:58'),(9,17694,NULL,0,'{\"length\":19.9999600000000015143086784519255161285400390625,\"width\":19.9999600000000015143086784519255161285400390625,\"height\":9.99998000000000075715433922596275806427001953125,\"weight\":0.499860000000000026521007612245739437639713287353515625,\"cubic\":3999.97600004800051465281285345554351806640625,\"box_weight\":\"\",\"box_margin\":\"0.0\",\"box_name\":\"Standard Box\",\"products\":[[{\"length\":19.9999600000000015143086784519255161285400390625,\"width\":19.9999600000000015143086784519255161285400390625,\"height\":9.99998000000000075715433922596275806427001953125,\"item_id\":17688,\"weight\":0.499860000000000026521007612245739437639713287353515625,\"cubic\":3999.97600004800051465281285345554351806640625,\"prepacked\":\"\",\"parent_id\":\"\",\"class\":0}]],\"actual_weight\":0.499860000000000026521007612245739437639713287353515625,\"rate\":[{\"service_code\":\"USPS.I.PM.1\",\"service\":\"Priority Mail Express International\",\"price\":80.019000000000005456968210637569427490234375,\"next_day\":false,\"expected_delivery\":\"2022-02-04\",\"guaranteed\":false},{\"service_code\":\"USPS.I.PM.2\",\"service\":\"Priority Mail International\",\"price\":67.72800000000000864019966684281826019287109375,\"next_day\":false,\"expected_delivery\":\"2022-01-31\",\"guaranteed\":false},{\"service_code\":\"USPS.I.PF.9\",\"service\":\"Priority Mail International Medium Flat Rate Box\",\"price\":88.638000000000005229594535194337368011474609375,\"next_day\":false,\"expected_delivery\":\"2022-01-31\",\"guaranteed\":false},{\"service_code\":\"USPS.I.PF.9\",\"service\":\"Priority Mail International Medium Flat Rate Box\",\"price\":86.900000000000005684341886080801486968994140625,\"next_day\":false,\"expected_delivery\":\"2022-01-31\",\"guaranteed\":false}]}',NULL,'[{\"service_code\":\"USPS.I.PM.1\",\"service\":\"Priority Mail Express International\",\"price\":80.019000000000005456968210637569427490234375,\"next_day\":false,\"expected_delivery\":\"2022-02-04\",\"guaranteed\":false},{\"service_code\":\"USPS.I.PM.2\",\"service\":\"Priority Mail International\",\"price\":67.72800000000000864019966684281826019287109375,\"next_day\":false,\"expected_delivery\":\"2022-01-31\",\"guaranteed\":false},{\"service_code\":\"USPS.I.PF.9\",\"service\":\"Priority Mail International Medium Flat Rate Box\",\"price\":88.638000000000005229594535194337368011474609375,\"next_day\":false,\"expected_delivery\":\"2022-01-31\",\"guaranteed\":false},{\"service_code\":\"USPS.I.PF.9\",\"service\":\"Priority Mail International Medium Flat Rate Box\",\"price\":86.900000000000005684341886080801486968994140625,\"next_day\":false,\"expected_delivery\":\"2022-01-31\",\"guaranteed\":false}]','USPS.I.PM.2','Priority Mail International','33020',0,'','GB','EX14 5HN','2022-01-27 15:35:07'),(10,17698,NULL,0,'{\"length\":19.9999600000000015143086784519255161285400390625,\"width\":19.9999600000000015143086784519255161285400390625,\"height\":9.99998000000000075715433922596275806427001953125,\"weight\":0.499860000000000026521007612245739437639713287353515625,\"cubic\":3999.97600004800051465281285345554351806640625,\"box_weight\":\"\",\"box_margin\":\"0.0\",\"box_name\":\"Standard Box\",\"products\":[[{\"length\":19.9999600000000015143086784519255161285400390625,\"width\":19.9999600000000015143086784519255161285400390625,\"height\":9.99998000000000075715433922596275806427001953125,\"item_id\":17688,\"weight\":0.499860000000000026521007612245739437639713287353515625,\"cubic\":3999.97600004800051465281285345554351806640625,\"prepacked\":\"\",\"parent_id\":\"\",\"class\":0}]],\"actual_weight\":0.499860000000000026521007612245739437639713287353515625,\"rate\":[{\"service_code\":\"USPS.I.PM.1\",\"service\":\"Priority Mail Express International\",\"price\":80.019000000000005456968210637569427490234375,\"next_day\":false,\"expected_delivery\":\"2022-02-08\",\"guaranteed\":false},{\"service_code\":\"USPS.I.PM.2\",\"service\":\"Priority Mail International\",\"price\":67.72800000000000864019966684281826019287109375,\"next_day\":false,\"expected_delivery\":\"2022-02-04\",\"guaranteed\":false},{\"service_code\":\"USPS.I.PF.9\",\"service\":\"Priority Mail International Medium Flat Rate Box\",\"price\":88.638000000000005229594535194337368011474609375,\"next_day\":false,\"expected_delivery\":\"2022-02-04\",\"guaranteed\":false},{\"service_code\":\"USPS.I.PF.9\",\"service\":\"Priority Mail International Medium Flat Rate Box\",\"price\":86.900000000000005684341886080801486968994140625,\"next_day\":false,\"expected_delivery\":\"2022-02-04\",\"guaranteed\":false}]}',NULL,'[{\"service_code\":\"USPS.I.PM.1\",\"service\":\"Priority Mail Express International\",\"price\":80.019000000000005456968210637569427490234375,\"next_day\":false,\"expected_delivery\":\"2022-02-08\",\"guaranteed\":false},{\"service_code\":\"USPS.I.PM.2\",\"service\":\"Priority Mail International\",\"price\":67.72800000000000864019966684281826019287109375,\"next_day\":false,\"expected_delivery\":\"2022-02-04\",\"guaranteed\":false},{\"service_code\":\"USPS.I.PF.9\",\"service\":\"Priority Mail International Medium Flat Rate Box\",\"price\":88.638000000000005229594535194337368011474609375,\"next_day\":false,\"expected_delivery\":\"2022-02-04\",\"guaranteed\":false},{\"service_code\":\"USPS.I.PF.9\",\"service\":\"Priority Mail International Medium Flat Rate Box\",\"price\":86.900000000000005684341886080801486968994140625,\"next_day\":false,\"expected_delivery\":\"2022-02-04\",\"guaranteed\":false}]','USPS.I.PM.2','Priority Mail International','33020',0,'','GB','EX14 5HN','2022-01-31 17:17:44'),(11,17704,NULL,0,'{\"length\":19.9999600000000015143086784519255161285400390625,\"width\":19.9999600000000015143086784519255161285400390625,\"height\":9.99998000000000075715433922596275806427001953125,\"weight\":0.499860000000000026521007612245739437639713287353515625,\"cubic\":3999.97600004800051465281285345554351806640625,\"box_weight\":\"\",\"box_margin\":\"0.0\",\"box_name\":\"Standard Box\",\"products\":[[{\"length\":19.9999600000000015143086784519255161285400390625,\"width\":19.9999600000000015143086784519255161285400390625,\"height\":9.99998000000000075715433922596275806427001953125,\"item_id\":17228,\"weight\":0.499860000000000026521007612245739437639713287353515625,\"cubic\":3999.97600004800051465281285345554351806640625,\"prepacked\":\"\",\"parent_id\":\"\",\"class\":0}]],\"actual_weight\":0.499860000000000026521007612245739437639713287353515625,\"rate\":[{\"service_code\":\"USPS.D.PM.3\",\"service\":\"Priority Mail Express\",\"price\":57.1200000000000045474735088646411895751953125,\"next_day\":true,\"expected_delivery\":\"2022-03-16\",\"guaranteed\":true},{\"service_code\":\"USPS.D.PM.1\",\"service\":\"Priority Mail\",\"price\":16.10000000000000142108547152020037174224853515625,\"next_day\":true,\"expected_delivery\":\"2022-03-19\",\"guaranteed\":false},{\"service_code\":\"USPS.D.PF.17\",\"service\":\"Priority Mail Medium Flat Rate Box\",\"price\":16.422000000000000596855898038484156131744384765625,\"next_day\":true,\"expected_delivery\":\"2022-03-19\",\"guaranteed\":false}]}',NULL,'[{\"service_code\":\"USPS.D.PM.3\",\"service\":\"Priority Mail Express\",\"price\":57.1200000000000045474735088646411895751953125,\"next_day\":true,\"expected_delivery\":\"2022-03-16\",\"guaranteed\":true},{\"service_code\":\"USPS.D.PM.1\",\"service\":\"Priority Mail\",\"price\":16.10000000000000142108547152020037174224853515625,\"next_day\":true,\"expected_delivery\":\"2022-03-19\",\"guaranteed\":false},{\"service_code\":\"USPS.D.PF.17\",\"service\":\"Priority Mail Medium Flat Rate Box\",\"price\":16.422000000000000596855898038484156131744384765625,\"next_day\":true,\"expected_delivery\":\"2022-03-19\",\"guaranteed\":false}]','USPS.D.PF.17','Priority Mail Medium Flat Rate Box','33020',0,'','US','94939','2022-03-12 19:30:39'),(12,17843,NULL,0,'{\"length\":19.9999600000000015143086784519255161285400390625,\"width\":19.9999600000000015143086784519255161285400390625,\"height\":9.99998000000000075715433922596275806427001953125,\"weight\":0.499860000000000026521007612245739437639713287353515625,\"cubic\":3999.97600004800051465281285345554351806640625,\"box_weight\":\"\",\"box_margin\":\"0.0\",\"box_name\":\"Standard Box\",\"products\":[[{\"length\":19.9999600000000015143086784519255161285400390625,\"width\":19.9999600000000015143086784519255161285400390625,\"height\":9.99998000000000075715433922596275806427001953125,\"item_id\":16747,\"weight\":0.499860000000000026521007612245739437639713287353515625,\"cubic\":3999.97600004800051465281285345554351806640625,\"prepacked\":\"\",\"parent_id\":\"\",\"class\":0}]],\"actual_weight\":0.499860000000000026521007612245739437639713287353515625,\"rate\":[{\"service_code\":\"USPS.I.PM.1\",\"service\":\"Priority Mail Express International\",\"price\":82.9769999999999896544977673329412937164306640625,\"next_day\":false,\"expected_delivery\":\"2022-05-25\",\"guaranteed\":false}]}',NULL,'[{\"service_code\":\"USPS.I.PM.1\",\"service\":\"Priority Mail Express International\",\"price\":82.9769999999999896544977673329412937164306640625,\"next_day\":false,\"expected_delivery\":\"2022-05-25\",\"guaranteed\":false}]','USPS.I.PM.1','Priority Mail Express International','33020',0,'','AU','2212','2022-05-17 08:29:29'),(13,17846,NULL,0,'{\"length\":19.9999600000000015143086784519255161285400390625,\"width\":19.9999600000000015143086784519255161285400390625,\"height\":9.99998000000000075715433922596275806427001953125,\"weight\":0.499860000000000026521007612245739437639713287353515625,\"cubic\":3999.97600004800051465281285345554351806640625,\"box_weight\":\"\",\"box_margin\":\"0.0\",\"box_name\":\"Standard Box\",\"products\":[[{\"length\":19.9999600000000015143086784519255161285400390625,\"width\":19.9999600000000015143086784519255161285400390625,\"height\":9.99998000000000075715433922596275806427001953125,\"item_id\":17554,\"weight\":0.499860000000000026521007612245739437639713287353515625,\"cubic\":3999.97600004800051465281285345554351806640625,\"prepacked\":\"\",\"parent_id\":\"\",\"class\":0}]],\"actual_weight\":0.499860000000000026521007612245739437639713287353515625,\"rate\":[{\"service_code\":\"USPS.D.PM.3\",\"service\":\"Priority Mail Express\",\"price\":51.356999999999999317878973670303821563720703125,\"next_day\":true,\"expected_delivery\":\"2022-06-06\",\"guaranteed\":true},{\"service_code\":\"USPS.D.PM.1\",\"service\":\"Priority Mail\",\"price\":12.9030000000000004689582056016661226749420166015625,\"next_day\":true,\"expected_delivery\":\"2022-06-07\",\"guaranteed\":false},{\"service_code\":\"USPS.D.PF.17\",\"service\":\"Priority Mail Medium Flat Rate Box\",\"price\":16.422000000000000596855898038484156131744384765625,\"next_day\":true,\"expected_delivery\":\"2022-06-07\",\"guaranteed\":false}]}',NULL,'[{\"service_code\":\"USPS.D.PM.3\",\"service\":\"Priority Mail Express\",\"price\":51.356999999999999317878973670303821563720703125,\"next_day\":true,\"expected_delivery\":\"2022-06-06\",\"guaranteed\":true},{\"service_code\":\"USPS.D.PM.1\",\"service\":\"Priority Mail\",\"price\":12.9030000000000004689582056016661226749420166015625,\"next_day\":true,\"expected_delivery\":\"2022-06-07\",\"guaranteed\":false},{\"service_code\":\"USPS.D.PF.17\",\"service\":\"Priority Mail Medium Flat Rate Box\",\"price\":16.422000000000000596855898038484156131744384765625,\"next_day\":true,\"expected_delivery\":\"2022-06-07\",\"guaranteed\":false}]','USPS.D.PM.1','Priority Mail','33020',0,'','US','46268','2022-06-01 02:11:06'),(14,17849,NULL,0,'{\"length\":19.9999600000000015143086784519255161285400390625,\"width\":19.9999600000000015143086784519255161285400390625,\"height\":9.99998000000000075715433922596275806427001953125,\"weight\":0.499860000000000026521007612245739437639713287353515625,\"cubic\":3999.97600004800051465281285345554351806640625,\"box_weight\":\"\",\"box_margin\":\"0.0\",\"box_name\":\"Standard Box\",\"products\":[[{\"length\":19.9999600000000015143086784519255161285400390625,\"width\":19.9999600000000015143086784519255161285400390625,\"height\":9.99998000000000075715433922596275806427001953125,\"item_id\":16747,\"weight\":0.499860000000000026521007612245739437639713287353515625,\"cubic\":3999.97600004800051465281285345554351806640625,\"prepacked\":\"\",\"parent_id\":\"\",\"class\":0}]],\"actual_weight\":0.499860000000000026521007612245739437639713287353515625,\"rate\":[{\"service_code\":\"USPS.I.PM.1\",\"service\":\"Priority Mail Express International\",\"price\":82.9769999999999896544977673329412937164306640625,\"next_day\":false,\"expected_delivery\":\"2022-06-20\",\"guaranteed\":false},{\"service_code\":\"USPS.I.PM.2\",\"service\":\"Priority Mail International\",\"price\":65.075999999999993406163412146270275115966796875,\"next_day\":false,\"expected_delivery\":\"2022-06-16\",\"guaranteed\":false},{\"service_code\":\"USPS.I.PF.9\",\"service\":\"Priority Mail International Medium Flat Rate Box\",\"price\":95.2169999999999987494447850622236728668212890625,\"next_day\":false,\"expected_delivery\":\"2022-06-16\",\"guaranteed\":false},{\"service_code\":\"USPS.I.PF.9\",\"service\":\"Priority Mail International Medium Flat Rate Box\",\"price\":93.349999999999994315658113919198513031005859375,\"next_day\":false,\"expected_delivery\":\"2022-06-16\",\"guaranteed\":false}]}',NULL,'[{\"service_code\":\"USPS.I.PM.1\",\"service\":\"Priority Mail Express International\",\"price\":82.9769999999999896544977673329412937164306640625,\"next_day\":false,\"expected_delivery\":\"2022-06-20\",\"guaranteed\":false},{\"service_code\":\"USPS.I.PM.2\",\"service\":\"Priority Mail International\",\"price\":65.075999999999993406163412146270275115966796875,\"next_day\":false,\"expected_delivery\":\"2022-06-16\",\"guaranteed\":false},{\"service_code\":\"USPS.I.PF.9\",\"service\":\"Priority Mail International Medium Flat Rate Box\",\"price\":95.2169999999999987494447850622236728668212890625,\"next_day\":false,\"expected_delivery\":\"2022-06-16\",\"guaranteed\":false},{\"service_code\":\"USPS.I.PF.9\",\"service\":\"Priority Mail International Medium Flat Rate Box\",\"price\":93.349999999999994315658113919198513031005859375,\"next_day\":false,\"expected_delivery\":\"2022-06-16\",\"guaranteed\":false}]','USPS.I.PM.2','Priority Mail International','33020',0,'','AU','2212','2022-06-12 10:04:48'),(15,17862,NULL,0,'{\"length\":19.9999600000000015143086784519255161285400390625,\"width\":19.9999600000000015143086784519255161285400390625,\"height\":9.99998000000000075715433922596275806427001953125,\"weight\":0.499860000000000026521007612245739437639713287353515625,\"cubic\":3999.97600004800051465281285345554351806640625,\"box_weight\":\"\",\"box_margin\":\"0.0\",\"box_name\":\"Standard Box\",\"products\":[[{\"length\":19.9999600000000015143086784519255161285400390625,\"width\":19.9999600000000015143086784519255161285400390625,\"height\":9.99998000000000075715433922596275806427001953125,\"item_id\":16977,\"weight\":0.499860000000000026521007612245739437639713287353515625,\"cubic\":3999.97600004800051465281285345554351806640625,\"prepacked\":\"\",\"parent_id\":\"\",\"class\":0}]],\"actual_weight\":0.499860000000000026521007612245739437639713287353515625,\"rate\":[{\"service_code\":\"USPS.I.PM.1\",\"service\":\"Priority Mail Express International\",\"price\":84.7109999999999985220711096189916133880615234375,\"next_day\":false,\"expected_delivery\":\"2022-08-26\",\"guaranteed\":false},{\"service_code\":\"USPS.I.PM.2\",\"service\":\"Priority Mail International\",\"price\":67.0140000000000100044417195022106170654296875,\"next_day\":false,\"expected_delivery\":\"2022-08-22\",\"guaranteed\":false},{\"service_code\":\"USPS.I.PF.9\",\"service\":\"Priority Mail International Medium Flat Rate Box\",\"price\":90.066000000000002501110429875552654266357421875,\"next_day\":false,\"expected_delivery\":\"2022-08-22\",\"guaranteed\":false},{\"service_code\":\"USPS.I.PF.9\",\"service\":\"Priority Mail International Medium Flat Rate Box\",\"price\":88.2999999999999971578290569595992565155029296875,\"next_day\":false,\"expected_delivery\":\"2022-08-22\",\"guaranteed\":false}]}',NULL,'[{\"service_code\":\"USPS.I.PM.1\",\"service\":\"Priority Mail Express International\",\"price\":84.7109999999999985220711096189916133880615234375,\"next_day\":false,\"expected_delivery\":\"2022-08-26\",\"guaranteed\":false},{\"service_code\":\"USPS.I.PM.2\",\"service\":\"Priority Mail International\",\"price\":67.0140000000000100044417195022106170654296875,\"next_day\":false,\"expected_delivery\":\"2022-08-22\",\"guaranteed\":false},{\"service_code\":\"USPS.I.PF.9\",\"service\":\"Priority Mail International Medium Flat Rate Box\",\"price\":90.066000000000002501110429875552654266357421875,\"next_day\":false,\"expected_delivery\":\"2022-08-22\",\"guaranteed\":false},{\"service_code\":\"USPS.I.PF.9\",\"service\":\"Priority Mail International Medium Flat Rate Box\",\"price\":88.2999999999999971578290569595992565155029296875,\"next_day\":false,\"expected_delivery\":\"2022-08-22\",\"guaranteed\":false}]','USPS.I.PM.2','Priority Mail International','33020',0,'','LT','88438','2022-08-18 03:34:48'),(16,17883,NULL,0,'{\"length\":19.9999600000000015143086784519255161285400390625,\"width\":19.9999600000000015143086784519255161285400390625,\"height\":9.99998000000000075715433922596275806427001953125,\"weight\":0.499860000000000026521007612245739437639713287353515625,\"cubic\":3999.97600004800051465281285345554351806640625,\"box_weight\":\"\",\"box_margin\":\"0.0\",\"box_name\":\"Standard Box\",\"products\":[[{\"length\":19.9999600000000015143086784519255161285400390625,\"width\":19.9999600000000015143086784519255161285400390625,\"height\":9.99998000000000075715433922596275806427001953125,\"item_id\":16702,\"weight\":0.499860000000000026521007612245739437639713287353515625,\"cubic\":3999.97600004800051465281285345554351806640625,\"prepacked\":\"\",\"parent_id\":\"\",\"class\":0}]],\"actual_weight\":0.499860000000000026521007612245739437639713287353515625,\"rate\":[{\"service_code\":\"USPS.D.PM.3\",\"service\":\"Priority Mail Express\",\"price\":52.37700000000000244426701101474463939666748046875,\"next_day\":true,\"expected_delivery\":\"2022-11-16\",\"guaranteed\":true},{\"service_code\":\"USPS.D.PM.1\",\"service\":\"Priority Mail\",\"price\":13.9230000000000000426325641456060111522674560546875,\"next_day\":true,\"expected_delivery\":\"2022-11-18\",\"guaranteed\":false},{\"service_code\":\"USPS.D.PF.17\",\"service\":\"Priority Mail Medium Flat Rate Box\",\"price\":17.391000000000001790567694115452468395233154296875,\"next_day\":true,\"expected_delivery\":\"2022-11-18\",\"guaranteed\":false}]}',NULL,'[{\"service_code\":\"USPS.D.PM.3\",\"service\":\"Priority Mail Express\",\"price\":52.37700000000000244426701101474463939666748046875,\"next_day\":true,\"expected_delivery\":\"2022-11-16\",\"guaranteed\":true},{\"service_code\":\"USPS.D.PM.1\",\"service\":\"Priority Mail\",\"price\":13.9230000000000000426325641456060111522674560546875,\"next_day\":true,\"expected_delivery\":\"2022-11-18\",\"guaranteed\":false},{\"service_code\":\"USPS.D.PF.17\",\"service\":\"Priority Mail Medium Flat Rate Box\",\"price\":17.391000000000001790567694115452468395233154296875,\"next_day\":true,\"expected_delivery\":\"2022-11-18\",\"guaranteed\":false}]','USPS.D.PM.1','Priority Mail','33020',0,'','US','07024','2022-11-12 13:41:23'),(17,17983,NULL,0,'{\"length\":19.9999600000000015143086784519255161285400390625,\"width\":19.9999600000000015143086784519255161285400390625,\"height\":9.99998000000000075715433922596275806427001953125,\"weight\":0.499860000000000026521007612245739437639713287353515625,\"cubic\":3999.97600004800051465281285345554351806640625,\"box_weight\":\"\",\"box_margin\":\"0.0\",\"box_name\":\"Standard Box\",\"products\":[[{\"length\":19.9999600000000015143086784519255161285400390625,\"width\":19.9999600000000015143086784519255161285400390625,\"height\":9.99998000000000075715433922596275806427001953125,\"item_id\":17490,\"weight\":0.499860000000000026521007612245739437639713287353515625,\"cubic\":3999.97600004800051465281285345554351806640625,\"prepacked\":\"\",\"parent_id\":\"\",\"class\":0}]],\"actual_weight\":0.499860000000000026521007612245739437639713287353515625,\"rate\":[{\"service_code\":\"USPS.D.PM.3\",\"service\":\"Priority Mail Express\",\"price\":60.84299999999999641886461176909506320953369140625,\"next_day\":true,\"expected_delivery\":\"2023-07-07\",\"guaranteed\":true},{\"service_code\":\"USPS.D.PM.1\",\"service\":\"Priority Mail\",\"price\":17.391000000000001790567694115452468395233154296875,\"next_day\":true,\"expected_delivery\":\"2023-07-08\",\"guaranteed\":false},{\"service_code\":\"USPS.D.PF.17\",\"service\":\"Priority Mail Medium Flat Rate Box\",\"price\":17.44200000000000017053025658242404460906982421875,\"next_day\":true,\"expected_delivery\":\"2023-07-08\",\"guaranteed\":false}]}',NULL,'[{\"service_code\":\"USPS.D.PM.3\",\"service\":\"Priority Mail Express\",\"price\":60.84299999999999641886461176909506320953369140625,\"next_day\":true,\"expected_delivery\":\"2023-07-07\",\"guaranteed\":true},{\"service_code\":\"USPS.D.PM.1\",\"service\":\"Priority Mail\",\"price\":17.391000000000001790567694115452468395233154296875,\"next_day\":true,\"expected_delivery\":\"2023-07-08\",\"guaranteed\":false},{\"service_code\":\"USPS.D.PF.17\",\"service\":\"Priority Mail Medium Flat Rate Box\",\"price\":17.44200000000000017053025658242404460906982421875,\"next_day\":true,\"expected_delivery\":\"2023-07-08\",\"guaranteed\":false}]','USPS.D.PM.3','Priority Mail Express','33020',0,'','US','97251-1158','2023-07-03 04:39:01');

--
-- Table structure for table `wp_uspswebservice_tracking`
--

CREATE TABLE `wp_uspswebservice_tracking` (
  `id` bigint(20) unsigned NOT NULL AUTO_INCREMENT,
  `order_id` bigint(20) unsigned NOT NULL,
  `pin` varchar(240) COLLATE utf8mb4_unicode_520_ci NOT NULL,
  `meta` longtext COLLATE utf8mb4_unicode_520_ci,
  `events` longtext COLLATE utf8mb4_unicode_520_ci,
  `dateupdated` datetime NOT NULL DEFAULT CURRENT_TIMESTAMP,
  `dateshipped` datetime DEFAULT NULL,
  `datedelivered` datetime DEFAULT NULL,
  `priority` int(11) NOT NULL DEFAULT '0',
  PRIMARY KEY (`id`),
  KEY `order_id` (`order_id`,`pin`)
) ENGINE=MyISAM DEFAULT CHARSET=utf8mb4 COLLATE=utf8mb4_unicode_520_ci;

--
-- Dumping data for table `wp_uspswebservice_tracking`
--


--
-- Table structure for table `wp_wc_admin_note_actions`
--

CREATE TABLE `wp_wc_admin_note_actions` (
  `action_id` bigint(20) unsigned NOT NULL AUTO_INCREMENT,
  `note_id` bigint(20) unsigned NOT NULL,
  `name` varchar(255) COLLATE utf8mb4_unicode_ci NOT NULL,
  `label` varchar(255) COLLATE utf8mb4_unicode_ci NOT NULL,
  `query` longtext COLLATE utf8mb4_unicode_ci NOT NULL,
  `status` varchar(255) COLLATE utf8mb4_unicode_ci NOT NULL,
  `is_primary` tinyint(1) NOT NULL DEFAULT '0',
  `actioned_text` varchar(255) COLLATE utf8mb4_unicode_ci NOT NULL,
  `nonce_action` varchar(255) COLLATE utf8mb4_unicode_ci DEFAULT NULL,
  `nonce_name` varchar(255) COLLATE utf8mb4_unicode_ci DEFAULT NULL,
  PRIMARY KEY (`action_id`),
  KEY `note_id` (`note_id`)
) ENGINE=MyISAM AUTO_INCREMENT=56031 DEFAULT CHARSET=utf8mb4 COLLATE=utf8mb4_unicode_ci;

--
-- Dumping data for table `wp_wc_admin_note_actions`
--

INSERT INTO `wp_wc_admin_note_actions` VALUES (1,1,'connect','Connect','?page=wc-addons&section=helper','unactioned',0,'',NULL,NULL),(2,2,'yes-please','Yes please!','https://woocommerce.us8.list-manage.com/subscribe/post?u=2c1434dc56f9506bf3c3ecd21&amp;id=13860df971&amp;SIGNUPPAGE=plugin','actioned',0,'',NULL,NULL),(55943,89,'wayflyer_bnpl_q4_2021','Level up with funding','https://woocommerce.com/products/wayflyer/?utm_source=inbox_note&utm_medium=product&utm_campaign=wayflyer_bnpl_q4_2021','actioned',0,'',NULL,NULL),(55944,90,'wc_shipping_mobile_app_usps_q4_2021','Get WooCommerce Shipping','https://woocommerce.com/woocommerce-shipping/?utm_source=inbox_note&utm_medium=product&utm_campaign=wc_shipping_mobile_app_usps_q4_2021','actioned',0,'',NULL,NULL),(4,4,'browse','Browse','https://woocommerce.com/success-stories/','actioned',0,'',NULL,NULL),(5,5,'learn-more','Learn more','https://woocommerce.com/mobile/','actioned',0,'',NULL,NULL),(55967,101,'dismiss','Dismiss','','actioned',0,'',NULL,NULL),(7,6,'tracking-opt-in','Activate usage tracking','','actioned',1,'',NULL,NULL),(55941,7,'get-started','Get started','https://europeanoutlet.com/wp-admin/admin.php?page=wc-admin&action=setup-woocommerce-payments','actioned',0,'','setup-woocommerce-payments',''),(29831,40,'boost-sales-marketing-guide','See marketing guide','https://developer.apple.com/apple-pay/marketing/?utm_source=inbox&utm_campaign=square-boost-sales','actioned',1,'',NULL,NULL),(13,10,'share-feedback','Share feedback','https://automattic.survey.fm/new-onboarding-survey','actioned',0,'',NULL,NULL),(16,13,'online-clothing-store','Learn more','https://woocommerce.com/posts/starting-an-online-clothing-store/?utm_source=inbox','actioned',1,'',NULL,NULL),(25270,77,'view-report','View report','?page=wc-admin&path=/analytics/revenue&period=custom&compare=previous_year&after=2021-08-15&before=2021-08-15','actioned',0,'',NULL,NULL),(108,25,'settings','Open Settings','https://europeanoutlet.com/wp-admin/admin.php?page=mailchimp-woocommerce','actioned',0,'',NULL,NULL),(57,19,'affirm-insight-first-sale','Yes','','actioned',0,'Thanks for your feedback',NULL,NULL),(58,19,'deny-insight-first-sale','No','','actioned',0,'Thanks for your feedback',NULL,NULL),(59,20,'customize-store-with-blocks','Learn more','https://woocommerce.com/posts/how-to-customize-your-online-store-with-woocommerce-blocks/?utm_source=inbox','actioned',1,'',NULL,NULL),(5321,36,'wc-payments-notes-set-up-refund-policy','Read more','https://docs.woocommerce.com/document/woocommerce-refunds#refund-policy-howto','unactioned',1,'',NULL,NULL),(62,23,'view-payment-gateways','Learn more','https://woocommerce.com/product-category/woocommerce-extensions/payment-gateways/','actioned',1,'',NULL,NULL),(63,24,'learn-more','Learn more','https://woocommerce.com/mobile/?utm_source=inbox','actioned',0,'',NULL,NULL),(44736,28,'learn-more-ecomm-unique-shopping-experience','Learn more','https://docs.woocommerce.com/document/product-add-ons/?utm_source=inbox','actioned',0,'',NULL,NULL),(55964,100,'learn-more','Learn more','https://developer.woocommerce.com/2022/03/10/woocommerce-3-5-10-6-3-1-security-releases/','unactioned',0,'',NULL,NULL),(55945,27,'learn-more','Learn more','https://docs.woocommerce.com/document/woocommerce-shipping-and-tax/?utm_source=inbox','unactioned',0,'',NULL,NULL),(44734,26,'set-up-concierge','Schedule free session','https://wordpress.com/me/concierge','actioned',0,'',NULL,NULL),(44737,39,'watch-the-webinar','Watch the webinar','https://youtu.be/V_2XtCOyZ7o','actioned',0,'',NULL,NULL),(37743,37,'learn-more','Learn more','https://woocommerce.com/mobile/?utm_source=inbox&utm_medium=product','actioned',0,'',NULL,NULL),(11544,47,'learn-more','Learn more','https://docs.woocommerce.com/document/home-screen/?utm_source=inbox','actioned',1,'',NULL,NULL),(33796,64,'get-woo-commerce-payments','Get WooCommerce Payments','admin.php?page=wc-admin&action=setup-woocommerce-payments','actioned',1,'',NULL,NULL),(15061,31,'install-now','Install now','admin.php?page=wc-admin&action=setup-woocommerce-payments','actioned',1,'',NULL,NULL),(15063,33,'install-now','Install now','admin.php?page=wc-admin&action=setup-woocommerce-payments','actioned',1,'',NULL,NULL),(37742,50,'learn-more','Learn more','https://woocommerce.com/mobile/?utm_source=inbox&utm_medium=product','actioned',0,'',NULL,NULL),(29836,54,'grow-your-business-marketing-guide','See marketing guide','https://developer.apple.com/apple-pay/marketing/?utm_source=inbox&utm_campaign=wcpay-grow-your-business','actioned',1,'',NULL,NULL),(29832,41,'grow-your-business-marketing-guide','See marketing guide','https://developer.apple.com/apple-pay/marketing/?utm_source=inbox&utm_campaign=square-grow-your-business','actioned',1,'',NULL,NULL),(29666,42,'upgrade_now_facebook_pixel_api','Upgrade now','plugin-install.php?tab=plugin-information&plugin=&section=changelog','actioned',1,'',NULL,NULL),(29667,43,'learn_more_facebook_ec','Learn more','https://woocommerce.com/products/facebook/','unactioned',1,'',NULL,NULL),(44740,45,'learn-more','Learn more','https://woocommerce.com/posts/first-things-customize-woocommerce/?utm_source=inbox_note&utm_medium=product&utm_campaign=learn-more','unactioned',0,'',NULL,NULL),(55949,58,'share-feedback','Share feedback','http://automattic.survey.fm/paypal-feedback','unactioned',0,'',NULL,NULL),(29835,53,'boost-sales-marketing-guide','See marketing guide','https://developer.apple.com/apple-pay/marketing/?utm_source=inbox&utm_campaign=wcpay-boost-sales','actioned',1,'',NULL,NULL),(11561,48,'visit-the-theme-marketplace','Visit the theme marketplace','https://woocommerce.com/product-category/themes/?utm_source=inbox','actioned',0,'',NULL,NULL),(11562,49,'affirm-insight-first-product-and-payment','Yes','','actioned',0,'Thanks for your feedback',NULL,NULL),(35741,97,'stripe_applepay_q1_2022','Add Apple Pay','https://europeanoutlet.com/wp-admin/admin.php?page=wc-admin&page=wc-settings&tab=checkout&section=stripe','actioned',0,'',NULL,NULL),(26612,79,'mercadopago_q3_2021_EN','Free download','https://woocommerce.com/products/mercado-pago-checkout/?utm_source=inbox&utm_medium=product&utm_campaign=mercadopago_q3_2021_EN','actioned',1,'',NULL,NULL),(29834,55,'learn-more','Learn more','https://docs.woocommerce.com/document/payments/apple-pay/?utm_source=inbox&utm_medium=product&utm_campaign=wcpay_applepay','actioned',1,'',NULL,NULL),(29665,56,'open_wc_paypal_payments_product_page','Learn more','https://woocommerce.com/products/woocommerce-paypal-payments/','actioned',1,'',NULL,NULL),(55948,57,'qualitative-feedback-from-new-users','Share feedback','https://automattic.survey.fm/wc-pay-new','actioned',0,'',NULL,NULL),(29683,59,'learn-more','Learn about Instant Deposits eligibility','https://docs.woocommerce.com/document/payments/instant-deposits/?utm_source=inbox&utm_medium=product&utm_campaign=wcpay_instant_deposits','actioned',1,'',NULL,NULL),(55951,60,'update-wc-subscriptions-3-0-15','View latest version','https://europeanoutlet.com/wp-admin/&page=wc-addons&section=helper','actioned',0,'',NULL,NULL),(37741,61,'learn-more','Learn more','https://woocommerce.com/mobile/?utm_source=inbox&utm_medium=product','actioned',0,'',NULL,NULL),(29833,55,'add-apple-pay','Add Apple Pay','/admin.php?page=wc-settings&tab=checkout&section=woocommerce_payments','actioned',1,'',NULL,NULL),(55952,63,'update-wc-core-5-4-0','How to update WooCommerce','https://docs.woocommerce.com/document/how-to-update-woocommerce/','actioned',0,'',NULL,NULL),(33797,65,'get-woocommerce-payments','Get WooCommerce Payments','admin.php?page=wc-admin&action=setup-woocommerce-payments','actioned',1,'',NULL,NULL),(56024,189,'wc-admin-wcpay-bulgaria-Q2-2023','Simplify my payments','https://woocommerce.com/payments/bulgaria/?utm_source=inbox_note&utm_medium=product&utm_campaign=wc-admin-wcpay-bulgaria-Q2-2023','actioned',0,'',NULL,NULL),(55989,169,'woopay-beta-merchantrecruitment-update-WCPay-04MAY23','Update WooCommerce Payments','https://europeanoutlet.com/wp-admin/plugins.php?plugin_status=all','unactioned',0,'',NULL,NULL),(55988,154,'dismiss','Dismiss','#','actioned',0,'',NULL,NULL),(55954,67,'ppxo-pps-install-paypal-payments-2','View upgrade guide','https://docs.woocommerce.com/document/woocommerce-paypal-payments/paypal-payments-upgrade-guide/','actioned',0,'',NULL,NULL),(29664,68,'eu_vat_changes_2021','Learn more about the EU tax regulations','https://woocommerce.com/posts/new-eu-vat-regulations','actioned',1,'',NULL,NULL),(22333,69,'jetpack-backup-woocommerce','Get backups','https://jetpack.com/upgrade/backup-woocommerce/?utm_source=inbox&#038;utm_medium=automattic_referred&#038;utm_campaign=jp_backup_to_woo','actioned',0,'',NULL,NULL),(29663,70,'wayflyer_q3_2021','Get funded','https://woocommerce.com/products/wayflyer/','actioned',1,'',NULL,NULL),(55985,152,'tap_to_pay_iphone_q2_2023_no_wcpay','Simplify my payments','https://woocommerce.com/products/woocommerce-payments/?utm_source=inbox_note&utm_medium=product&utm_campaign=tap_to_pay_iphone_q2_2023_no_wcpay','actioned',0,'',NULL,NULL),(55956,71,'dismiss','Dismiss','','actioned',0,'',NULL,NULL),(25461,78,'notify-refund-returns-page','Edit page','https://europeanoutlet.com/wp-admin/post.php?post=17410&action=edit','actioned',0,'',NULL,NULL),(55986,153,'tap_to_pay_iphone_q2_2023_with_wcpay','Set up Tap to Pay on iPhone','https://woocommerce.com/document/woocommerce-payments/in-person-payments/woocommerce-in-person-payments-tap-to-pay-on-iphone-quick-start-guide/?utm_source=inbox_note&utm_medium=product&utm_campaign=tap_to_pay_iphone_q2_2023_with_wcpay','actioned',0,'',NULL,NULL),(55959,73,'learn-more','Learn more','https://woocommerce.com/posts/critical-vulnerability-detected-july-2021/?utm_source=inbox_note&utm_medium=product&utm_campaign=learn-more','unactioned',0,'',NULL,NULL),(34340,95,'wc_simple_payments_m2_reader_launch_q1_2022','Learn more','https://woocommerce.com/in-person-payments/','actioned',0,'',NULL,NULL),(36960,99,'lead_gen_existing_customers_1','Yes, please','https://woocommerce.com/take-your-business-to-the-next-level/?utm_source=inbox_note&utm_medium=product&utm_campaign=lead_gen_existing_customers_1','actioned',0,'',NULL,NULL),(55955,71,'learn-more','Learn more','https://woocommerce.com/posts/critical-vulnerability-detected-july-2021/?utm_source=inbox_note&utm_medium=product&utm_campaign=learn-more','unactioned',0,'',NULL,NULL),(55958,72,'dismiss','Dismiss','','actioned',0,'',NULL,NULL),(55961,74,'learn-more','Learn more','https://woocommerce.com/posts/critical-vulnerability-detected-july-2021/?utm_source=inbox_note&utm_medium=product&utm_campaign=learn-more','unactioned',0,'',NULL,NULL),(55962,74,'dismiss','Dismiss','','actioned',0,'',NULL,NULL),(24981,76,'wc-payments-notes-multi-currency-available','Set up now','admin.php?page=wc-settings&tab=wcpay_multi_currency','unactioned',1,'',NULL,NULL),(29699,80,'learn-more','Learn more','https://woocommerce.com/products/bbpos-chipper2xbt-card-reader?utm_source=inbox&utm_medium=product&utm_campaign=bbpos-chipper-launch','unactioned',1,'',NULL,NULL),(29113,81,'remove-legacy-coupon-menu','Remove legacy coupon menu','https://europeanoutlet.com/wp-admin/admin.php?page=wc-admin&action=remove-coupon-menu','actioned',1,'',NULL,NULL),(55963,82,'share-feedback','Share feedback','https://automattic.survey.fm/store-management','unactioned',0,'',NULL,NULL),(35740,96,'wcpay_applepay_q1_2022','Let your customers know about Apple Pay','https://developer.apple.com/apple-pay/marketing/','actioned',0,'',NULL,NULL),(30091,84,'browse_extensions','Browse extensions','https://europeanoutlet.com/wp-admin/admin.php?page=wc-admin&page=wc-addons','unactioned',1,'',NULL,NULL),(30092,85,'browse_extensions','Browse extensions','https://europeanoutlet.com/wp-admin/admin.php?page=wc-admin&page=wc-addons','unactioned',1,'',NULL,NULL),(34451,86,'stripe_applepay_holiday2021','Accept Apple Pay','https://woocommerce.com/apple-pay/','actioned',1,'',NULL,NULL),(34452,87,'square_applepay_holiday2021','Accept Apple Pay','https://woocommerce.com/apple-pay/','actioned',1,'',NULL,NULL),(34453,88,'wcpay_applepay_holiday2021','Accept Apple Pay','https://woocommerce.com/apple-pay/','actioned',1,'',NULL,NULL),(44733,91,'wc_shipping_mobile_app_q4_2021','Get the WooCommerce Mobile App','https://woocommerce.com/mobile/?utm_source=inbox_note&utm_medium=product&utm_campaign=wc_shipping_mobile_app_q4_2021','actioned',0,'',NULL,NULL),(55942,92,'browse_extensions','Browse extensions','https://europeanoutlet.com/wp-admin/admin.php?page=wc-addons','unactioned',0,'',NULL,NULL),(40763,93,'update-store-details','Update store details','https://europeanoutlet.com/wp-admin/admin.php?page=wc-admin&path=/setup-wizard','actioned',0,'',NULL,NULL),(55965,100,'woocommerce-core-paypal-march-2022-dismiss','Dismiss','','actioned',0,'',NULL,NULL),(55966,101,'learn-more','Learn more','https://developer.woocommerce.com/2022/03/10/woocommerce-3-5-10-6-3-1-security-releases/','unactioned',0,'',NULL,NULL),(47947,94,'share-navigation-survey-feedback','Share feedback','https://automattic.survey.fm/feedback-on-woocommerce-navigation','actioned',0,'',NULL,NULL),(35742,98,'square_applepay_q1_2022','Add Apple Pay','https://europeanoutlet.com/wp-admin/admin.php?page=wc-admin&page=wc-settings&tab=square','actioned',0,'',NULL,NULL),(38406,109,'setup_task_second_survey_q2_2022_share_your_input','Share your input','https://t.maze.co/87390007','actioned',0,'',NULL,NULL),(37613,105,'pinterest_gtm_q2_2021','Get started for free','https://woocommerce.com/products/pinterest-for-woocommerce/?utm_source=inbox_note&utm_medium=product&utm_campaign=pinterest_gtm_q2_2021','unactioned',1,'',NULL,NULL),(36215,103,'enable-navigation','Enable in Settings','https://europeanoutlet.com/wp-admin/admin.php?page=wc-settings&tab=advanced&section=features','actioned',0,'',NULL,NULL),(53600,155,'wc-admin-wcpay-denmark-Q2-2023','Simplify my payments','https://woocommerce.com/payments/denmark/?utm_source=inbox_note&utm_medium=product&utm_campaign=wc-admin-wcpay-denmark-Q2-2023','actioned',0,'',NULL,NULL),(55950,62,'get-started','Get started','https://woocommerce.com/products/google-listings-and-ads?utm_source=inbox_note&utm_medium=product&utm_campaign=get-started','actioned',0,'',NULL,NULL),(55968,102,'pinterest_03_2022_update','Update Instructions','https://woocommerce.com/document/pinterest-for-woocommerce/?utm_source=inbox_note&utm_medium=product&utm_campaign=pinterest_03_2022_update#section-3','actioned',0,'',NULL,NULL),(36432,104,'learn-more','Learn more','https://woocommerce.com/posts/pre-launch-checklist-the-essentials/?utm_source=inbox&utm_medium=product','actioned',0,'',NULL,NULL),(55969,110,'store_setup_survey_survey_q2_2022_share_your_thoughts','Tell us how it’s going','https://automattic.survey.fm/store-setup-survey-2022','actioned',0,'',NULL,NULL),(40835,106,'setup_task_initiative_survey_q2_2022_share_your_input','Share your input','https://t.maze.co/87390007','actioned',0,'',NULL,NULL),(37730,107,'woocommerce_payments_subscriptions_nopayments_q2_2022','Start selling subscriptions','https://woocommerce.com/products/woocommerce-payments/?utm_source=inbox_note&utm_medium=product&utm_campaign=woocommerce_payments_subscriptions_nopayments_q2_2022','actioned',0,'',NULL,NULL),(37731,108,'woocommerce_payments_subscriptions_yespayments_q2_2022','Get started','https://woocommerce.com/document/payments/subscriptions/?utm_source=inbox_note&utm_medium=product&utm_campaign=woocommerce_payments_subscriptions_yespayments_q2_2022#section-2','actioned',0,'',NULL,NULL),(40124,117,'tiktok-webinar-promo-july2022-button','RSVP Now','https://gettingstartedwithtiktokforwoocommerce.splashthat.com/','actioned',0,'',NULL,NULL),(55970,115,'wc-admin-wisepad3','Grow my business offline','https://woocommerce.com/products/wisepad3-card-reader/?utm_source=inbox_note&utm_medium=product&utm_campaign=wc-admin-wisepad3','actioned',0,'',NULL,NULL),(55940,7,'learn-more','Learn more','https://woocommerce.com/payments/?utm_medium=product','unactioned',0,'',NULL,NULL),(38456,111,'affirm_q2_2022','Get started for free','https://woocommerce.com/products/woocommerce-gateway-affirm/?utm_source=inbox_note&utm_medium=product&utm_campaign=affirm_q2_2022','unactioned',0,'',NULL,NULL),(39625,112,'wc-admin-EU-consumer-protection','Learn more about these changes','https://ec.europa.eu/info/law/law-topic/consumer-protection-law/review-eu-consumer-law_en#guidance','actioned',0,'',NULL,NULL),(38169,113,'googlelistings_multicountrygtm_q22022','Get Google Listings & Ads – free','https://woocommerce.com/products/google-listings-and-ads/?utm_source=inbox_note&utm_medium=product&utm_campaign=googlelistings_multicountrygtm_q22022','actioned',0,'',NULL,NULL),(38907,114,'wc_ipp_order_creation_GTM_launch_q2_2022','Grow my business on the go','https://woocommerce.com/in-person-payments/?utm_source=inbox_note&utm_medium=product&utm_campaign=wc_ipp_order_creation_GTM_launch_q2_2022','actioned',0,'',NULL,NULL),(47713,133,'tiktok-targeted-q4-2022-click','Launch a campaign','https://woocommerce.com/products/tiktok-for-woocommerce/?utm_source=inbox_note&utm_medium=product&utm_campaign=tiktok-targeted-q4-2022-click','unactioned',0,'',NULL,NULL),(41742,118,'mercado_pago_q3_2022','Free download','https://woocommerce.com/products/mercado-pago-checkout/?utm_source=inbox_note&utm_medium=product&utm_campaign=mercado_pago_q3_2022','unactioned',0,'',NULL,NULL),(39787,116,'TikTok q2_2022','Promote my products on TikTok','https://woocommerce.com/products/tiktok-for-woocommerce/?utm_source=inbox_note&utm_medium=product&utm_campaign=TikTok%20q2_2022','unactioned',0,'',NULL,NULL),(41136,119,'klarna_q3_2022','Grow with Klarna','https://woocommerce.com/products/klarna-payments?utm_source=inbox_note&utm_medium=product&utm_campaign=klarna_q3_2022','unactioned',0,'',NULL,NULL),(55974,121,'dismiss','Dismiss','','actioned',0,'',NULL,NULL),(55971,120,'learn-more','Find out more','https://developer.woocommerce.com/2022/08/09/woocommerce-payments-3-9-4-4-5-1-security-releases/','unactioned',0,'',NULL,NULL),(55973,121,'learn-more','Find out more','https://developer.woocommerce.com/2022/08/09/woocommerce-payments-3-9-4-4-5-1-security-releases/','unactioned',0,'',NULL,NULL),(55972,120,'dismiss','Dismiss','','actioned',0,'',NULL,NULL),(42489,123,'product_creation_usability_test_6_months_take_a_look','Try it now','https://t.maze.co/103446424','unactioned',0,'',NULL,NULL),(41748,122,'mobile_app_order_management_q3_2022','Get the WooCommerce Mobile App','https://woocommerce.com/mobile/?utm_source=inbox_note&utm_medium=product&utm_campaign=mobile_app_order_management_q3_2022','actioned',0,'',NULL,NULL),(42491,124,'product_creation_usability_test_3_months_take_a_look','Try it now','https://t.maze.co/103446424','unactioned',0,'',NULL,NULL),(42490,125,'product_creation_usability_test_12_months_take_a_look','Try it now','https://t.maze.co/103446424','unactioned',0,'',NULL,NULL),(44070,127,'googlelistings_signals2022_hasGLA_click','Connect Google Listings & Ads','https://europeanoutlet.com/wp-admin/admin.php?page=wc-admin&path=marketing','unactioned',0,'',NULL,NULL),(42664,126,'dismiss_customize_your_deposits','Dismiss','','actioned',0,'',NULL,NULL),(42663,126,'cta_customize_your_deposits','Customize your deposits','https://woocommerce.com/payments/?utm_source=inbox_note&utm_medium=product&utm_campaign=cta_customize_your_deposits','actioned',0,'',NULL,NULL),(44071,128,'googlelistings_signals2022_noGLA','Connect Google Listings & Ads','https://woocommerce.com/products/google-listings-and-ads/?utm_medium=product&utm_source=inbox_note&utm_campaign=googlelistings_signals2022_noGLA','unactioned',0,'',NULL,NULL),(43841,129,'pre-black-friday-sale-2022-announcement','Shop the sale','https://woocommerce.com/marketplace-sale/?utm_source=inbox_note&utm_medium=product&utm_campaign=pre-black-friday-sale-2022-announcement','actioned',0,'',NULL,NULL),(47066,143,'meta-noFB-dec-q4-2022','Get started','https://woocommerce.com/products/facebook/?utm_source=inbox_note&utm_medium=product&utm_campaign=meta-noFB-dec-q4-2022','unactioned',0,'',NULL,NULL),(46176,130,'shipping_category_q4_2022_click','Automate my shipping','https://woocommerce.com/product-category/woocommerce-extensions/shipping-delivery-and-fulfillment/?categoryIds=28685&collections=product&page=1&utm_source=inbox_note&utm_medium=product&utm_campaign=shipping_category_q4_2022_click','unactioned',0,'',NULL,NULL),(44507,131,'facebook_q4-2022_hasFB-click','Drive more demand','https://europeanoutlet.com/wp-admin/admin.php?page=wc-facebook','unactioned',0,'',NULL,NULL),(44593,132,'facebook_q4-2022_noFB-click','Get started','https://woocommerce.com/products/facebook/?utm_source=inbox_note&utm_medium=product&utm_campaign=facebook_q4-2022_noFB-click','unactioned',0,'',NULL,NULL),(49353,134,'paypal_paylater_g3_q4_22','Install PayPal Payments','https://woocommerce.com/products/woocommerce-paypal-payments/?utm_source=inbox_note&utm_medium=product&utm_campaign=paypal_paylater_g3_q4_22','unactioned',0,'',NULL,NULL),(49352,135,'woocommerce_admin_deprecation_q4_2022','Deactivate WooCommerce Admin','https://europeanoutlet.com/wp-admin/plugins.php','actioned',0,'',NULL,NULL),(49438,136,'paypal_paylater_g2_q4_22','Install PayPal Payments','https://woocommerce.com/products/woocommerce-paypal-payments/?utm_source=inbox_note&utm_medium=product&utm_campaign=paypal_paylater_g2_q4_22','unactioned',0,'',NULL,NULL),(45654,137,'wc-payments-notes-set-up-stripe-link','Set up now','https://woocommerce.com/document/payments/woocommerce-payments-stripe-link/','unactioned',0,'',NULL,NULL),(46797,142,'meta-hasFB-dec-q4-2022','Connect your store','https://europeanoutlet.com/wp-admin/admin.php?page=wc-facebook','unactioned',0,'',NULL,NULL),(55975,138,'google_listings_ads_custom_attribute_mapping_q4_2022','Learn more','https://woocommerce.com/document/google-listings-and-ads/?utm_source=inbox_note&utm_medium=product&utm_campaign=google_listings_ads_custom_attribute_mapping_q4_2022#attribute-mapping','actioned',0,'',NULL,NULL),(47372,139,'wc-admin-manualauthcapture','Learn more','https://woocommerce.com/document/woocommerce-payments/settings-guide/authorize-and-capture/?utm_source=inbox_note&utm_medium=product&utm_campaign=wc-admin-manualauthcapture','actioned',0,'',NULL,NULL),(47717,140,'apple_pay_square_q422','Enable Apple Pay','https://europeanoutlet.com/wp-admin/wp-admin/admin.php?page=wc-settings&tab=checkout&section=square_credit_card','unactioned',0,'',NULL,NULL),(47718,141,'apple_pay_wcpay_q422','Enable Apple Pay','https://europeanoutlet.com/wp-admin/wp-admin/admin.php?page=wc-settings&tab=checkout&section=woocommerce_payments','unactioned',0,'',NULL,NULL),(51481,148,'affirm_q1_2023','Get started with Affirm','https://woocommerce.com/products/woocommerce-gateway-affirm/?utm_source=inbox_note&utm_medium=product&utm_campaign=affirm_q1_2023','actioned',0,'',NULL,NULL),(55987,154,'extension-settings','See available updates','https://europeanoutlet.com/wp-admin/update-core.php','unactioned',0,'',NULL,NULL),(55946,38,'learn-more','Learn more','https://woocommerce.com/posts/ecommerce-shipping-solutions-guide/?utm_source=inbox_note&utm_medium=product&utm_campaign=learn-more','actioned',0,'',NULL,NULL),(55979,145,'updated-eway-payment-gateway-rin-dismiss-button-2022-12-20','Dismiss','#','actioned',0,'',NULL,NULL),(55976,144,'needs-update-eway-payment-gateway-rin-action-button-2022-12-20','See available updates','https://europeanoutlet.com/wp-admin/update-core.php','unactioned',0,'',NULL,NULL),(55978,145,'updated-eway-payment-gateway-rin-action-button-2022-12-20','See all updates','https://europeanoutlet.com/wp-admin/update-core.php','unactioned',0,'',NULL,NULL),(55977,144,'needs-update-eway-payment-gateway-rin-dismiss-button-2022-12-20','Dismiss','#','actioned',0,'',NULL,NULL),(49139,146,'storeediting_feedback_jan_2023','Share your input','https://t.maze.co/135212793','actioned',0,'',NULL,NULL),(55980,147,'share-navigation-survey-feedback','Share feedback','https://automattic.survey.fm/new-ecommerce-plan-navigation','actioned',0,'',NULL,NULL),(55939,18,'update-db_learn-more','Learn more about updates','https://docs.woocommerce.com/document/how-to-update-woocommerce/','unactioned',0,'',NULL,NULL),(53589,149,'google_listings_ads_pmax_i1_q1_2023_no_gla','Boost my business with Google','https://woocommerce.com/products/google-listings-and-ads/?utm_source=inbox_note&utm_medium=product&utm_campaign=google_listings_ads_pmax_i1_q1_2023_no_gla','actioned',0,'',NULL,NULL),(53590,150,'google_listings_ads_pmax_i1_q1_2023_with_gla','Create a new ad','https://woocommerce.com/products/google-listings-and-ads/?utm_source=inbox_note&utm_medium=product&utm_campaign=google_listings_ads_pmax_i1_q1_2023_with_gla','actioned',0,'',NULL,NULL),(55983,151,'woocommerce-wcpay-march-2023-update-needed-button','See Blog Post','https://developer.woocommerce.com/2023/03/23/critical-vulnerability-detected-in-woocommerce-payments-what-you-need-to-know','unactioned',0,'',NULL,NULL),(55984,151,'woocommerce-wcpay-march-2023-update-needed-dismiss-button','Dismiss','#','actioned',0,'',NULL,NULL),(55947,44,'optimizing-the-checkout-flow','Learn more','https://woocommerce.com/posts/optimizing-woocommerce-checkout?utm_source=inbox_note&utm_medium=product&utm_campaign=optimizing-the-checkout-flow','actioned',0,'',NULL,NULL),(55953,66,'ppxo-pps-install-paypal-payments-1','View upgrade guide','https://docs.woocommerce.com/document/woocommerce-paypal-payments/paypal-payments-upgrade-guide/','actioned',0,'',NULL,NULL),(55957,72,'learn-more','Learn more','https://woocommerce.com/posts/critical-vulnerability-detected-july-2021/?utm_source=inbox_note&utm_medium=product&utm_campaign=learn-more','unactioned',0,'',NULL,NULL),(55960,73,'dismiss','Dismiss','','actioned',0,'',NULL,NULL),(53601,156,'wc-admin-wcpay-greece-Q2-2023','Simplify my payments','https://woocommerce.com/payments/greece/?utm_source=inbox_note&utm_medium=product&utm_campaign=wc-admin-wcpay-greece-Q2-2023','actioned',0,'',NULL,NULL),(53602,157,'wc-admin-wcpay-norway-Q2-2023','Simplify my payments','https://woocommerce.com/payments/norway/?utm_source=inbox_note&utm_medium=product&utm_campaign=wc-admin-wcpay-norway-Q2-2023','actioned',0,'',NULL,NULL),(53603,158,'wc-admin-wcpay-slovakia-Q2-2023','Simplify my payments','https://woocommerce.com/payments/slovakia/?utm_source=inbox_note&utm_medium=product&utm_campaign=wc-admin-wcpay-slovakia-Q2-2023','actioned',0,'',NULL,NULL),(53604,159,'wc-admin-wcpay-finland-Q2-2023','Simplify my payments','https://woocommerce.com/payments/finland/?utm_source=inbox_note&utm_medium=product&utm_campaign=wc-admin-wcpay-finland-Q2-2023','actioned',0,'',NULL,NULL),(53605,160,'wc-admin-wcpay-estonia-Q2-2023','Simplify my payments','https://woocommerce.com/payments/estonia/?utm_source=inbox_note&utm_medium=product&utm_campaign=wc-admin-wcpay-estonia-Q2-2023','actioned',0,'',NULL,NULL),(53606,161,'wc-admin-wcpay-lithuania-Q2-2023','Simplify my payments','https://woocommerce.com/payments/lithuania/?utm_source=inbox_note&utm_medium=product&utm_campaign=wc-admin-wcpay-lithuania-Q2-2023','actioned',0,'',NULL,NULL),(53607,162,'wc-admin-wcpay-slovenia-Q2-2023','Simplify my payments','https://woocommerce.com/payments/slovenia/?utm_source=inbox_note&utm_medium=product&utm_campaign=wc-admin-wcpay-slovenia-Q2-2023','actioned',0,'',NULL,NULL),(53608,163,'wc-admin-wcpay-latvia-Q2-2023','Simplify my payments','https://woocommerce.com/payments/latvia/?utm_source=inbox_note&utm_medium=product&utm_campaign=wc-admin-wcpay-latvia-Q2-2023','actioned',0,'',NULL,NULL),(53609,164,'wc-admin-wcpay-cyprus-Q2-2023','Simplify my payments','https://woocommerce.com/payments/cyprus/?utm_source=inbox_note&utm_medium=product&utm_campaign=wc-admin-wcpay-cyprus-Q2-2023','actioned',0,'',NULL,NULL),(53610,165,'wc-admin-wcpay-malta-Q2-2023','Simplify my payments','https://woocommerce.com/payments/malta/?utm_source=inbox_note&utm_medium=product&utm_campaign=wc-admin-wcpay-malta-Q2-2023','actioned',0,'',NULL,NULL),(53611,166,'wc-admin-wcpay-luxembourg-Q2-2023','Simplify my payments','https://woocommerce.com/payments/luxembourg/?utm_source=inbox_note&utm_medium=product&utm_campaign=wc-admin-wcpay-luxembourg-Q2-2023','actioned',0,'',NULL,NULL),(55981,167,'woopay-beta-merchantrecruitment-activate-04MAY23','Activate WooPay','https://europeanoutlet.com/wp-admin/admin.php?page=wc-settings&tab=checkout&section=woocommerce_payments&method=platform_checkout','actioned',0,'',NULL,NULL),(55982,167,'woopay-beta-merchantrecruitment-activate-learnmore-04MAY23','Learn More','https://woocommerce.com/woopay-businesses/?utm_source=inbox_note&utm_medium=product&utm_campaign=woopay-beta-merchantrecruitment-activate-learnmore-04MAY23','unactioned',0,'',NULL,NULL),(53595,168,'wc-admin-BNPL-WCPay-coming-soon','Sign up now','https://woocommerce.com/buy-now-pay-later-for-woocommerce-payments/?utm_source=inbox_note&utm_medium=product&utm_campaign=wc-admin-BNPL-WCPay-coming-soon','actioned',0,'',NULL,NULL),(55990,169,'woopay-beta-merchantrecruitment-update-activate-04MAY23','Activate WooPay','https://europeanoutlet.com/wp-admin/admin.php?page=wc-settings&tab=checkout&section=woocommerce_payments&method=platform_checkout','actioned',0,'',NULL,NULL),(55991,170,'woopay-beta-existingmerchants-noaction-documentation-27APR23','Documentation','https://woocommerce.com/document/woopay-merchant-documentation/?utm_source=inbox_note&utm_medium=product&utm_campaign=woopay-beta-existingmerchants-noaction-documentation-27APR23','actioned',0,'',NULL,NULL),(55992,171,'woopay-beta-existingmerchants-update-WCPay-27APR23','Update WooCommerce Payments','https://europeanoutlet.com/wp-admin/plugins.php?plugin_status=all','actioned',0,'',NULL,NULL),(56005,178,'woopay-beta-merchantrecruitment-short-activate-button-09MAY23','Activate WooPay','https://europeanoutlet.com/wp-admin/admin.php?page=wc-settings&tab=checkout&section=woocommerce_payments&method=platform_checkout','unactioned',0,'',NULL,NULL),(55993,172,'woopay-beta-merchantrecruitment-short-activate-04MAY23','Activate WooPay','https://europeanoutlet.com/wp-admin/admin.php?page=wc-settings&tab=checkout&section=woocommerce_payments&method=platform_checkout','actioned',0,'',NULL,NULL),(55995,173,'woopay-beta-merchantrecruitment-short-update-WCPay-04MAY23','Update WooCommerce Payments','https://europeanoutlet.com/wp-admin/plugins.php?plugin_status=all','unactioned',0,'',NULL,NULL),(55997,174,'woopay-beta-merchantrecruitment-short-activate-06MAY23-TESTA','Activate WooPay Test A','https://europeanoutlet.com/wp-admin/admin.php?page=wc-settings&tab=checkout&section=woocommerce_payments&method=platform_checkout','unactioned',0,'',NULL,NULL),(55998,174,'woopay-beta-merchantrecruitment-short-activate-learnmore-06MAY23-TESTA','Learn More','https://woocommerce.com/woopay-businesses/?utm_source=inbox_note&utm_medium=product&utm_campaign=woopay-beta-merchantrecruitment-short-activate-learnmore-06MAY23-TESTA','unactioned',0,'',NULL,NULL),(55999,175,'woopay-beta-merchantrecruitment-short-activate-06MAY23-TESTB','Activate WooPay Test B','https://europeanoutlet.com/wp-admin/admin.php?page=wc-settings&tab=checkout&section=woocommerce_payments&method=platform_checkout','unactioned',0,'',NULL,NULL),(56000,175,'woopay-beta-merchantrecruitment-short-activate-learnmore-06MAY23-TESTA','Learn More','https://woocommerce.com/woopay-businesses/?utm_source=inbox_note&utm_medium=product&utm_campaign=woopay-beta-merchantrecruitment-short-activate-learnmore-06MAY23-TESTA','unactioned',0,'',NULL,NULL),(56001,176,'woopay-beta-merchantrecruitment-short-activate-06MAY23-TESTC','Activate WooPay Test C','https://europeanoutlet.com/wp-admin/admin.php?page=wc-settings&tab=checkout&section=woocommerce_payments&method=platform_checkout','unactioned',0,'',NULL,NULL),(56002,176,'woopay-beta-merchantrecruitment-short-activate-learnmore-06MAY23-TESTC','Learn More','https://woocommerce.com/woopay-businesses/?utm_source=inbox_note&utm_medium=product&utm_campaign=woopay-beta-merchantrecruitment-short-activate-learnmore-06MAY23-TESTC','unactioned',0,'',NULL,NULL),(56003,177,'woopay-beta-merchantrecruitment-short-activate-06MAY23-TESTD','Activate WooPay Test D','https://europeanoutlet.com/wp-admin/admin.php?page=wc-settings&tab=checkout&section=woocommerce_payments&method=platform_checkout','unactioned',0,'',NULL,NULL),(56006,178,'woopay-beta-merchantrecruitment-short-activate-learnmore-button2-09MAY23','Learn More','https://woocommerce.com/woopay-businesses/?utm_source=inbox_note&utm_medium=product&utm_campaign=woopay-beta-merchantrecruitment-short-activate-learnmore-button2-09MAY23','unactioned',0,'',NULL,NULL),(56008,179,'woopay-beta-merchantrecruitment-short-update-activate-09MAY23','Activate WooPay','https://europeanoutlet.com/wp-admin/admin.php?page=wc-settings&tab=checkout&section=woocommerce_payments&method=platform_checkout','unactioned',0,'',NULL,NULL),(56021,188,'woocommerce-WCOPC-June-2023-updated-needed','Dismiss','https://europeanoutlet.com/wp-admin/#','actioned',0,'',NULL,NULL),(53632,180,'payoneer_q2_2023','Get started with Payoneer','https://woocommerce.com/products/payoneer-checkout?utm_source=inbox_note&utm_medium=product&utm_campaign=payoneer_q2_2023','actioned',0,'',NULL,NULL),(55994,172,'woopay-beta-merchantrecruitment-short-activate-learnmore-04MAY23','Learn More','https://woocommerce.com/woopay-businesses/?utm_source=inbox_note&utm_medium=product&utm_campaign=woopay-beta-merchantrecruitment-short-activate-learnmore-04MAY23','actioned',0,'',NULL,NULL),(56004,177,'woopay-beta-merchantrecruitment-short-activate-learnmore-06MAY23-TESTD','Learn More','https://woocommerce.com/woopay-businesses/?utm_source=inbox_note&utm_medium=product&utm_campaign=woopay-beta-merchantrecruitment-short-activate-learnmore-06MAY23-TESTD','unactioned',0,'',NULL,NULL),(56007,179,'woopay-beta-merchantrecruitment-short-update-WCPay-09MAY23','Update WooCommerce Payments','https://europeanoutlet.com/wp-admin/plugins.php?plugin_status=all','unactioned',0,'',NULL,NULL),(56009,181,'ipp_refresh_q2_2023_us_inbox_notification','Grow my business on the go','https://woocommerce.com/in-person-payments/?utm_source=inbox_note&utm_medium=product&utm_campaign=ipp_refresh_q2_2023_us_inbox_notification','actioned',0,'',NULL,NULL),(56010,182,'ipp_refresh_q2_2023_ca_inbox_notification','Grow my business on the go','https://woocommerce.com/in-person-payments/?utm_source=inbox_note&utm_medium=product&utm_campaign=ipp_refresh_q2_2023_ca_inbox_notification','actioned',0,'',NULL,NULL),(56013,185,'woocommerce-WCPayments-June-2023-updated-needed-Plugin-Settings','See available updates','https://europeanoutlet.com/wp-admin/plugins.php?plugin_status=all','unactioned',0,'',NULL,NULL),(56012,183,'woocommerce-WCStripe-May-2023-updated-needed-Plugin-Settings-dismiss','Dismiss','#','actioned',0,'',NULL,NULL),(56011,183,'woocommerce-WCStripe-May-2023-updated-needed-Plugin-Settings','See available updates','https://europeanoutlet.com/wp-admin/plugins.php?plugin_status=all','unactioned',0,'',NULL,NULL),(56017,184,'woocommerce-WCReturnsWarranty-June-2023-updated-needed','See available updates','https://europeanoutlet.com/wp-admin/plugins.php?plugin_status=all','unactioned',0,'',NULL,NULL),(56018,184,'woocommerce-WCReturnsWarranty-June-2023-updated-needed','Dismiss','#','actioned',0,'',NULL,NULL),(56014,185,'woocommerce-WCPayments-June-2023-updated-needed-Dismiss','Dismiss','#','actioned',0,'',NULL,NULL),(56016,186,'woocommerce-WCSubscriptions-June-2023-updated-needed-dismiss','Dismiss','#','actioned',0,'',NULL,NULL),(56015,186,'woocommerce-WCSubscriptions-June-2023-updated-needed-Plugin-Settings','See available updates','https://europeanoutlet.com/wp-admin/plugins.php?plugin_status=all','unactioned',0,'',NULL,NULL),(56019,187,'woocommerce_hpos_1st_notification_q2_2023','Learn more about HPOS','https://woocommerce.com/posts/platform-update-high-performance-order-storage-for-woocommerce/?utm_source=inbox_note&utm_medium=product&utm_campaign=woocommerce_hpos_1st_notification_q2_2023','actioned',0,'',NULL,NULL),(55996,173,'woopay-beta-merchantrecruitment-short-update-activate-04MAY23','Activate WooPay','https://europeanoutlet.com/wp-admin/admin.php?page=wc-settings&tab=checkout&section=woocommerce_payments&method=platform_checkout','actioned',0,'',NULL,NULL),(56020,188,'woocommerce-WCOPC-June-2023-updated-needed','See available updates','https://europeanoutlet.com/wp-admin/plugins.php?plugin_status=all','actioned',0,'',NULL,NULL),(55938,18,'update-db_run','Update WooCommerce Database','https://europeanoutlet.com/wp-admin/post.php?post=17408&action=edit&do_update_woocommerce=true','unactioned',0,'wc_db_update','wc_db_update','wc_db_update_nonce'),(56025,190,'wc-admin-wcpay-czechia-Q2-2023','Simplify my payments','https://woocommerce.com/payments/czechia/?utm_source=inbox_note&utm_medium=product&utm_campaign=wc-admin-wcpay-czechia-Q2-2023','actioned',0,'',NULL,NULL),(56026,191,'wc-admin-wcpay-croatia-Q2-2023','Simplify my payments','https://woocommerce.com/payments/croatia/?utm_source=inbox_note&utm_medium=product&utm_campaign=wc-admin-wcpay-croatia-Q2-2023','actioned',0,'',NULL,NULL),(56027,192,'wc-admin-wcpay-hungary-Q2-2023','Simplify my payments','https://woocommerce.com/payments/hungary/?utm_source=inbox_note&utm_medium=product&utm_campaign=wc-admin-wcpay-hungary-Q2-2023','actioned',0,'',NULL,NULL),(56028,193,'wc-admin-wcpay-romania-Q2-2023','Simplify my payments','https://woocommerce.com/payments/romania/?utm_source=inbox_note&utm_medium=product&utm_campaign=wc-admin-wcpay-romania-Q2-2023','actioned',0,'',NULL,NULL),(56029,194,'wc-admin-wcpay-sweden-Q2-2023','Simplify my payments','https://woocommerce.com/payments/sweden/?utm_source=inbox_note&utm_medium=product&utm_campaign=wc-admin-wcpay-sweden-Q2-2023','actioned',0,'',NULL,NULL),(55656,195,'tiktok-spc_june-2023','Optimize my advertising','https://woocommerce.com/products/tiktok-for-woocommerce/?utm_source=inbox_note&utm_medium=product&utm_campaign=tiktok-spc_june-2023','actioned',0,'',NULL,NULL),(56022,196,'woocommerce-WCGC-July-2023-update-needed','See available updates','https://europeanoutlet.com/wp-admin/plugins.php?plugin_status=all','unactioned',0,'',NULL,NULL),(56023,196,'woocommerce-WCGC-July-2023-update-needed','Dismiss','#','actioned',0,'',NULL,NULL),(56030,197,'learn-more','Learn more','https://woocommerce.com/document/fedex/?utm_medium=product&utm_source=inbox_note&utm_campaign=learn-more#july-2023-api-outage','unactioned',0,'',NULL,NULL);

--
-- Table structure for table `wp_wc_admin_notes`
--

CREATE TABLE `wp_wc_admin_notes` (
  `note_id` bigint(20) unsigned NOT NULL AUTO_INCREMENT,
  `name` varchar(255) COLLATE utf8mb4_unicode_ci NOT NULL,
  `type` varchar(20) COLLATE utf8mb4_unicode_ci NOT NULL,
  `locale` varchar(20) COLLATE utf8mb4_unicode_ci NOT NULL,
  `title` longtext COLLATE utf8mb4_unicode_ci NOT NULL,
  `content` longtext COLLATE utf8mb4_unicode_ci NOT NULL,
  `icon` varchar(200) COLLATE utf8mb4_unicode_ci NOT NULL DEFAULT 'info',
  `content_data` longtext COLLATE utf8mb4_unicode_ci,
  `status` varchar(200) COLLATE utf8mb4_unicode_ci NOT NULL,
  `source` varchar(200) COLLATE utf8mb4_unicode_ci NOT NULL,
  `date_created` datetime NOT NULL DEFAULT '0000-00-00 00:00:00',
  `date_reminder` datetime DEFAULT NULL,
  `is_snoozable` tinyint(1) NOT NULL DEFAULT '0',
  `layout` varchar(20) COLLATE utf8mb4_unicode_ci NOT NULL DEFAULT '',
  `image` varchar(200) COLLATE utf8mb4_unicode_ci DEFAULT NULL,
  `is_deleted` tinyint(1) NOT NULL DEFAULT '0',
  `is_read` tinyint(1) NOT NULL DEFAULT '0',
  PRIMARY KEY (`note_id`)
) ENGINE=MyISAM AUTO_INCREMENT=198 DEFAULT CHARSET=utf8mb4 COLLATE=utf8mb4_unicode_ci;

--
-- Dumping data for table `wp_wc_admin_notes`
--

INSERT INTO `wp_wc_admin_notes` VALUES (1,'wc-admin-wc-helper-connection','info','en_US','Connect to WooCommerce.com','Connect to get important product notifications and updates.','info','{}','unactioned','woocommerce-admin','2020-06-04 07:26:27',NULL,0,'',NULL,0,1),(2,'wc-admin-onboarding-email-marketing','info','en_US','Tips, product updates, and inspiration','We\'re here for you - get tips, product updates and inspiration straight to your email box','mail','{}','unactioned','woocommerce-admin','2020-06-04 07:26:28',NULL,0,'',NULL,0,1),(4,'wc-admin-orders-milestone','info','en_US','Congratulations on processing 10 orders!','You\'ve hit the 10 orders milestone! Look at you go. Browse some WooCommerce success stories for inspiration.','trophy','{}','unactioned','woocommerce-admin','2020-06-04 08:28:50',NULL,0,'',NULL,0,1),(5,'wc-admin-mobile-app','info','en_US','Install Woo mobile app','Install the WooCommerce mobile app to manage orders, receive sales notifications, and view key metrics — wherever you are.','phone','{}','unactioned','woocommerce-admin','2020-06-06 10:13:20',NULL,0,'',NULL,0,1),(6,'wc-admin-usage-tracking-opt-in','info','en_US','Help WooCommerce improve with usage tracking','Gathering usage data allows us to improve WooCommerce. Your store will be considered as we evaluate new features, judge the quality of an update, or determine if an improvement makes sense. You can always visit the <a href=\"http://italianfashion.kostricani.com/wp-admin/admin.php?page=wc-settings&#038;tab=advanced&#038;section=woocommerce_com\" target=\"_blank\">Settings</a> and choose to stop sharing data. <a href=\"https://woocommerce.com/usage-tracking\" target=\"_blank\">Read more</a> about what data we collect.','info','{}','unactioned','woocommerce-admin','2020-06-11 07:26:55',NULL,0,'',NULL,0,1),(7,'wc-admin-woocommerce-payments','marketing','en_US','Try the new way to get paid','Securely accept credit and debit cards on your site. Manage transactions without leaving your WordPress dashboard. Only with <strong>WooCommerce Payments</strong>.<br><br>By clicking \"Get started\", you agree to our <a href=\"https://wordpress.com/tos/\" target=\"_blank\">Terms of Service</a>','credit-card','{}','actioned','woocommerce-admin','2020-06-11 07:26:55',NULL,0,'plain',NULL,0,1),(37,'wc-admin-manage-orders-on-the-go','info','en_US','Manage your orders on the go','Look for orders, customer info, and process refunds in one click with the Woo app.','info','{}','unactioned','woocommerce-admin','2020-12-17 07:30:23',NULL,0,'plain','',0,1),(101,'woocommerce-core-paypal-march-2022-updated-nopp','update','en_US','Security auto-update of WooCommerce','<strong>Your store has been updated to the latest secure version of WooCommerce</strong>. We worked with WordPress to deploy security updates related to PayPal Standard payment gateway for stores running WooCommerce (version 3.5 to 6.3).','info','{}','actioned','woocommerce.com','2022-03-11 07:26:40',NULL,0,'plain','',0,1),(10,'wc-admin-store-notice-giving-feedback-2','info','en_US','Give feedback','Now that you’ve chosen us as a partner, our goal is to make sure we\'re providing the right tools to meet your needs. We\'re looking forward to having your feedback on the store setup experience so we can improve it in the future.','info','{}','unactioned','woocommerce-admin','2020-07-10 07:26:29',NULL,0,'plain','',0,1),(26,'ecomm-need-help-setting-up-your-store','info','en_US','Need help setting up your Store?','Schedule a free 30-min <a href=\"https://wordpress.com/support/concierge-support/\">quick start session</a> and get help from our specialists. We’re happy to walk through setup steps, show you around the WordPress.com dashboard, troubleshoot any issues you may have, and help you the find the features you need to accomplish your goals for your site.','info','{}','pending','woocommerce.com','2020-10-22 07:39:02',NULL,0,'plain','',0,1),(13,'wc-admin-online-clothing-store','info','en_US','Start your online clothing store','Starting a fashion website is exciting but it may seem overwhelming as well. In this article, we\'ll walk you through the setup process, teach you to create successful product listings, and show you how to market to your ideal audience.','info','{}','unactioned','woocommerce-admin','2020-07-10 07:26:29',NULL,0,'plain','',0,1),(77,'wc-admin-new-sales-record','info','en_US','New sales record!','Woohoo, August 15th was your record day for sales! Net sales was $8,042.95 beating the previous record of $7,438.50 set on March 1st.','info','{\"old_record_date\":\"2021-03-01\",\"old_record_amt\":7438.5,\"new_record_date\":\"2021-08-15\",\"new_record_amt\":8042.9499999999998181010596454143524169921875}','unactioned','woocommerce-admin','2021-08-16 07:26:31',NULL,0,'plain','',0,0),(18,'wc-update-db-reminder','update','en_US','WooCommerce database update required','WooCommerce has been updated! To keep things running smoothly, we have to update your database to the newest version. The database update process runs in the background and may take a little while, so please be patient. Advanced users can alternatively update via <a href=\"https://github.com/woocommerce/woocommerce/wiki/Upgrading-the-database-using-WP-CLI\">WP CLI</a>.','info','{}','unactioned','woocommerce-core','2020-08-19 07:07:37',NULL,0,'plain','',0,1),(109,'setup_task_second_survey_q2_2022','survey','en_US','We want to know what matters most to you','Take 2 minutes to give us your input on what is important for you while setting up your store and help shape the future of WooCommerce together.','info','{}','pending','woocommerce.com','2022-05-10 07:27:11',NULL,0,'plain','',0,0),(144,'needs-update-eway-payment-gateway-rin-2022-12-20','update','en_US','Security vulnerability patched in WooCommerce Eway Gateway','In response to a potential vulnerability identified in WooCommerce Eway Gateway versions 3.1.0 to 3.5.0, we’ve worked to deploy security fixes and have released an updated version.\r\nNo external exploits have been detected, but we recommend you update to your latest supported version 3.1.26, 3.2.3, 3.3.1, 3.4.6, or 3.5.1','info','{}','pending','woocommerce.com','2023-01-05 07:26:32',NULL,0,'plain','',0,0),(20,'wc-admin-customize-store-with-blocks','info','en_US','Customize your online store with WooCommerce blocks','With our blocks, you can select and display products, categories, filters, and more virtually anywhere on your site — no need to use shortcodes or edit lines of code. Learn more about how to use each one of them.','info','{}','unactioned','woocommerce-admin','2020-08-19 07:28:17',NULL,0,'plain','',0,1),(36,'wc-payments-notes-set-up-refund-policy','info','en_US','Set up refund policy','Protect your merchant account from fraudulent disputes by defining the policy and making it accessible to customers.','info','{}','unactioned','woocommerce-payments','2020-12-16 19:41:30',NULL,0,'plain','',0,1),(23,'wc-admin-onboarding-payments-reminder','info','en_US','Start accepting payments on your store!','Take payments with the provider that’s right for you - choose from 100+ payment gateways for WooCommerce.','info','{}','unactioned','woocommerce-admin','2020-08-23 07:31:12',NULL,0,'plain','',0,1),(24,'wc-admin-real-time-order-alerts','info','en_US','Get real-time order alerts anywhere','Get notifications about store activity, including new orders and product reviews directly on your mobile devices with the Woo app.','info','{}','unactioned','woocommerce-admin','2020-09-02 07:30:04',NULL,0,'plain','',0,1),(25,'mailchimp-for-woocommerce-incomplete-install','warning','en_US','Mailchimp For WooCommerce','Plugin is not yet connected to a Mailchimp account. To complete the connection, open the settings page.','info','{\"getting_started\":true,\"activated\":1601235352,\"activated_formatted\":\"September 27th\"}','unactioned','mailchimp-for-woocommerce','2020-09-27 19:35:52',NULL,0,'plain','',0,1),(27,'woocommerce-services','info','en_US','WooCommerce Shipping & Tax','WooCommerce Shipping &amp; Tax helps get your store \"ready to sell\" as quickly as possible. You create your products. We take care of tax calculation, payment processing, and shipping label printing! Learn more about the extension that you just installed.','info','{}','pending','woocommerce.com','2020-10-22 07:39:02',NULL,0,'plain','',0,1),(28,'ecomm-unique-shopping-experience','info','en_US','For a shopping experience as unique as your customers','Product Add-Ons allow your customers to personalize products while they\'re shopping on your online store. No more follow-up email requests—customers get what they want, before they\'re done checking out. Learn more about this extension that comes included in your plan.','info','{}','pending','woocommerce.com','2020-10-22 07:39:02',NULL,0,'plain','',0,1),(145,'updated-eway-payment-gateway-rin-2022-12-20','update','en_US','WooCommerce Eway Gateway has been automatically updated','Your store is now running the latest secure version of WooCommerce Eway Gateway. We worked with the WordPress Plugins team to deploy a software update to stores running WooCommerce Eway Gateway (versions 3.1.0 to 3.5.0) in response to a security vulnerability that was discovered.','info','{}','pending','woocommerce.com','2023-01-05 07:26:32',NULL,0,'plain','',0,0),(30,'wcpay-promo-2020-11','marketing','en_US','wcpay-promo-2020-11','wcpay-promo-2020-11','info','{}','pending','woocommerce.com','2020-12-16 19:14:05',NULL,0,'plain','',0,1),(65,'wcpay-promo-2021-6-incentive-2','marketing','en_US','Simplify the payments process for you and your customers with WooCommerce Payments','With <a href=\"https://woocommerce.com/payments/?utm_medium=notification&amp;utm_source=product&amp;utm_campaign=wcpay601\">WooCommerce Payments</a>, you can securely accept all major cards, Apple Pay®, and recurring revenue in over 100 currencies.\n				Built into your store’s WooCommerce dashboard, track cash flow and manage all of your transactions in one place – with no setup costs or monthly fees.\n				<br /><br />\n				By clicking \"Get WooCommerce Payments,\" you agree to the <a href=\"https://wordpress.com/tos/?utm_medium=notification&amp;utm_source=product&amp;utm_campaign=wcpay601\">Terms of Service</a>\n				and acknowledge you have read the <a href=\"https://automattic.com/privacy/\">Privacy Policy</a>.\n				','info','{}','pending','woocommerce.com','2021-06-12 07:28:30',NULL,0,'plain','',0,1),(31,'wcpay-subscriptions-2020-11','marketing','en_US','Manage subscriber payments from your store\'s dashboard','Securely accept cards and manage transactions right from your dashboard with <a href=\"https://woocommerce.com/payments/?utm_medium=notification&amp;utm_source=product&amp;utm_campaign=wcpay_ctrl20\" target=\"_blank\">WooCommerce Payments</a>  – now supporting <a href=\"https://woocommerce.com/products/woocommerce-subscriptions/?utm_medium=notification&amp;utm_source=product&amp;utm_campaign=wcpay_ctrl20\" target=\"_blank\">WooCommerce Subscriptions</a>! <br /><br /><em>By clicking \"Install now,\" you agree to our <a href=\"https://wordpress.com/tos/?utm_medium=notification&amp;utm_source=product&amp;utm_campaign=wcpay_ctrl20\" target=\"_blank\">Terms of Service</a>.</em>','info','{}','pending','woocommerce.com','2020-12-16 19:14:05',NULL,0,'plain','',0,1),(32,'wcpay-promo-2020-12','marketing','en_US','wcpay-promo-2020-12','wcpay-promo-2020-12','info','{}','pending','woocommerce.com','2020-12-16 19:14:05',NULL,0,'plain','',0,1),(64,'wcpay-promo-2021-6-incentive-1','marketing','en_US','Simplify the payments process for you and your customers with WooCommerce Payments','With <a href=\"https://woocommerce.com/payments/?utm_medium=notification&amp;utm_source=product&amp;utm_campaign=wcpay601\">WooCommerce Payments</a>, you can securely accept all major cards, Apple Pay®, and recurring revenue in over 100 currencies.\n				Built into your store’s WooCommerce dashboard, track cash flow and manage all of your transactions in one place – with no setup costs or monthly fees.\n				<br /><br />\n				By clicking \"Get WooCommerce Payments,\" you agree to the <a href=\"https://wordpress.com/tos/?utm_medium=notification&amp;utm_source=product&amp;utm_campaign=wcpay601\">Terms of Service</a>\n				and acknowledge you have read the <a href=\"https://automattic.com/privacy/\">Privacy Policy</a>.\n				','info','{}','pending','woocommerce.com','2021-06-12 07:28:30',NULL,0,'plain','',0,1),(33,'wcpay-subscriptions-2020-12','marketing','en_US','Manage payments from your store\'s dashboard','Securely accept cards and manage transactions right from your dashboard with <a href=\"https://woocommerce.com/payments/?utm_medium=notification&amp;utm_source=product&amp;utm_campaign=wcpay_ctrl20\" target=\"_blank\">WooCommerce Payments</a>! Zero setup fees or monthly fees. Just pay-as-you-go, starting at just 2.9% + $0.30 per transaction for U.S.-issued cards. <br /><br /><em>By clicking \"Install now,\" you agree to our <a href=\"https://wordpress.com/tos/?utm_medium=notification&amp;utm_source=product&amp;utm_campaign=wcpay_ctrl20\" target=\"_blank\">Terms of Service</a>.</em>','info','{}','pending','woocommerce.com','2020-12-16 19:14:05',NULL,0,'plain','',0,1),(38,'your-first-product','info','en_US','Your first product','That’s huge! You’re well on your way to building a successful online store — now it’s time to think about how you’ll fulfill your orders.<br /><br />Read our shipping guide to learn best practices and options for putting together your shipping strategy. And for WooCommerce stores in the United States, you can print discounted shipping labels via USPS with <a href=\"https://href.li/?https://woocommerce.com/shipping\" target=\"_blank\">WooCommerce Shipping</a>.','info','{}','pending','woocommerce.com','2021-01-21 07:26:45',NULL,0,'plain','',0,1),(39,'wc-admin-getting-started-in-ecommerce','info','en_US','Getting Started in eCommerce - webinar','We want to make eCommerce and this process of getting started as easy as possible for you. Watch this webinar to get tips on how to have our store up and running in a breeze.','info','{}','pending','woocommerce.com','2021-01-27 07:26:56',NULL,0,'plain','',0,1),(40,'wc-square-apple-pay-boost-sales','marketing','en_US','Boost sales with Apple Pay','Now that you accept Apple Pay® with Square you can increase conversion rates by letting your customers know that Apple Pay® is available. Here’s a marketing guide to help you get started.','info','{}','pending','woocommerce.com','2021-02-12 07:27:04',NULL,0,'plain','',0,1),(41,'wc-square-apple-pay-grow-your-business','marketing','en_US','Grow your business with Square and Apple Pay ','Now more than ever, shoppers want a fast, simple, and secure online checkout experience. Increase conversion rates by letting your customers know that you now accept Apple Pay®.','info','{}','pending','woocommerce.com','2021-02-12 07:27:04',NULL,0,'plain','',0,1),(42,'facebook_pixel_api_2021','marketing','en_US','Improve the performance of your Facebook ads','Enable Facebook Pixel and Conversions API through the latest version of Facebook for WooCommerce for improved measurement and ad targeting capabilities.','info','{}','pending','woocommerce.com','2021-02-13 07:28:48',NULL,0,'plain','',0,1),(43,'facebook_ec_2021','marketing','en_US','Sync your product catalog with Facebook to help boost sales','A single click adds all products to your Facebook Business Page shop. Product changes are automatically synced, with the flexibility to control which products are listed.','info','{}','unactioned','woocommerce.com','2021-03-01 07:27:18',NULL,0,'plain','',0,1),(44,'wc-admin-optimizing-the-checkout-flow','info','en_US','Optimizing the checkout flow','It’s crucial to get your store’s checkout as smooth as possible to avoid losing sales. Let’s take a look at how you can optimize the checkout experience for your shoppers.','info','{}','pending','woocommerce.com','2021-02-17 07:34:02',NULL,0,'plain','',0,1),(45,'wc-admin-first-five-things-to-customize','info','en_US','The first 5 things to customize in your store','Deciding what to start with first is tricky. To help you properly prioritize, we’ve put together this short list of the first few things you should customize in WooCommerce.','info','{}','unactioned','woocommerce.com','2022-04-19 07:26:40',NULL,0,'plain','',0,1),(58,'share-your-feedback-on-paypal','info','en_US','Share your feedback on PayPal','Share your feedback in this 2 minute survey about how we can make the process of accepting payments more useful for your store.','info','{}','pending','woocommerce.com','2021-05-14 07:26:27',NULL,0,'plain','',0,1),(99,'lead_gen_existing_customers_1','marketing','en_US','Talk to a consultant','As your business grows, you want to optimize costs, streamline operations, and sell more. We can help. Talk to us about how you can get the most out of WooCommerce.','info','{}','unactioned','woocommerce.com','2022-02-12 07:26:45',NULL,0,'plain','',0,0),(100,'woocommerce-core-paypal-march-2022-updated','update','en_US','Security auto-update of WooCommerce','<strong>Your store has been updated to the latest secure version of WooCommerce</strong>. We worked with WordPress to deploy PayPal Standard security updates for stores running WooCommerce (version 3.5 to 6.3). It’s recommended to disable PayPal Standard, and use <a href=\"https://woocommerce.com/products/woocommerce-paypal-payments/\" target=\"_blank\">PayPal Payments</a> to accept PayPal.','info','{}','pending','woocommerce.com','2022-03-11 07:26:40',NULL,0,'plain','',0,0),(48,'wc-admin-choosing-a-theme','marketing','en_US','Choosing a theme?','Check out the themes that are compatible with WooCommerce and choose one aligned with your brand and business needs.','info','{}','unactioned','woocommerce-admin','2021-02-24 07:28:31',NULL,0,'plain','',0,1),(146,'storeediting_feedback_jan_2023','marketing','en_US','Tell us what you need to customize your store!','We need your feedback. Please spare a few minutes to share your input on what is most important to you when designing and customizing your storefront to help us build the features you need.','info','{}','unactioned','woocommerce.com','2023-01-13 07:33:15',NULL,0,'plain','',0,1),(50,'wc-admin-performance-on-mobile','info','en_US','Track your store performance on mobile','Monitor your sales and high performing products with the Woo app.','info','{}','unactioned','woocommerce-admin','2021-03-01 07:27:18',NULL,0,'plain','',0,1),(53,'wcpay-apple-pay-boost-sales','marketing','en_US','Boost sales with Apple Pay','Now that you accept Apple Pay® with WooCommerce Payments you can increase conversion rates by letting your customers know that Apple Pay® is available. Here’s a marketing guide to help you get started.','info','{}','pending','woocommerce.com','2021-03-20 07:26:34',NULL,0,'plain','',0,1),(54,'wcpay-apple-pay-grow-your-business','marketing','en_US','Grow your business with WooCommerce Payments and Apple Pay','Now more than ever, shoppers want a fast, simple, and secure online checkout experience. Increase conversion rates by letting your customers know that you now accept Apple Pay®.','info','{}','unactioned','woocommerce.com','2021-08-11 07:28:21',NULL,0,'plain','',0,0),(55,'wcpay-apple-pay-is-now-available','marketing','en_US','Apple Pay is now available with WooCommerce Payments!','Increase your conversion rate by offering a fast and secure checkout with <a href=\"https://woocommerce.com/apple-pay/?utm_source=inbox&amp;utm_medium=product&amp;utm_campaign=wcpay_applepay\" target=\"_blank\">Apple Pay</a>®. It’s free to get started with <a href=\"https://woocommerce.com/payments/?utm_source=inbox&amp;utm_medium=product&amp;utm_campaign=wcpay_applepay\" target=\"_blank\">WooCommerce Payments</a>.','info','{}','unactioned','woocommerce.com','2021-04-20 13:07:46',NULL,0,'plain','',0,1),(56,'paypal_ppcp_gtm_2021','marketing','en_US','Offer more options with the new PayPal','Get the latest PayPal extension for a full suite of payment methods with extensive currency and country coverage.','info','{}','pending','woocommerce.com','2021-04-02 07:26:46',NULL,0,'plain','',0,1),(57,'wc-payments-qualitative-feedback','info','en_US','WooCommerce Payments setup - let us know what you think','Congrats on enabling WooCommerce Payments for your store. Please share your feedback in this 2 minute survey to help us improve the setup process.','info','{}','unactioned','woocommerce.com','2022-04-19 07:26:40',NULL,0,'plain','',0,1),(59,'wcpay_instant_deposits_gtm_2021','marketing','en_US','Get paid within minutes – Instant Deposits for WooCommerce Payments','Stay flexible with immediate access to your funds when you need them – including nights, weekends, and holidays. With <a href=\"https://woocommerce.com/products/woocommerce-payments/?utm_source=inbox&amp;utm_medium=product&amp;utm_campaign=wcpay_instant_deposits\">WooCommerce Payments\'</a> new Instant Deposits feature, you’re able to transfer your earnings to a debit card within minutes.','info','{}','unactioned','woocommerce.com','2021-05-18 07:26:28',NULL,0,'plain','',0,1),(60,'wc-subscriptions-security-update-3-0-15','info','en_US','WooCommerce Subscriptions security update!','We recently released an important security update to WooCommerce Subscriptions. To ensure your site’s data is protected, please upgrade <strong>WooCommerce Subscriptions to version 3.0.15</strong> or later.<br /><br />Click the button below to view and update to the latest Subscriptions version, or log in to <a href=\"https://woocommerce.com/my-dashboard\">WooCommerce.com Dashboard</a> and navigate to your <strong>Downloads</strong> page.<br /><br />We recommend always using the latest version of WooCommerce Subscriptions, and other software running on your site, to ensure maximum security.<br /><br />If you have any questions we are here to help — just <a href=\"https://woocommerce.com/my-account/create-a-ticket/\">open a ticket</a>.','info','{}','pending','woocommerce.com','2021-05-31 07:26:32',NULL,0,'plain','',0,1),(61,'wc-admin-edit-products-on-the-move','info','en_US','Edit products on the move','Edit and create new products from your mobile devices with the Woo app','info','{}','unactioned','woocommerce-admin','2021-06-04 07:26:46',NULL,0,'plain','',0,1),(62,'google_listings_and_ads_install','marketing','en_US','Drive traffic and sales with Google','Reach online shoppers to drive traffic and sales for your store by showcasing products across Google, for free or with ads.','info','{}','pending','woocommerce.com','2021-06-08 07:26:29',NULL,0,'plain','',0,1),(63,'woocommerce-core-update-5-4-0','info','en_US','Update to WooCommerce 5.4.1 now','WooCommerce 5.4.1 addresses a checkout issue discovered in WooCommerce 5.4. We recommend upgrading to WooCommerce 5.4.1 as soon as possible.','info','{}','pending','woocommerce.com','2021-06-11 07:29:30',NULL,0,'plain','',0,1),(66,'ppxo-pps-upgrade-paypal-payments-1','info','en_US','Get the latest PayPal extension for WooCommerce','Heads up! There’s a new PayPal on the block!<br /><br />Now is a great time to upgrade to our latest <a href=\"https://woocommerce.com/products/woocommerce-paypal-payments/\" target=\"_blank\">PayPal extension</a> to continue to receive support and updates with PayPal.<br /><br />Get access to a full suite of PayPal payment methods, extensive currency and country coverage, and pay later options with the all-new PayPal extension for WooCommerce.','info','{}','pending','woocommerce.com','2021-06-23 07:30:13',NULL,0,'plain','',0,1),(67,'ppxo-pps-upgrade-paypal-payments-2','info','en_US','Upgrade your PayPal experience!','Get access to a full suite of PayPal payment methods, extensive currency and country coverage, offer subscription and recurring payments, and the new PayPal pay later options.<br /><br />Start using our <a href=\"https://woocommerce.com/products/woocommerce-paypal-payments/\" target=\"_blank\">latest PayPal today</a> to continue to receive support and updates.','info','{}','unactioned','woocommerce.com','2021-06-23 07:30:13',NULL,0,'plain','',0,1),(95,'wc_simple_payments_m2_reader_launch_q1_2022','marketing','en_US','Take quick and easy in-person payments','WooCommerce is continuing to power up your business with our new Simple Payments feature, built exclusively for WooCommerce In-Person Payments. Capture quick and simple payments anywhere else your customers are – or offer a local pickup option with payment taken in-person for orders placed online.','info','{}','unactioned','woocommerce.com','2022-02-04 07:26:29',NULL,0,'plain','',0,0),(68,'eu_vat_changes_2021','marketing','en_US','Get your business ready for the new EU tax regulations','On July 1, 2021, new taxation rules will come into play when the <a href=\"https://ec.europa.eu/taxation_customs/business/vat/modernising-vat-cross-border-ecommerce_en\">European Union (EU) Value-Added Tax (VAT) eCommerce package</a> takes effect.<br /><br />The new regulations will impact virtually every B2C business involved in cross-border eCommerce trade with the EU.<br /><br />We therefore recommend <a href=\"https://woocommerce.com/posts/new-eu-vat-regulations\">familiarizing yourself with the new updates</a>, and consult with a tax professional to ensure your business is following regulations and best practice.','info','{}','unactioned','woocommerce.com','2021-06-24 07:38:21',NULL,0,'plain','',0,1),(69,'wc-admin-marketing-jetpack-backup','marketing','en_US','Protect your WooCommerce Store with Jetpack Backup.','Store downtime means lost sales. One-click restores get you back online quickly if something goes wrong.','info','{}','unactioned','woocommerce-admin-notes','2021-07-14 07:26:49',NULL,0,'plain','',0,0),(70,'wayflyer_q3_2021','marketing','en_US','Grow your revenue with Wayflyer financing and analytics','Flexible financing tailored to your needs by <a href=\"https://woocommerce.com/products/wayflyer/\">Wayflyer</a> – one fee, no interest rates, penalties, equity, or personal guarantees. Based on your store\'s performance, Wayflyer can provide the financing you need to grow and the analytical insights to help you spend it.','info','{}','pending','woocommerce.com','2021-07-16 07:35:17',NULL,0,'plain','',0,0),(71,'woocommerce-core-sqli-july-2021-need-to-update','update','en_US','Action required: Critical vulnerabilities in WooCommerce','In response to a critical vulnerability identified on July 13, 2021, we are working with the WordPress Plugins Team to deploy software updates to stores running WooCommerce (versions 3.3 to 5.5) and the WooCommerce Blocks feature plugin (versions 2.5 to 5.5).<br /><br />Our investigation into this vulnerability is ongoing, but <strong>we wanted to let you know now about the importance of updating immediately</strong>.<br /><br />For more information on which actions you should take, as well as answers to FAQs, please urgently review our blog post detailing this issue.','info','{}','pending','woocommerce.com','2021-07-16 07:35:17',NULL,0,'plain','',0,0),(72,'woocommerce-blocks-sqli-july-2021-need-to-update','update','en_US','Action required: Critical vulnerabilities in WooCommerce Blocks','In response to a critical vulnerability identified on July 13, 2021, we are working with the WordPress Plugins Team to deploy software updates to stores running WooCommerce (versions 3.3 to 5.5) and the WooCommerce Blocks feature plugin (versions 2.5 to 5.5).<br /><br />Our investigation into this vulnerability is ongoing, but <strong>we wanted to let you know now about the importance of updating immediately</strong>.<br /><br />For more information on which actions you should take, as well as answers to FAQs, please urgently review our blog post detailing this issue.','info','{}','pending','woocommerce.com','2021-07-16 07:35:17',NULL,0,'plain','',0,0),(73,'woocommerce-core-sqli-july-2021-store-patched','update','en_US','Solved: Critical vulnerabilities patched in WooCommerce','In response to a critical vulnerability identified on July 13, 2021, we worked with the WordPress Plugins Team to deploy software updates to stores running WooCommerce (versions 3.3 to 5.5) and the WooCommerce Blocks feature plugin (versions 2.5 to 5.5).<br /><br /><strong>Your store has been updated to the latest secure version(s)</strong>. For more information and answers to FAQs, please review our blog post detailing this issue.','info','{}','pending','woocommerce.com','2021-07-16 07:35:17',NULL,0,'plain','',0,0),(74,'woocommerce-blocks-sqli-july-2021-store-patched','update','en_US','Solved: Critical vulnerabilities patched in WooCommerce Blocks','In response to a critical vulnerability identified on July 13, 2021, we worked with the WordPress Plugins Team to deploy software updates to stores running WooCommerce (versions 3.3 to 5.5) and the WooCommerce Blocks feature plugin (versions 2.5 to 5.5).<br /><br /><strong>Your store has been updated to the latest secure version(s)</strong>. For more information and answers to FAQs, please review our blog post detailing this issue.','info','{}','pending','woocommerce.com','2021-07-16 07:35:17',NULL,0,'plain','',0,0),(79,'mercadopago_q3_2021_EN','marketing','en_US','Get paid with Mercado Pago Checkout','Latin America\'s leading payment processor is now available for WooCommerce stores. Securely accept debit and credit cards, cash, bank transfers, and installment payments – backed by exclusive fraud prevention tools.','info','{}','pending','woocommerce.com','2021-09-01 07:26:28',NULL,0,'plain','',0,0),(78,'wc-refund-returns-page','info','en_US','Setup a Refund and Returns Policy page to boost your store\'s credibility.','We have created a sample draft Refund and Returns Policy page for you. Please have a look and update it to fit your store.','info','{}','unactioned','woocommerce-core','2021-08-18 22:55:11',NULL,0,'plain','',0,0),(76,'wc-payments-notes-multi-currency-available','info','en_US','Sell worldwide in multiple currencies','Boost your international sales by allowing your customers to shop and pay in their local currency.','info','{}','unactioned','woocommerce-payments','2021-08-04 19:27:42',NULL,0,'plain','',0,0),(80,'bbpos-chipper-launch','marketing','en_US','Ready to grow your business beyond online?','Collect payment in person for orders placed online using WooCommerce In-Person Payments. The BBPOS Chipper card reader can process payments securely, and keep everything synced in your WooCommerce Payments dashboard – no matter where you are.','info','{}','unactioned','woocommerce.com','2021-10-18 07:26:29',NULL,0,'plain','',0,0),(81,'wc-admin-coupon-page-moved','update','en_US','Coupon management has moved!','Coupons can now be managed from Marketing &gt; Coupons. Click the button below to remove the legacy WooCommerce &gt; Coupons menu item.','info','{}','unactioned','woocommerce-admin','2021-11-02 18:28:33',NULL,0,'plain','',0,0),(82,'habit-moment-survey','marketing','en_US','We’re all ears! Share your experience so far with WooCommerce','We’d love your input to shape the future of WooCommerce together. Feel free to share any feedback, ideas or suggestions that you have.','info','{}','pending','woocommerce.com','2021-11-05 07:27:06',NULL,0,'plain','',0,0),(96,'wcpay_applepay_q1_2022','marketing','en_US','Increase conversions with Apple Pay – just like Diane does','See how Diane from <a href=\"https://woocommerce.com/posts/lady-dye-yarns-from-crafts-to-activism-with-woocommerce/?utm_source=product&amp;utm_medium=inboxnotification&amp;utm_campaign=apple-pay\" target=\"_blank\">Lady Dye Yarns</a> uses Apple Pay to provide customers with the fast, secure checkout experience they love. You can, too – Apple Pay is included in WooCommerce Payments. Here\'s how you can increase conversions by encouraging shoppers to pay with a single tap.','info','{}','unactioned','woocommerce.com','2022-02-07 07:26:42',NULL,0,'plain','',0,0),(84,'new_in_app_marketplace_2021_1','info','en_US','Grow your business with extensions','Check out our NEW Extensions tab to see our favorite extensions for growing your business, and discover the most popular extensions in the WooCommerce Marketplace.','info','{}','pending','woocommerce.com','2021-11-09 07:31:11',NULL,0,'plain','',0,0),(85,'new_in_app_marketplace_2021_2','info','en_US','Customize your store with extensions','Check out our NEW Extensions tab to see our favorite extensions for customizing your store, and discover the most popular extensions in the WooCommerce Marketplace.','info','{}','unactioned','woocommerce.com','2021-11-09 07:31:11',NULL,0,'plain','',0,0),(86,'stripe_applepay_holiday2021','marketing','en_US','Boost sales this holiday season with Apple Pay!','Increase your conversion rate by letting your customers know that you accept Apple Pay. It’s seamless to <a href=\"https://docs.woocommerce.com/document/stripe/?_ga=2.90941597.642705274.1635776464-1391993999.1621950839#apple-pay\">enable Apple Pay with Stripe</a> and easy to communicate it with this <a href=\"https://developer.apple.com/apple-pay/marketing/\">marketing guide</a>.','info','{}','pending','woocommerce.com','2021-11-12 07:29:03',NULL,0,'plain','',0,0),(87,'square_applepay_holiday2021','marketing','en_US','Boost sales this holiday season with Apple Pay!','Increase your conversion rate by letting your customers know that you accept Apple Pay. It’s seamless to <a href=\"https://docs.woocommerce.com/document/woocommerce-square/?_ga=2.90941597.642705274.1635776464-1391993999.1621950839#section-14\">enable Apple Pay with Square</a> and easy to communicate it with this <a href=\"https://developer.apple.com/apple-pay/marketing/\">marketing guide</a>.','info','{}','pending','woocommerce.com','2021-11-12 07:29:03',NULL,0,'plain','',0,0),(88,'wcpay_applepay_holiday2021','marketing','en_US','Boost sales this holiday season with Apple Pay!','Increase your conversion rate by letting your customers know that you accept Apple Pay. It’s seamless to <a href=\"https://docs.woocommerce.com/document/payments/apple-pay/\">enable Apple Pay with WooCommerce Payments</a> and easy to communicate it with this <a href=\"https://developer.apple.com/apple-pay/marketing/\">marketing guide</a>.','info','{}','unactioned','woocommerce.com','2021-11-12 07:29:03',NULL,0,'plain','',0,0),(89,'wayflyer_bnpl_q4_2021','marketing','en_US','Grow your business with funding through Wayflyer','Fast, flexible financing to boost cash flow and help your business grow – one fee, no interest rates, penalties, equity, or personal guarantees. Based on your store’s performance, Wayflyer provides funding and analytical insights to invest in your business.','info','{}','pending','woocommerce.com','2021-11-12 07:29:03',NULL,0,'plain','',0,0),(90,'wc_shipping_mobile_app_usps_q4_2021','marketing','en_US','Print and manage your shipping labels with WooCommerce Shipping and the WooCommerce Mobile App','Save time by printing, purchasing, refunding, and tracking shipping labels generated by <a href=\"https://woocommerce.com/woocommerce-shipping/\">WooCommerce Shipping</a> – all directly from your mobile device!','info','{}','pending','woocommerce.com','2021-11-12 07:29:03',NULL,0,'plain','',0,0),(91,'wc_shipping_mobile_app_q4_2021','marketing','en_US','Print and manage your shipping labels with the WooCommerce Mobile App','Save time by printing, purchasing, refunding, and tracking shipping labels generated by <a href=\"https://woocommerce.com/woocommerce-shipping/\">WooCommerce Shipping</a> – all directly from your mobile device!','info','{}','unactioned','woocommerce.com','2021-11-12 07:29:03',NULL,0,'plain','',0,0),(92,'new_in_app_marketplace_2021','info','en_US','Customize your store with extensions','Check out our NEW Extensions tab to see our favorite extensions for customizing your store, and discover the most popular extensions in the WooCommerce Marketplace.','info','{}','unactioned','woocommerce.com','2021-11-24 07:26:43',NULL,0,'plain','',0,0),(94,'ecomm-wc-navigation-survey','info','en_US','We’d like your feedback on the WooCommerce navigation','We’re making improvements to the WooCommerce navigation and would love your feedback. Share your experience in this 2 minute survey.','info','{}','pending','woocommerce.com','2022-01-06 07:26:59',NULL,0,'plain','',0,0),(97,'stripe_applepay_q1_2022','marketing','en_US','Increase conversions with Apple Pay – just like Thomas does','Read the inspirational story of <a href=\"https://woocommerce.com/posts/incredible-story-of-thomas-trendy-socks-down-syndrome-entrepreneur/?utm_source=product&amp;utm_medium=inboxnotification&amp;utm_campaign=apple-pay\" target=\"_blank\">Thomas\'s Trendy Socks</a> and see how he’s using Apple Pay to provide customers with the fast, secure checkout experience they love. You can, too – ready to turn more visitors into buyers? Accept Apple Pay by selecting Enable express checkouts in Settings &gt; Payments &gt; Stripe.','info','{}','pending','woocommerce.com','2022-02-07 07:26:42',NULL,0,'plain','',0,0),(98,'square_applepay_q1_2022','marketing','en_US','Increase conversions with a faster checkout experience','By enabling Apple Pay in Square, your customers can complete purchases quickly and securely with a single touch or a glance – no lengthy checkout forms necessary. Accept Apple Pay by enabling Digital Wallets within Settings &gt; Payments &gt; Square.','info','{}','pending','woocommerce.com','2022-02-07 07:26:42',NULL,0,'plain','',0,0),(102,'pinterest_03_2022_update','marketing','en_US','Your Pinterest for WooCommerce plugin is out of date!','Update to the latest version of Pinterest for WooCommerce to continue using this plugin and keep your store connected with Pinterest. To update, visit <strong>Plugins &gt; Installed Plugins</strong>, and click on “update now” under Pinterest for WooCommerce.','info','{}','pending','woocommerce.com','2022-03-24 07:26:47',NULL,0,'plain','',0,0),(103,'wc-admin-navigation-nudge','info','en_US','You now have access to the WooCommerce navigation','We’re introducing a new navigation for a more intuitive and improved user experience. You can enable the beta version of the new experience in the Advanced Settings. Enable it now for your store.','info','{}','unactioned','woocommerce-admin','2022-04-13 07:26:28',NULL,0,'plain','',0,0),(104,'wc-admin-launch-checklist','info','en_US','Ready to launch your store?','To make sure you never get that sinking \"what did I forget\" feeling, we\'ve put together the essential pre-launch checklist.','info','{}','unactioned','woocommerce-admin','2022-04-19 07:26:40',NULL,0,'plain','',0,0),(105,'pinterest_gtm_q2_2021','marketing','en_US','Get your products in front of a large, engaged audience','Did you know that shoppers on Pinterest spend twice as much as people on other social platforms? With the new, official Pinterest for WooCommerce, you can turn your product catalog into shoppable Pins and showcase them to 400+ million monthly users looking to buy.','info','{}','unactioned','woocommerce.com','2022-04-24 07:26:53',NULL,0,'plain','',0,0),(106,'setup_task_initiative_survey_q2_2022','survey','en_US','We want to know what matters most to you','Take 2 minutes to give us your input on what is important for you while setting up your store and help shape the future of WooCommerce together.','info','{}','pending','woocommerce.com','2022-04-27 07:26:44',NULL,0,'plain','',0,0),(107,'woocommerce_payments_subscriptions_nopayments_q2_2022','marketing','en_US','Sell subscriptions online – without a paid extension','Say hello to WooCommerce Payments – now with built-in subscriptions functionality. Get free access to the features you need to start earning recurring revenue online. Pay as you go, with no setup costs or monthly fees.','info','{}','pending','woocommerce.com','2022-04-27 07:26:44',NULL,0,'plain','',0,0),(108,'woocommerce_payments_subscriptions_yespayments_q2_2022','marketing','en_US','Sell subscriptions online – no extra extension required','It\'s here! WooCommerce Payments now features built-in subscriptions functionality. No need to install an extra, paid extension – we\'ve made it simpler than ever to start earning recurring revenue. Ready to grow your business?','info','{}','unactioned','woocommerce.com','2022-04-27 07:26:44',NULL,0,'plain','',0,0),(110,'store_setup_survey_survey_q2_2022','survey','en_US','How is your store setup going?','Our goal is to make sure you have all the right tools to start setting up your store in the smoothest way possible.\r\nWe’d love to know if we hit our mark and how we can improve. To collect your thoughts, we made a 2-minute survey.','info','{}','pending','woocommerce.com','2022-05-10 07:27:11',NULL,0,'plain','',0,0),(111,'affirm_q2_2022','marketing','en_US','Boost your business with flexible payments','Expand your customer base with smarter payment options for more shoppers. With Affirm,  you can offer the most relevant payment options at every price point – from four interest-free payments every two weeks to longer installments up to 36 months. Fast-track your revenue goals today!','info','{}','unactioned','woocommerce.com','2022-05-15 07:26:29',NULL,0,'plain','',0,0),(112,'wc-admin-EU-consumer-protection','marketing','en_US','Important changes to EU consumer protection laws','New regulations to help modernize and strengthen consumer protection laws in the European Union (EU) take effect on May 28, 2022. These rules impact all merchants selling to the EU, regardless of where their business is located. Further detailed information is available on the European Commission\'s official website.','info','{}','unactioned','woocommerce.com','2022-05-15 07:26:29',NULL,0,'plain','',0,0),(113,'googlelistings_multicountrygtm_q22022','marketing','en_US','Expand your audience with Multi-Country Advertising','It\'s time to expand your audience with Multi-Country Advertising, an exciting new feature in Google Listings &amp; Ads. Reach more potential customers in as many regions as you like within a single campaign, all from the convenience of your WooCommerce dashboard.','info','{}','unactioned','woocommerce.com','2022-05-16 07:27:14',NULL,0,'plain','',0,0),(117,'tiktok-webinar-promo-july2022','marketing','en_US','Free webinar: TikTok for WooCommerce','Join WooCommerce and TikTok live on July 14 to learn about ad types, trends, and the best ways to connect with an audience of one billion active users on the world’s fastest-growing social platform. Participants have a chance to score a free month of Vimeo Pro, and two winners will get a $5,000 ad credit and more.','info','{}','pending','woocommerce.com','2022-07-09 07:26:29',NULL,0,'plain','',0,0),(114,'wc_ipp_order_creation_GTM_launch_q2_2022','marketing','en_US','Grow your business on the go with WooCommerce In-Person Payments','Quickly create new orders, manage transactions, and take secure payments no matter where your business takes you. With automatic inventory sync, WooCommerce In-Person Payments is the only fully integrated solution for taking your WooCommerce store offline.','info','{}','unactioned','woocommerce.com','2022-05-26 07:28:56',NULL,0,'plain','',0,0),(115,'wc-admin-wisepad3','marketing','en_US','Take your business on the go in Canada with WooCommerce In-Person Payments','Quickly create new orders, accept payment in person for orders placed online, and automatically sync your inventory – no matter where your business takes you. With WooCommerce In-Person Payments and the WisePad 3 card reader, you can bring the power of your store anywhere.','info','{}','pending','woocommerce.com','2022-06-25 08:06:13',NULL,0,'plain','',0,0),(116,'TikTok q2_2022','marketing','en_US','Give your store a stage on the world’s fastest-growing advertising channel','With TikTok for WooCommerce, you can sync your catalog, create videos, and track performance in front of TikTok’s one billion global users. Try the Smart Video Generator to make ads using your existing product images – no camera needed. Get $200 in ad credit from TikTok after a $20 spend (terms &amp; conditions apply).','info','{}','unactioned','woocommerce.com','2022-06-25 08:06:13',NULL,0,'plain','',0,0),(118,'mercado_pago_q3_2022','marketing','en_US','Get paid with Mercado Pago Checkout','Give your customers a checkout they can trust with Latin America\'s leading payment processor. Securely accept debit and credit cards, cash, bank transfers, and installment payments – backed by exclusive fraud prevention tools.','info','{}','pending','woocommerce.com','2022-08-12 19:47:49',NULL,0,'plain','',0,0),(119,'klarna_q3_2022','marketing','en_US','Meet Klarna – your ultimate growth partner','Increase conversions by offering secure, flexible payment solutions – including buy now, pay later – all through a one-click checkout experience. Plus, you’ll tap into a whole new market of the world’s most engaged shoppers.','info','{}','unactioned','woocommerce.com','2022-08-12 19:47:49',NULL,0,'plain','',0,0),(120,'woocommerce-payments-august-2022-need-to-update','update','en_US','Action required: Please update WooCommerce Payments','An updated secure version of WooCommerce Payments is available – please ensure that you’re using the latest patch version. For more information on what action you need to take, please review the article below.','info','{}','pending','woocommerce.com','2022-08-12 19:47:49',NULL,0,'plain','',0,0),(121,'woocommerce-payments-august-2022-store-patched','update','en_US','WooCommerce Payments has been automatically updated','You’re now running the latest secure version of WooCommerce Payments. We’ve worked with the WordPress Plugins team to deploy a security update to stores running WooCommerce Payments (version 3.9 to 4.5). For further information, please review the article below.','info','{}','actioned','woocommerce.com','2022-08-12 19:47:49',NULL,0,'plain','',0,1),(122,'mobile_app_order_management_q3_2022','marketing','en_US','Take order management on the go','The WooCommerce Mobile App continues to get better with added order management functionality! Add or remove products, edit fees, or change the shipping options in any existing order – all from within the app.','info','{}','unactioned','woocommerce.com','2022-08-17 07:26:31',NULL,0,'plain','',0,0),(123,'product_creation_usability_test_6_months','survey','en_US','Try the new product edit form prototype','Take an early look at the future of editing products in WooCommerce. Share your thoughts (~5 minutes) and help shape the experience for yourself and other merchants.','info','{}','pending','woocommerce.com','2022-08-30 08:16:43',NULL,0,'plain','',0,0),(124,'product_creation_usability_test_3_months','survey','en_US','Have a say in the future of WooCommerce','Take an early look at the future of editing products in WooCommerce. Share your thoughts (~5 minutes) and help shape the experience for yourself and other merchants.','info','{}','pending','woocommerce.com','2022-08-30 08:16:43',NULL,0,'plain','',0,0),(125,'product_creation_usability_test_12_months','survey','en_US','Try the new product edit form prototype','Take an early look at the future of editing products in WooCommerce. Share your thoughts (~5 minutes) and help shape the experience for yourself and other merchants.','info','{}','pending','woocommerce.com','2022-09-07 07:26:28',NULL,0,'plain','',0,0),(126,'custom_deposit_schedules_inbox','marketing','en_US','Customize your deposit schedule','Receive your funds according to your own business needs with custom deposit schedules from WooCommerce Payments. You’ll have the flexibility to deposit funds into your bank account daily, weekly, monthly, or even on-demand – you’ve done the work, now get paid on your terms.','info','{}','unactioned','woocommerce.com','2022-09-15 07:26:44',NULL,0,'plain','',0,0),(127,'googlelistings_signals2022_hasGLA','marketing','en_US','Show off your products with Ads on Google','You’re ready to grow with ads. Google optimizes for performance across your products; you only pay for results. If you’re new to Google, you can earn up to $500 in ad credits (T&amp;Cs apply). <a href=\"https://woocommerce.com/my-account/create-a-ticket/\">Contact support</a> if you need guidance with Google Listings &amp; Ads.','info','{}','pending','woocommerce.com','2022-09-23 07:26:31',NULL,0,'plain','',0,0),(128,'googlelistings_signals2022_noGLA','marketing','en_US','Show off your products with Ads on Google','You’re ready to grow with ads. Google optimizes for performance across your products; you only pay for results. If you’re new to Google, you can earn up to $500 in ad credits (T&amp;Cs apply). <a href=\"https://woocommerce.com/my-account/create-a-ticket/\">Contact support</a> if you need guidance with Google Listings &amp; Ads.','info','{}','pending','woocommerce.com','2022-09-23 07:26:31',NULL,0,'plain','',0,0),(129,'pre-black-friday-sale-2022-announcement','marketing','en_US','Surprise! We’re offering 40% off everything at WooCommerce.com','Just in time to get your store Black Friday ready. Sale ends 7 October, 2pm UTC.','info','{}','unactioned','woocommerce.com','2022-10-04 07:26:52',NULL,0,'plain','',0,0),(130,'shipping_category_q4_2022','marketing','en_US','Save time on shipping','Is your store all set to ship? Save valuable time (and money!) by automating your fulfillment process for the busiest shopping season. Explore our range of trusted shipping partners to get started.','info','{}','unactioned','woocommerce.com','2022-10-14 07:26:53',NULL,0,'plain','',0,0),(131,'facebook_q4-2022_hasFB','marketing','en_US','Drive more demand this holiday season with Facebook for WooCommerce','Deliver a personalized and seamless shopping experience this holiday season with Facebook for WooCommerce. With more ad formats than ever, you can create engaging ads that meet customers across Facebook, Instagram, Messenger, and WhatsApp throughout the busy shopping season.','info','{}','unactioned','woocommerce.com','2022-10-21 07:27:54',NULL,0,'plain','',0,0),(132,'facebook_q4-2022_noFB','marketing','en_US','Meet your customers where they are with Facebook for WooCommerce','Don’t wait for your customers to come to you – meet them where they’re browsing! Use the Facebook for WooCommerce extension to promote your products on Facebook, Instagram, Messenger, and WhatsApp. Create seamless shopping experiences – straight from your WooCommerce dashboard.','info','{}','pending','woocommerce.com','2022-10-22 07:26:55',NULL,0,'plain','',0,0),(133,'tiktok-targeted-q4-2022','marketing','en_US','Get $200 in ad credit from TikTok after you spend $20 on your first campaign','Reach one billion shoppers with TikTok for WooCommerce this holiday season! Sync your product catalog, capture insights, and create ad campaigns right from your dashboard. Connect your store today to unlock this limited time offer! <a href=\"https://ads.tiktok.com/help/article?aid=10011326\">Terms &amp; conditions apply</a>.','info','{}','unactioned','woocommerce.com','2022-10-25 07:27:06',NULL,0,'plain','',0,0),(134,'paypal_paylater_g3_q4_22','marketing','en_US','Turn browsers into buyers with Pay Later','Add PayPal at checkout, plus give customers a buy now, pay later option from the name they trust. With Pay in 4 &amp; Pay Monthly, available in PayPal Payments, you get paid up front while letting customers spread their payments over time. Boost your average order value and convert more sales – at no extra cost to you.','info','{}','unactioned','woocommerce.com','2022-11-02 07:28:42',NULL,0,'plain','',0,0),(135,'woocommerce_admin_deprecation_q4_2022','info','en_US','WooCommerce Admin is part of WooCommerce!','To make sure your store continues to run smoothly, check that WooCommerce is up-to-date – at least version 6.5 – and then disable the WooCommerce Admin plugin.','info','{}','pending','woocommerce.com','2022-11-04 07:26:37',NULL,0,'plain','',0,0),(136,'paypal_paylater_g2_q4_22','marketing','en_US','Upgrade to PayPal Payments to offer Pay Later at checkout','PayPal Pay Later is included in PayPal Payments at no additional cost to you. Customers can spread their payments over time while you get paid up front. \r\nThere’s never been a better time to upgrade your PayPal plugin. Simply download it and connect with a PayPal Business account.','info','{}','pending','woocommerce.com','2022-11-04 07:26:38',NULL,0,'plain','',0,0),(137,'wc-payments-notes-set-up-stripe-link','info','en_US','Increase conversion at checkout','Reduce cart abandonment and create a frictionless checkout experience with Link by Stripe. Link autofills your customer’s payment and shipping details, so they can check out in just six seconds with the Link optimized experience.','info','{}','unactioned','woocommerce-payments','2022-11-18 15:09:19',NULL,0,'plain','',0,0),(138,'google_listings_ads_custom_attribute_mapping_q4_2022','marketing','en_US','Our latest improvement to the Google Listings & Ads extension: Attribute Mapping','You spoke, we listened. This new feature enables you to easily upload your products, customize your product attributes in one place, and target shoppers with more relevant ads. Extend how far your ad dollars go with each campaign.','info','{}','pending','woocommerce.com','2022-12-09 07:23:08',NULL,0,'plain','',0,0),(139,'wc-admin-manualauthcapture','marketing','en_US','Miss fewer manual payments in WooCommerce Payments','Using WooCommerce Payments to manually authorize and capture payments? We’ve introduced a simplified and more efficient process, so you can miss fewer payments and continue to grow your revenue.','info','{}','unactioned','woocommerce.com','2022-12-09 07:23:08',NULL,0,'plain','',0,0),(140,'apple_pay_square_q422','marketing','en_US','Grow your business with Apple Pay','Start boosting your online conversions today with Apple Pay – shoppers can safely complete a purchase with a touch or a glance and are more likely to come back. Enable Apple Pay with Square by selecting  Settings &gt; Payments &gt; Square.','info','{}','pending','woocommerce.com','2022-12-09 07:23:08',NULL,0,'plain','',0,0),(141,'apple_pay_wcpay_q422','marketing','en_US','Grow your business with Apple Pay','Start boosting your online conversions today with Apple Pay – shoppers can safely complete a purchase with a touch or a glance and are more likely to come back. Confirm Apple Pay is enabled by selecting Payments &gt; Settings and making sure Enable express checkouts is checked.','info','{}','unactioned','woocommerce.com','2022-12-09 07:23:08',NULL,0,'plain','',0,0),(142,'meta-hasFB-dec-q4-2022','marketing','en_US','Power up your Facebook ad strategy','Did you know that new privacy policies may be decreasing the effectiveness of your Facebook ads? Get back on track with Meta’s Conversion API. It creates a direct connection between the marketing data from your store and Meta, helping you more accurately track, attribute and improve your Facebook marketing performance.','info','{}','unactioned','woocommerce.com','2022-12-10 07:26:30',NULL,0,'plain','',0,0),(143,'meta-noFB-dec-q4-2022','marketing','en_US','Create highly targeted Facebook ads with Facebook for WooCommerce','Sync your product catalog to create Facebook ads and track their performance – all from within your WooCommerce dashboard. With improved tracking signals and speed, plus more accurate tracking with the introduction of Meta’s Conversion API, you’ll have all the tools you need to run effective ad campaigns.','info','{}','unactioned','woocommerce.com','2022-12-12 07:26:45',NULL,0,'plain','',0,1),(147,'ecomm-wc-navigation-survey-2023','info','en_US','Navigating WooCommerce on WordPress.com','We are improving the WooCommerce navigation on WordPress.com and would love your help to make it better! Please share your experience with us in this 2-minute survey.','info','{}','pending','woocommerce.com','2023-01-17 07:26:30',NULL,0,'plain','',0,0),(148,'affirm_q1_2023','marketing','en_US','Turn more browsers into buyers with flexible payments','When you offer flexible payment options to shoppers, they\'re more likely to convert. It’s why businesses offering Affirm see an average order value lift of 63%. Affirm tailors your store\'s payment options with terms proven to reach new customers, boost conversions, and grow sales.','info','{}','unactioned','woocommerce.com','2023-03-13 07:26:42',NULL,0,'plain','',0,1),(149,'google_listings_ads_pmax_i1_q1_2023_no_gla','marketing','en_US','Create more engaging ads – without the hard work','Get in front of millions of shoppers searching for products like yours with Google Listings &amp; Ads. With new customization features, Google automatically tests multiple combinations of text and images to create the most engaging ad to boost your business. Plus, get up to $500 in ad credit – terms and conditions apply.','info','{}','unactioned','woocommerce.com','2023-03-16 07:26:43',NULL,0,'plain','',0,1),(150,'google_listings_ads_pmax_i1_q1_2023_with_gla','marketing','en_US','New customization features to boost your business','You can now add custom images, messaging, and URLs to campaigns in Google Listings &amp; Ads. Google then automatically tests multiple combinations to create the most engaging version to help boost your business. Get more sales with dynamic content – edit an existing campaign or create a new ad now.','info','{}','pending','woocommerce.com','2023-03-16 07:26:43',NULL,0,'plain','',0,0),(151,'woocommerce-wcpay-march-2023-update-needed','update','en_US','Action required: Security update for WooCommerce Payments','<strong>Your store requires a security update for WooCommerce Payments</strong>. Please update to the latest version of WooCommerce Payments immediately to address a potential vulnerability discovered on March 22. For more information on how to update, visit this WooCommerce Developer Blog Post.','info','{}','pending','woocommerce.com','2023-03-23 23:30:46',NULL,0,'plain','',0,0),(152,'tap_to_pay_iphone_q2_2023_no_wcpay','marketing','en_US','Accept in-person contactless payments on your iPhone','Tap to Pay on iPhone and WooCommerce Payments is quick, secure, and simple to set up — no extra terminals or card readers are needed. Accept contactless debit and credit cards, Apple Pay, and other NFC digital wallets in person.','info','{}','pending','woocommerce.com','2023-04-04 07:26:29',NULL,0,'plain','',0,0),(153,'tap_to_pay_iphone_q2_2023_with_wcpay','marketing','en_US','New: accept in-person contactless payments on your iPhone','Tap to Pay on iPhone is quick, secure, and simple to set up in WooCommerce Payments — no extra terminals or card readers are needed. Accept contactless debit and credit cards, Apple Pay, and other NFC digital wallets in person in a few short steps!','info','{}','unactioned','woocommerce.com','2023-04-04 07:26:29',NULL,0,'plain','',0,1),(154,'woocommerce-WCPreOrders-april-2023-update-needed','update','en_US','Action required: Security update of WooCommerce Pre-Orders extension','<strong>Your store requires a security update for the WooCommerce Pre-Orders extension</strong>. Please update the WooCommerce Pre-Orders extension immediately to address a potential vulnerability discovered on April 11.','info','{}','pending','woocommerce.com','2023-04-15 07:26:54',NULL,0,'plain','',0,0),(155,'wc-admin-wcpay-denmark-Q2-2023','marketing','en_US','WooCommerce Payments is now available in Denmark!','We’ve recently released WooCommerce Payments in Denmark. You can view and manage transactions right in your WordPress dashboard while securely accepting major cards, Apple Pay, and payments in over 100 currencies.','info','{}','pending','woocommerce.com','2023-04-15 07:26:54',NULL,0,'plain','',0,0),(156,'wc-admin-wcpay-greece-Q2-2023','marketing','en_US','WooCommerce Payments is now available in Greece!','We’ve recently released WooCommerce Payments in Greece. You can view and manage transactions right in your WordPress dashboard while securely accepting major cards, Apple Pay, and payments in over 100 currencies.','info','{}','pending','woocommerce.com','2023-04-15 07:26:54',NULL,0,'plain','',0,0),(157,'wc-admin-wcpay-norway-Q2-2023','marketing','en_US','WooCommerce Payments is now available in Norway!','We’ve recently released WooCommerce Payments in Norway. You can view and manage transactions right in your WordPress dashboard while securely accepting major cards, Apple Pay, and payments in over 100 currencies.','info','{}','pending','woocommerce.com','2023-04-15 07:26:54',NULL,0,'plain','',0,0),(158,'wc-admin-wcpay-slovakia-Q2-2023','marketing','en_US','WooCommerce Payments is now available in Slovakia!','We’ve recently released WooCommerce Payments in Slovakia. You can view and manage transactions right in your WordPress dashboard while securely accepting major cards, Apple Pay, and payments in over 100 currencies.','info','{}','pending','woocommerce.com','2023-04-15 07:26:54',NULL,0,'plain','',0,0),(159,'wc-admin-wcpay-finland-Q2-2023','marketing','en_US','WooCommerce Payments is now available in Finland!','We’ve recently released WooCommerce Payments in Finland. You can view and manage transactions right in your WordPress dashboard while securely accepting major cards, Apple Pay, and payments in over 100 currencies.','info','{}','pending','woocommerce.com','2023-04-15 07:26:54',NULL,0,'plain','',0,0),(160,'wc-admin-wcpay-estonia-Q2-2023','marketing','en_US','WooCommerce Payments is now available in Estonia!','We’ve recently released WooCommerce Payments in Estonia. You can view and manage transactions right in your WordPress dashboard while securely accepting major cards, Apple Pay, and payments in over 100 currencies.','info','{}','pending','woocommerce.com','2023-04-15 07:26:54',NULL,0,'plain','',0,0),(161,'wc-admin-wcpay-lithuania-Q2-2023','marketing','en_US','WooCommerce Payments is now available in Lithuania!','We’ve recently released WooCommerce Payments in Lithuania. You can view and manage transactions right in your WordPress dashboard while securely accepting major cards, Apple Pay, and payments in over 100 currencies.','info','{}','pending','woocommerce.com','2023-04-15 07:26:54',NULL,0,'plain','',0,0),(162,'wc-admin-wcpay-slovenia-Q2-2023','marketing','en_US','WooCommerce Payments is now available in Slovenia!','We’ve recently released WooCommerce Payments in Slovenia. You can view and manage transactions right in your WordPress dashboard while securely accepting major cards, Apple Pay, and payments in over 100 currencies.','info','{}','pending','woocommerce.com','2023-04-15 07:26:54',NULL,0,'plain','',0,0),(163,'wc-admin-wcpay-latvia-Q2-2023','marketing','en_US','WooCommerce Payments is now available in Latvia!','We’ve recently released WooCommerce Payments in Latvia. You can view and manage transactions right in your WordPress dashboard while securely accepting major cards, Apple Pay, and payments in over 100 currencies.','info','{}','pending','woocommerce.com','2023-04-15 07:26:54',NULL,0,'plain','',0,0),(164,'wc-admin-wcpay-cyprus-Q2-2023','marketing','en_US','WooCommerce Payments is now available in Cyprus!','We’ve recently released WooCommerce Payments in Cyprus. You can view and manage transactions right in your WordPress dashboard while securely accepting major cards, Apple Pay, and payments in over 100 currencies.','info','{}','pending','woocommerce.com','2023-04-15 07:26:54',NULL,0,'plain','',0,0),(165,'wc-admin-wcpay-malta-Q2-2023','marketing','en_US','WooCommerce Payments is now available in Malta!','We’ve recently released WooCommerce Payments in Malta. You can view and manage transactions right in your WordPress dashboard while securely accepting major cards, Apple Pay, and payments in over 100 currencies.','info','{}','pending','woocommerce.com','2023-04-15 07:26:54',NULL,0,'plain','',0,0),(166,'wc-admin-wcpay-luxembourg-Q2-2023','marketing','en_US','WooCommerce Payments is now available in Luxembourg!','We’ve recently released WooCommerce Payments in Luxembourg. You can view and manage transactions right in your WordPress dashboard while securely accepting major cards, Apple Pay, and payments in over 100 currencies.','info','{}','pending','woocommerce.com','2023-04-15 07:26:54',NULL,0,'plain','',0,0),(167,'woopay-beta-merchantrecruitment-04MAY23','info','en_US','Increase conversions with WooPay — our fastest checkout yet','WooPay, a new express checkout feature built into WooCommerce Payments, is now available —and we’re inviting you to be one of the first to try it. \r\n<br><br>\r\nBoost conversions by offering your customers a simple, secure way to pay with a single click.\r\n<br><br>\r\nGet started in seconds.','info','{}','pending','woocommerce.com','2023-05-15 12:20:39',NULL,0,'plain','',0,0),(168,'wc_admin_BNPL_WCPay_coming-soon_Q1_2023','marketing','en_US','Buy now, pay later is heading to WooCommerce Payments','Great news: full integration with Afterpay and Affirm is on its way to WooCommerce Payments! You’ll soon be able to increase your order values, sell more, and offer customers a payment option they’ll love — with no extra downloads or extensions required.','info','{}','unactioned','woocommerce.com','2023-05-15 12:20:39',NULL,0,'plain','',0,0),(169,'woopay-beta-merchantrecruitment-update-04MAY23','info','en_US','Increase conversions with WooPay — our fastest checkout yet','WooPay, a new express checkout feature built into WooCommerce Payments, is now available — and you’re invited to try it. \r\n<br /><br />\r\nBoost conversions by offering your customers a simple, secure way to pay with a single click.\r\n<br /><br />\r\nUpdate WooCommerce Payments to get started.','info','{}','pending','woocommerce.com','2023-05-15 12:20:39',NULL,0,'plain','',0,0),(170,'woopay-beta-existingmerchants-noaction-27APR23','info','en_US','WooPay is back!','Thanks for previously trying WooPay, the express checkout feature built into WooCommerce Payments. We’re excited to announce that WooPay availability has resumed. No action is required on your part.\r\n<br /><br />\r\nYou can now continue boosting conversions by offering your customers a simple, secure way to pay with a single click.','info','{}','pending','woocommerce.com','2023-05-15 12:20:39',NULL,0,'plain','',0,0),(171,'woopay-beta-existingmerchants-update-27APR23','info','en_US','WooPay is back!','Thanks for previously trying WooPay, the express checkout feature built into WooCommerce Payments. We’re excited to announce that WooPay availability has resumed.\r\n<br /><br />\r\n\r\nUpdate to the latest WooCommerce Payments version to continue boosting conversions by offering your customers a simple, secure way to pay with a single click.','info','{}','pending','woocommerce.com','2023-05-15 12:20:39',NULL,0,'plain','',0,0),(172,'woopay-beta-merchantrecruitment-short-04MAY23','info','en_US','Increase conversions with WooPay — our fastest checkout yet','Be one of the first to try WooPay, a new express checkout feature for WooCommerce Payments. \r\n<br><br>\r\nBoost conversions by letting customers pay with a single click.','info','{}','pending','woocommerce.com','2023-05-15 12:20:39',NULL,0,'plain','',0,0),(173,'woopay-beta-merchantrecruitment-short-update-04MAY23','info','en_US','Increase conversions with WooPay — our fastest checkout yet','Be one of the first to try WooPay, our new express checkout feature. <br>Boost conversions by letting customers pay with a single click. <br><br>Update to the latest version of WooCommerce Payments to get started.','info','{}','pending','woocommerce.com','2023-05-15 12:20:39',NULL,0,'plain','',0,0),(174,'woopay-beta-merchantrecruitment-short-06MAY23-TESTA','info','en_US','Increase conversions with WooPay — our fastest checkout yet','Be one of the first to try WooPay, a new express checkout feature for WooCommerce Payments. \r\n<br><br>\r\nBoost conversions by letting customers pay with a single click.','info','{}','pending','woocommerce.com','2023-05-15 12:20:39',NULL,0,'plain','',0,0),(175,'woopay-beta-merchantrecruitment-short-06MAY23-TESTB','info','en_US','Increase conversions with WooPay — our fastest checkout yet','Be one of the first to try WooPay, a new express checkout feature for WooCommerce Payments. \r\n<br><br>\r\nBoost conversions by letting customers pay with a single click.','info','{}','pending','woocommerce.com','2023-05-15 12:20:39',NULL,0,'plain','',0,0),(176,'woopay-beta-merchantrecruitment-short-06MAY23-TESTC','info','en_US','Increase conversions with WooPay — our fastest checkout yet','Be one of the first to try WooPay, a new express checkout feature for WooCommerce Payments. \r\n<br><br>\r\nBoost conversions by letting customers pay with a single click.','info','{}','pending','woocommerce.com','2023-05-15 12:20:39',NULL,0,'plain','',0,0),(177,'woopay-beta-merchantrecruitment-short-06MAY23-TESTD','info','en_US','Increase conversions with WooPay — our fastest checkout yet','Be one of the first to try WooPay, a new express checkout feature for WooCommerce Payments. \r\n<br><br>\r\nBoost conversions by letting customers pay with a single click.','info','{}','pending','woocommerce.com','2023-05-15 12:20:39',NULL,0,'plain','',0,0),(178,'woopay-beta-merchantrecruitment-short-09MAY23','info','en_US','Increase conversions with WooPay — our fastest checkout yet','Be one of the first to try WooPay, a new express checkout feature for WooCommerce Payments. \r\n<br><br>\r\nBoost conversions by letting customers pay with a single click.','info','{}','pending','woocommerce.com','2023-05-15 12:20:39',NULL,0,'plain','',0,0),(179,'woopay-beta-merchantrecruitment-short-update-09MAY23','info','en_US','Increase conversions with WooPay — our fastest checkout yet','Be one of the first to try WooPay, our new express checkout feature. <br>Boost conversions by letting customers pay with a single click. <br><br>Update to the latest version of WooCommerce Payments to get started.','info','{}','pending','woocommerce.com','2023-05-15 12:20:39',NULL,0,'plain','',0,0),(180,'payoneer_q2_2023','marketing','en_US','Grow with the next generation of payment processing','Ready to stand out in the new global economy? Payoneer Checkout gives you the power to securely accept payments worldwide, build a checkout that customers love, and manage your store’s transactions and finances – all from the same place.','info','{}','pending','woocommerce.com','2023-05-15 12:20:39',NULL,0,'plain','',0,0),(181,'ipp_refresh_q2_2023_us_inbox_notification','marketing','en_US','Grow on the go with in-person payments','Sell your products or services on the go with the M2 card reader – a quick, synchronized, and secure way to take payments, no matter where you are. Create an order using the WooCommerce mobile app and connect your card reader to accept payments.','info','{}','unactioned','woocommerce.com','2023-06-01 01:31:17',NULL,0,'plain','',0,0),(182,'ipp_refresh_q2_2023_ca_inbox_notification','marketing','en_US','Grow on the go with in-person payments','Sell your products or services on the go with the WisePad 3 card reader – a quick, synchronized, and secure way to take payments, no matter where you are. Create an order using the WooCommerce mobile app and connect your card reader to accept payments.','info','{}','pending','woocommerce.com','2023-06-01 01:31:17',NULL,0,'plain','',0,0),(183,'woocommerce-WCstripe-May-2023-updated-needed','update','en_US','Action required: Security update of WooCommerce Stripe plugin','<strong>Your store requires a security update for the WooCommerce Stripe plugin</strong>. Please update the WooCommerce Stripe plugin immediately to address a potential vulnerability.','info','{}','pending','woocommerce.com','2023-06-02 07:26:35',NULL,0,'plain','',0,0),(184,'woocommerce-WCReturnsWarranty-June-2023-updated-needed','update','en_US','Action required: Security update of WooCommerce Returns and Warranty Requests extension','<strong>Your store requires a security update for the Returns and Warranty Requests extension</strong>.  Please update to the latest version of the WooCommerce Returns and Warranty Requests extension immediately to address a potential vulnerability discovered on May 31.','info','{}','pending','woocommerce.com','2023-06-03 07:27:30',NULL,0,'plain','',0,0),(185,'woocommerce-WCPayments-June-2023-updated-needed','update','en_US','Action required: Security update of WooCommerce Payments','<strong>Your store requires a security update for the WooCommerce Payments plugin</strong>. Please update the WooCommerce Payments plugin immediately to address a potential vulnerability.','info','{}','pending','woocommerce.com','2023-06-16 21:32:08',NULL,0,'plain','',0,0),(186,'woocommerce-WCSubscriptions-June-2023-updated-needed','marketing','en_US','Action required: Security update of WooCommerce Subscriptions','<strong>Your store requires a security update for the WooCommerce Subscriptions plugin</strong>. Please update the WooCommerce Subscriptions plugin immediately to address a potential vulnerability.','info','{}','pending','woocommerce.com','2023-06-16 21:32:08',NULL,0,'plain','',0,0),(187,'woocommerce_hpos_1st_notification_q2_2023','marketing','en_US','High-Performance Order Storage (HPOS) is on its way','Our team is targeting August 2023 to roll out a major database upgrade that can unlock faster checkout and order creation for your customers — and lightning-quick order lookup for you. Enablement is optional and you won’t be forced to update, but read on to see why this was our most requested new feature.','info','{}','unactioned','woocommerce.com','2023-06-16 21:32:08',NULL,0,'plain','',0,0),(188,'woocommerce-WCOPC-June-2023-updated-needed','update','en_US','Action required: Security update of WooCommerce One Page Checkout','<strong>Your shop requires a security update to address a vulnerability in the WooCommerce One Page Checkout extension</strong>. The fix for this vulnerability was released for this extension on June 13th. Please update immediately.','info','{}','pending','woocommerce.com','2023-06-22 07:26:33',NULL,0,'plain','',0,0),(189,'wc-admin-wcpay-bulgaria-Q2-2023','marketing','en_US','WooCommerce Payments is now available in Bulgaria!','We’ve recently released WooCommerce Payments in Bulgaria. You can view and manage transactions right in your WordPress dashboard while securely accepting major cards, Apple Pay, and payments in over 100 currencies.','info','{}','pending','woocommerce.com','2023-06-30 07:26:57',NULL,0,'plain','',0,0),(190,'wc-admin-wcpay-czechia-Q2-2023','marketing','en_US','WooCommerce Payments is now available in Czechia!','We’ve recently released WooCommerce Payments in Czechia. You can view and manage transactions right in your WordPress dashboard while securely accepting major cards, Apple Pay, and payments in over 100 currencies.','info','{}','pending','woocommerce.com','2023-06-30 07:26:57',NULL,0,'plain','',0,0),(191,'wc-admin-wcpay-croatia-Q2-2023','marketing','en_US','WooCommerce Payments is now available in Croatia!','We’ve recently released WooCommerce Payments in Croatia. You can view and manage transactions right in your WordPress dashboard while securely accepting major cards, Apple Pay, and payments in over 100 currencies.','info','{}','pending','woocommerce.com','2023-06-30 07:26:57',NULL,0,'plain','',0,0),(192,'wc-admin-wcpay-hungary-Q2-2023','marketing','en_US','WooCommerce Payments is now available in Hungary!','We’ve recently released WooCommerce Payments in Hungary. You can view and manage transactions right in your WordPress dashboard while securely accepting major cards, Apple Pay, and payments in over 100 currencies.','info','{}','pending','woocommerce.com','2023-06-30 07:26:57',NULL,0,'plain','',0,0),(193,'wc-admin-wcpay-romania-Q2-2023','marketing','en_US','WooCommerce Payments is now available in Romania!','We’ve recently released WooCommerce Payments in Romania. You can view and manage transactions right in your WordPress dashboard while securely accepting major cards, Apple Pay, and payments in over 100 currencies.','info','{}','pending','woocommerce.com','2023-06-30 07:26:57',NULL,0,'plain','',0,0),(194,'wc-admin-wcpay-sweden-Q2-2023','marketing','en_US','WooCommerce Payments is now available in Sweden!','We’ve recently released WooCommerce Payments in Sweden. You can view and manage transactions right in your WordPress dashboard while securely accepting major cards, Apple Pay, and payments in over 100 currencies.','info','{}','pending','woocommerce.com','2023-06-30 07:26:57',NULL,0,'plain','',0,0),(195,'tiktok-spc_june-2023','marketing','en_US','Take the guesswork out of TikTok advertising','Save time and create smarter ads using new automated campaign management from TikTok for WooCommerce. Simplify your campaign creation and watch TikTok’s machine learning build, target, and optimize ads that support your advertising goals — and grow your audience.','info','{}','unactioned','woocommerce.com','2023-06-30 07:26:57',NULL,0,'plain','',0,0),(196,'woocommerce-WCGC-July-2023-update-needed','update','en_US','Action required: Security update of WooCommerce GoCardless Extension','<strong>Your shop requires a security update to address a vulnerability in the WooCommerce GoCardless extension</strong>. The fix for this vulnerability was released on July 4th. Please update immediately.','info','{}','pending','woocommerce.com','2023-07-05 07:26:38',NULL,0,'plain','',0,0),(197,'woocommerce-shipping-fedex-api-outage-2023-07-16','warning','en_US','Scheduled FedEx API outage — July 2023','On July 16 there will be a full outage of the FedEx API from 04:00 to 08:00 AM UTC. Due to planned maintenance by FedEx, you\'ll be unable to provide FedEx shipping rates during this time. Follow the link below for more information and recommendations on how to minimize impact.','info','{}','pending','woocommerce.com','2023-07-06 07:26:31',NULL,0,'plain','',0,0);

--
-- Table structure for table `wp_wc_category_lookup`
--

CREATE TABLE `wp_wc_category_lookup` (
  `category_tree_id` bigint(20) unsigned NOT NULL,
  `category_id` bigint(20) unsigned NOT NULL,
  PRIMARY KEY (`category_tree_id`,`category_id`)
) ENGINE=MyISAM DEFAULT CHARSET=utf8mb4 COLLATE=utf8mb4_unicode_ci;

--
-- Dumping data for table `wp_wc_category_lookup`
--

INSERT INTO `wp_wc_category_lookup` VALUES (15,15),(118,118),(124,124),(234,234),(235,235),(236,236),(237,237),(238,238),(239,239),(240,240),(241,241),(242,242),(243,243),(253,253),(254,254),(256,256),(258,258),(265,265);

--
-- Table structure for table `wp_wc_customer_lookup`
--

CREATE TABLE `wp_wc_customer_lookup` (
  `customer_id` bigint(20) unsigned NOT NULL AUTO_INCREMENT,
  `user_id` bigint(20) unsigned DEFAULT NULL,
  `username` varchar(60) COLLATE utf8mb4_unicode_ci NOT NULL DEFAULT '',
  `first_name` varchar(255) COLLATE utf8mb4_unicode_ci NOT NULL,
  `last_name` varchar(255) COLLATE utf8mb4_unicode_ci NOT NULL,
  `email` varchar(100) COLLATE utf8mb4_unicode_ci DEFAULT NULL,
  `date_last_active` timestamp NULL DEFAULT NULL,
  `date_registered` timestamp NULL DEFAULT NULL,
  `country` char(2) COLLATE utf8mb4_unicode_ci NOT NULL DEFAULT '',
  `postcode` varchar(20) COLLATE utf8mb4_unicode_ci NOT NULL DEFAULT '',
  `city` varchar(100) COLLATE utf8mb4_unicode_ci NOT NULL DEFAULT '',
  `state` varchar(100) COLLATE utf8mb4_unicode_ci NOT NULL DEFAULT '',
  PRIMARY KEY (`customer_id`),
  UNIQUE KEY `user_id` (`user_id`),
  KEY `email` (`email`)
) ENGINE=MyISAM AUTO_INCREMENT=83 DEFAULT CHARSET=utf8mb4 COLLATE=utf8mb4_unicode_ci;

--
-- Dumping data for table `wp_wc_customer_lookup`
--

INSERT INTO `wp_wc_customer_lookup` VALUES (2,NULL,'','lan','anh','kutrthemes@gmail.com','2018-04-11 10:40:46',NULL,'EH','00000','Alcalá de Guadaíra','America'),(3,NULL,'','Achintya','Mondal','achintya.rintu@gmail.com','2018-04-11 20:15:07',NULL,'IN','700030','kolkata','WB'),(4,NULL,'','emma','rose','quockhanh.ceo417@gmail.com','2018-05-10 09:55:10',NULL,'US','10004','New York','NY'),(5,NULL,'','sdfsds','dfsadfasd','dfsg@erff.jhoyh','2018-05-10 13:05:55',NULL,'IN','SDFGFSDGDF','sdfadsf','GJ'),(6,NULL,'','Damilola','Onakoya','onakoya.olanrewaju@devcounty.com','2018-05-18 18:01:58',NULL,'NG','100288','Maryland','LA'),(7,NULL,'','A','A','fateme.dadobidad@gmail.com','2018-05-31 07:20:42',NULL,'IR','DSA','Sa','THR'),(8,NULL,'','nayem','shahriar','nayemshahriar97@gmail.com','2018-06-16 12:48:55',NULL,'BD','1212','dhaka','BD-13'),(9,NULL,'','peter','Anderson','peteranderson@hotmail.com','2018-09-24 20:54:21',NULL,'US','77018','Houston','TX'),(10,NULL,'','Hoang','Tran','eternalvow15@yahoo.com.vn','2019-12-17 22:43:23',NULL,'VN','700000','HCM',''),(11,NULL,'','Harpreet Singh happy','Happy','mrh074469@gmail.com','2018-04-17 16:22:21',NULL,'IN','143304','Patti','PB'),(12,NULL,'','Shohag','Hasan','shohagh515asan575@gmail.com','2018-04-17 23:16:54',NULL,'BD','1330','Dhaka','BD-13'),(13,NULL,'','Shamsur','Rahman','srtanvir99@gmail.com','2018-04-19 00:47:17',NULL,'BD','1230','Dhaka','BD-13'),(14,NULL,'','Devendra','Vande','blesswebsolution@gmail.com','2018-04-20 15:30:43',NULL,'IN','492004','Raipur','CT'),(15,NULL,'','rfsdfs','dsdfsdf','sscv@fgdfg.com','2018-04-21 14:18:25',NULL,'IR','324234234','sdfsdf','THR'),(16,NULL,'','Chief','Kunta','chiefkunta@gmail.com','2018-04-24 14:40:28',NULL,'KE','0100','Mombasa','Mombasa'),(17,NULL,'','hm','dfhgjd','fdg@gmail.com','2018-07-13 16:50:56',NULL,'FR','00000','sdfh',''),(18,4,'systex','Systex Info','','rotk2212@gmail.com','2019-05-13 11:39:23','2020-06-04 14:34:21','VN','7000000','Ho Chi Minh',''),(62,50,'franco.basilecd','','','franco.basilecd@gmail.com','2021-12-28 07:00:00','2021-12-28 02:23:11','','','',''),(20,NULL,'','trung','luong','vnmoneytalk@gmail.com','2019-11-15 00:57:09',NULL,'VN','100000','Qu?n Hà ?ông',''),(21,NULL,'','czxc','zc','luongtrungkienvov@gmail.com','2019-11-22 15:23:09',NULL,'VN','24000','Ph? Lý',''),(22,NULL,'','?Ahmed','Eglan??','diwan150@yahoo.com','2018-05-16 06:41:58',NULL,'EG','33511','????????','??? ?????'),(23,NULL,'','adeel','raja','pppp.pakistan@gmail.com','2018-05-18 02:28:57',NULL,'PK','46000','rawalpindi','PB'),(24,NULL,'','Ravaliya','Anil','ravaliyaanil7@gmail.com','2018-05-21 12:25:51',NULL,'IN','382006','Gandhinagar','GJ'),(25,64,'','','','a@msn.com','2018-06-12 07:43:36',NULL,'TR','34700','istanbul','TR34'),(26,NULL,'','faris','jaber','f3res1@gmail.com','2018-07-24 00:50:41',NULL,'PS','009725','hebron','hebron'),(27,NULL,'','Beryl','Byard','ab@gmail.com','2018-09-25 19:28:43',NULL,'US','27703','786 Swick Hill Street','NC'),(28,NULL,'','Nguyen','Giang','giangk43a1@gmail.com','2019-12-03 16:36:31',NULL,'VN','760000','Ho Chi Minh',''),(29,NULL,'','thanhphong','lehoang','thanhphonglehoang@gmail.com','2020-01-17 19:32:52',NULL,'VN','','H? Chí Minh',''),(67,68,'mary.delaney','Mary','Delaney','mdelaneyus@gmail.com','2022-03-13 09:00:00','2022-03-13 09:00:00','US','94939','Larkspur','CA'),(52,34,'tikhonoffff','Vladislav','Tikhonov','tikhonoffff@gmail.com','2021-06-12 04:11:21','2021-06-12 02:27:27','US','33432','Boca Raton','FL'),(47,NULL,'','James','Yang','jums.yung@gmail.com','2021-04-17 19:14:11',NULL,'AU','3127','Surrey Hills','VIC'),(53,35,'vugar.maharramov','Vugar','Maharramov','vugosh@gmail.com','2021-06-16 18:11:23','2021-06-16 18:11:23','US','18974','Warminster','PA'),(59,36,'fionahky','King Yan','Ho','fionahky@yahoo.com.hk','2021-08-07 06:00:00','2021-08-08 00:09:38','','','',''),(60,37,'maryanne.martabano','Maryanne','Martabano','mmartabano@optonline.net','2021-08-15 19:18:53','2021-08-15 19:18:50','US','10536','Katonah','NY'),(58,NULL,'','Mariel','Kleen','marielkleen@gmai.com','2021-07-08 09:58:50',NULL,'US','90042','Los Angeles','CA'),(61,40,'keylla.rosa','','','keylla.rosa@hotmail.com','2021-09-26 06:00:00','2021-09-13 07:50:47','','','',''),(39,NULL,'','Alfons','Mala','','2020-08-19 13:13:49',NULL,'AU','','','SA'),(48,NULL,'','Mariel','Kleen','marielkleen@gmail.com','2021-04-19 10:10:28',NULL,'US','90042','Los Angeles','CA'),(49,29,'cookietomato','','','cookietomato@hotmail.com','2021-04-19 06:00:00','2021-04-19 22:54:11','','','',''),(50,31,'jinxiulin','','','jinxiulin@yahoo.com','2021-04-27 06:00:00','2021-04-23 16:19:58','','','',''),(64,NULL,'','Jeffrey','Ching','jc7781023@gmail.com','2022-01-23 07:18:58',NULL,'US','11577','Roslyn Heights','NY'),(72,67,'02wooyeon','','','02wooyeon@gmail.com','2022-07-26 06:00:00','2022-03-11 19:24:48','','','',''),(73,NULL,'','Algirdas','Kazlauskas','algirdas.ka@mail.com','2022-08-18 15:34:48',NULL,'LT','88438','Telšiai','Vigantiškiai'),(63,NULL,'','??','?','02wooyeon@gmail.com','2022-01-20 01:35:15',NULL,'KR','28124','?? ??? ???',''),(51,32,'tuan.tran ngoc','Tuan','Tran Ngoc','tuanmarie@gmail.com','2021-05-30 06:00:00','2021-05-25 19:51:13','VN','70000','Ho chi minh',''),(68,69,'gadashovag','','','gadashovag@gmail.com','2022-03-23 06:00:00','2022-03-23 23:24:57','','','',''),(69,72,'emil.caiko','','','emil.caiko@gmail.com','2022-04-29 06:00:00','2022-04-29 04:32:17','','','',''),(70,NULL,'','Khalil','El kheir','soomaya588@gmail.com','2022-06-12 22:04:27',NULL,'AU','2212','Revesby','NSW'),(71,75,'lauren.jackson','Lauren','Jackson','lauren.noellej@hotmail.com','2022-08-30 06:00:00','2022-06-01 14:11:02','US','46268','Indianapolis','IN'),(74,86,'ivanovamargarita','Margarita','Ivanova','ivanovamargarita@hotmail.com','2022-11-18 07:00:00','2022-11-13 03:28:33','US','07024','Fort Lee','NJ'),(75,105,'modesta_lockett47','','','modesta_lockett47@ait-light.com','2023-04-29 06:00:00','2023-04-29 16:58:20','','','',''),(76,106,'drlitzyarmstrong985','','','drlitzyarmstrong985@mailbab.com','2023-05-22 06:00:00','2023-05-22 06:38:53','','','',''),(77,107,'rosalia.bahringer','','','Rosalia.Bahringer@gmail.com','2023-05-31 06:00:00','2023-05-31 21:48:18','','','',''),(78,108,'profemelydibbert1030','','','profemelydibbert1030@mailbab.com','2023-06-08 06:00:00','2023-06-08 13:21:40','','','',''),(79,109,'eleanorejayson','','','eleanorejayson@quelbroker.com','2023-06-09 06:00:00','2023-06-10 05:29:29','','','',''),(80,110,'erickotto','','','erickotto@econgate.com','2023-06-11 06:00:00','2023-06-11 07:10:05','','','',''),(81,111,'bebeweller','','','bebeweller@1secmail.org','2023-06-19 06:00:00','2023-06-19 21:30:19','','','',''),(82,112,'david.angel','David','Angel','davidangel133@outlook.com','2023-07-03 16:39:00','2023-07-03 16:38:56','US','97251-1158','Portland','OR');

--
-- Table structure for table `wp_wc_download_log`
--

CREATE TABLE `wp_wc_download_log` (
  `download_log_id` bigint(20) unsigned NOT NULL AUTO_INCREMENT,
  `timestamp` datetime NOT NULL,
  `permission_id` bigint(20) unsigned NOT NULL,
  `user_id` bigint(20) unsigned DEFAULT NULL,
  `user_ip_address` varchar(100) COLLATE utf8mb4_unicode_ci DEFAULT '',
  PRIMARY KEY (`download_log_id`),
  KEY `permission_id` (`permission_id`),
  KEY `timestamp` (`timestamp`)
) ENGINE=MyISAM DEFAULT CHARSET=utf8mb4 COLLATE=utf8mb4_unicode_ci;

--
-- Dumping data for table `wp_wc_download_log`
--


--
-- Table structure for table `wp_wc_order_coupon_lookup`
--

CREATE TABLE `wp_wc_order_coupon_lookup` (
  `order_id` bigint(20) unsigned NOT NULL,
  `coupon_id` bigint(20) NOT NULL,
  `date_created` datetime NOT NULL DEFAULT '0000-00-00 00:00:00',
  `discount_amount` double NOT NULL DEFAULT '0',
  PRIMARY KEY (`order_id`,`coupon_id`),
  KEY `coupon_id` (`coupon_id`),
  KEY `date_created` (`date_created`)
) ENGINE=MyISAM DEFAULT CHARSET=utf8mb4 COLLATE=utf8mb4_unicode_ci;

--
-- Dumping data for table `wp_wc_order_coupon_lookup`
--


--
-- Table structure for table `wp_wc_order_product_lookup`
--

CREATE TABLE `wp_wc_order_product_lookup` (
  `order_item_id` bigint(20) unsigned NOT NULL,
  `order_id` bigint(20) unsigned NOT NULL,
  `product_id` bigint(20) unsigned NOT NULL,
  `variation_id` bigint(20) unsigned NOT NULL,
  `customer_id` bigint(20) unsigned DEFAULT NULL,
  `date_created` datetime NOT NULL DEFAULT '0000-00-00 00:00:00',
  `product_qty` int(11) NOT NULL,
  `product_net_revenue` double NOT NULL DEFAULT '0',
  `product_gross_revenue` double NOT NULL DEFAULT '0',
  `coupon_amount` double NOT NULL DEFAULT '0',
  `tax_amount` double NOT NULL DEFAULT '0',
  `shipping_amount` double NOT NULL DEFAULT '0',
  `shipping_tax_amount` double NOT NULL DEFAULT '0',
  PRIMARY KEY (`order_item_id`),
  KEY `order_id` (`order_id`),
  KEY `product_id` (`product_id`),
  KEY `customer_id` (`customer_id`),
  KEY `date_created` (`date_created`)
) ENGINE=MyISAM DEFAULT CHARSET=utf8mb4 COLLATE=utf8mb4_unicode_ci;

--
-- Dumping data for table `wp_wc_order_product_lookup`
--

INSERT INTO `wp_wc_order_product_lookup` VALUES (301,17258,17204,0,48,'2021-04-18 23:10:28',1,1050,1050,0,0,0,0),(299,17256,16810,0,47,'2021-04-17 13:14:11',1,324.5,387.13,0,0,62.63,0),(307,17365,16977,0,52,'2021-06-11 22:11:21',1,215,230.05,0,15.05,0,0),(375,17843,16747,0,70,'2022-05-17 09:12:25',1,350,432.98,0,0,82.98,0),(393,17883,16702,0,74,'2022-11-12 15:41:23',1,270,283.92,0,0,13.92,0),(387,17849,16747,0,70,'2022-06-12 11:04:27',1,350,415.08,0,0,65.08,0),(395,17983,17490,0,82,'2023-07-03 05:39:00',1,1481,1541.84,0,0,60.84,0),(383,17846,17554,0,71,'2022-06-01 03:11:05',1,298,310.9,0,0,12.9,0),(305,17362,15496,0,51,'2021-05-25 13:51:14',5,5,5,0,0,0,0),(373,17704,17228,0,67,'2022-03-12 21:27:27',1,1225,1241.42,0,0,16.42,0),(391,17862,16977,0,73,'2022-08-18 04:34:48',1,212,278,0,0,66,0),(359,17673,16904,0,63,'2022-01-19 13:35:15',1,195,256.76,0,0,61.76,0),(349,17383,17380,0,58,'2021-07-07 22:58:50',1,975,975,0,0,0,0),(361,17675,17100,0,64,'2022-01-22 19:18:58',1,260,272.9,0,0,12.9,0),(312,17367,16992,0,53,'2021-06-16 07:11:23',1,215,215,0,0,0,0),(354,17408,17395,0,60,'2021-08-15 08:18:53',3,7500,8042.95,0,525,17.95,0);

--
-- Table structure for table `wp_wc_order_stats`
--

CREATE TABLE `wp_wc_order_stats` (
  `order_id` bigint(20) unsigned NOT NULL,
  `parent_id` bigint(20) unsigned NOT NULL DEFAULT '0',
  `date_created` datetime NOT NULL DEFAULT '0000-00-00 00:00:00',
  `date_created_gmt` datetime NOT NULL DEFAULT '0000-00-00 00:00:00',
  `num_items_sold` int(11) NOT NULL DEFAULT '0',
  `total_sales` double NOT NULL DEFAULT '0',
  `tax_total` double NOT NULL DEFAULT '0',
  `shipping_total` double NOT NULL DEFAULT '0',
  `net_total` double NOT NULL DEFAULT '0',
  `returning_customer` tinyint(1) DEFAULT NULL,
  `status` varchar(200) COLLATE utf8mb4_unicode_ci NOT NULL,
  `customer_id` bigint(20) unsigned NOT NULL,
  `date_paid` datetime DEFAULT '0000-00-00 00:00:00',
  `date_completed` datetime DEFAULT '0000-00-00 00:00:00',
  PRIMARY KEY (`order_id`),
  KEY `date_created` (`date_created`),
  KEY `customer_id` (`customer_id`),
  KEY `status` (`status`(191))
) ENGINE=MyISAM DEFAULT CHARSET=utf8mb4 COLLATE=utf8mb4_unicode_ci;

--
-- Dumping data for table `wp_wc_order_stats`
--

INSERT INTO `wp_wc_order_stats` VALUES (17256,0,'2021-04-17 13:14:11','2021-04-17 13:14:11',1,387.13,0,62.63,324.5,0,'wc-refunded',47,'0000-00-00 00:00:00','0000-00-00 00:00:00'),(17258,0,'2021-04-18 23:10:28','2021-04-19 04:10:28',1,1050,0,0,1050,0,'wc-completed',48,'2021-04-19 17:45:12','2021-04-19 17:48:08'),(17266,17256,'2021-04-24 21:47:09','2021-04-24 21:47:09',0,-387.13,0,-62.63,-324.5,NULL,'wc-refunded',47,'0000-00-00 00:00:00','0000-00-00 00:00:00'),(17871,17862,'2022-09-23 09:35:21','2022-09-23 14:35:21',0,-282.94,0,0,-282.94,NULL,'wc-refunded',73,'0000-00-00 00:00:00','0000-00-00 00:00:00'),(17862,0,'2022-08-18 04:34:48','2022-08-18 09:34:48',1,282.94,0,67.17,215.77,0,'wc-refunded',73,'0000-00-00 00:00:00','0000-00-00 00:00:00'),(17696,17675,'2022-01-31 08:52:27','2022-01-31 13:52:27',0,-272.9,0,0,-272.9,NULL,'wc-on-hold',64,'0000-00-00 00:00:00','0000-00-00 00:00:00'),(17866,17846,'2022-09-02 18:16:17','2022-09-02 23:16:17',0,-310.9,0,0,-310.9,NULL,'wc-refunded',71,'0000-00-00 00:00:00','0000-00-00 00:00:00'),(17704,0,'2022-03-12 21:27:27','2022-03-13 02:27:27',1,1241.42,0,16.42,1225,0,'wc-on-hold',67,'0000-00-00 00:00:00','0000-00-00 00:00:00'),(17843,0,'2022-05-17 09:12:25','2022-05-17 14:12:25',1,432.98,0,82.98,350,0,'wc-failed',70,'0000-00-00 00:00:00','0000-00-00 00:00:00'),(17846,0,'2022-06-01 03:11:05','2022-06-01 08:11:05',1,310.9,0,12.9,298,0,'wc-refunded',71,'0000-00-00 00:00:00','0000-00-00 00:00:00'),(17849,0,'2022-06-12 11:04:27','2022-06-12 16:04:27',1,415.08,0,65.08,350,0,'wc-failed',70,'0000-00-00 00:00:00','0000-00-00 00:00:00'),(17883,0,'2022-11-12 15:41:23','2022-11-12 20:41:23',1,283.92,0,13.92,270,0,'wc-refunded',74,'0000-00-00 00:00:00','0000-00-00 00:00:00'),(17885,17883,'2022-11-18 21:34:17','2022-11-19 02:34:17',0,-283.92,0,0,-283.92,NULL,'wc-refunded',74,'0000-00-00 00:00:00','0000-00-00 00:00:00'),(17383,0,'2021-07-07 22:58:50','2021-07-08 03:58:50',1,975,0,0,975,0,'wc-completed',58,'2021-07-08 09:43:06','2021-07-09 11:52:10'),(17675,0,'2022-01-22 19:18:58','2022-01-23 00:18:58',1,272.9,0,12.9,260,0,'wc-on-hold',64,'0000-00-00 00:00:00','0000-00-00 00:00:00'),(17362,0,'2021-05-25 13:51:14','2021-05-25 13:51:14',5,5,0,0,5,0,'wc-cancelled',51,'0000-00-00 00:00:00','0000-00-00 00:00:00'),(17365,0,'2021-06-11 22:11:21','2021-06-11 22:11:21',1,230.05,15.05,0,215,0,'wc-cancelled',52,'0000-00-00 00:00:00','0000-00-00 00:00:00'),(17367,0,'2021-06-16 07:11:23','2021-06-16 12:11:23',1,215,0,0,215,0,'wc-completed',53,'2021-06-23 18:45:25','2021-06-23 18:53:34'),(17408,0,'2021-08-15 08:18:53','2021-08-15 13:18:53',3,8042.95,525,17.95,7500,0,'wc-completed',60,'2021-08-15 08:27:07','2021-08-16 11:57:38'),(17673,0,'2022-01-19 13:35:15','2022-01-19 18:35:15',1,256.76,0,61.76,195,0,'wc-cancelled',63,'0000-00-00 00:00:00','0000-00-00 00:00:00'),(17983,0,'2023-07-03 05:39:00','2023-07-03 10:39:00',1,1541.84,0,60.84,1481,0,'wc-pending',82,NULL,NULL);

--
-- Table structure for table `wp_wc_order_tax_lookup`
--

CREATE TABLE `wp_wc_order_tax_lookup` (
  `order_id` bigint(20) unsigned NOT NULL,
  `tax_rate_id` bigint(20) unsigned NOT NULL,
  `date_created` datetime NOT NULL DEFAULT '0000-00-00 00:00:00',
  `shipping_tax` double NOT NULL DEFAULT '0',
  `order_tax` double NOT NULL DEFAULT '0',
  `total_tax` double NOT NULL DEFAULT '0',
  PRIMARY KEY (`order_id`,`tax_rate_id`),
  KEY `tax_rate_id` (`tax_rate_id`),
  KEY `date_created` (`date_created`)
) ENGINE=MyISAM DEFAULT CHARSET=utf8mb4 COLLATE=utf8mb4_unicode_ci;

--
-- Dumping data for table `wp_wc_order_tax_lookup`
--

INSERT INTO `wp_wc_order_tax_lookup` VALUES (17365,10,'2021-06-11 22:11:21',0,15.05,15.05),(17408,12,'2021-08-15 08:18:53',0,525,525);

--
-- Table structure for table `wp_wc_product_attributes_lookup`
--

CREATE TABLE `wp_wc_product_attributes_lookup` (
  `product_id` bigint(20) NOT NULL,
  `product_or_parent_id` bigint(20) NOT NULL,
  `taxonomy` varchar(32) COLLATE utf8mb4_unicode_520_ci NOT NULL,
  `term_id` bigint(20) NOT NULL,
  `is_variation_attribute` tinyint(1) NOT NULL,
  `in_stock` tinyint(1) NOT NULL,
  PRIMARY KEY (`product_or_parent_id`,`term_id`,`product_id`,`taxonomy`),
  KEY `is_variation_attribute_term_id` (`is_variation_attribute`,`term_id`)
) ENGINE=MyISAM DEFAULT CHARSET=utf8mb4 COLLATE=utf8mb4_unicode_520_ci;

--
-- Dumping data for table `wp_wc_product_attributes_lookup`
--

INSERT INTO `wp_wc_product_attributes_lookup` VALUES (14712,14712,'pa_color',245,0,0),(14722,14722,'pa_color',246,0,1),(14732,14732,'pa_color',245,0,0),(14929,14929,'pa_color',248,0,1),(14929,14929,'pa_size',252,0,1),(14929,14929,'pa_size',251,0,1),(14929,14929,'pa_size',250,0,1),(14929,14929,'pa_size',249,0,1),(14929,14929,'pa_size',86,0,1),(14929,14929,'pa_size',84,0,1),(17578,17578,'pa_size',83,0,1),(17578,17578,'pa_size',84,0,1),(17578,17578,'pa_size',268,0,1),(17578,17578,'pa_size',85,0,1),(17578,17578,'pa_size',269,0,1),(17578,17578,'pa_size',86,0,1),(17578,17578,'pa_size',249,0,1),(17578,17578,'pa_size',250,0,1),(17578,17578,'pa_size',251,0,1),(17578,17578,'pa_size',270,0,1),(17578,17578,'pa_size',252,0,1),(17578,17578,'pa_size',168,0,1),(17578,17578,'pa_size',169,0,1),(17578,17578,'pa_size',171,0,1),(17582,17582,'pa_size',83,0,1),(17582,17582,'pa_size',84,0,1),(17582,17582,'pa_size',268,0,1),(17582,17582,'pa_size',85,0,1),(17582,17582,'pa_size',269,0,1),(17582,17582,'pa_size',86,0,1),(17582,17582,'pa_size',249,0,1),(17582,17582,'pa_size',250,0,1),(17582,17582,'pa_size',251,0,1),(17582,17582,'pa_size',270,0,1),(17582,17582,'pa_size',252,0,1),(17582,17582,'pa_size',168,0,1),(17582,17582,'pa_size',169,0,1),(17582,17582,'pa_size',171,0,1),(17583,17583,'pa_size',83,0,1),(17583,17583,'pa_size',84,0,1),(17583,17583,'pa_size',268,0,1),(17583,17583,'pa_size',85,0,1),(17583,17583,'pa_size',269,0,1),(17583,17583,'pa_size',86,0,1),(17583,17583,'pa_size',249,0,1),(17583,17583,'pa_size',250,0,1),(17583,17583,'pa_size',251,0,1),(17583,17583,'pa_size',270,0,1),(17583,17583,'pa_size',252,0,1),(17583,17583,'pa_size',168,0,1),(17583,17583,'pa_size',169,0,1),(17583,17583,'pa_size',171,0,1),(17584,17584,'pa_size',83,0,1),(17584,17584,'pa_size',84,0,1),(17584,17584,'pa_size',268,0,1),(17584,17584,'pa_size',85,0,1),(17584,17584,'pa_size',269,0,1),(17584,17584,'pa_size',86,0,1),(17584,17584,'pa_size',249,0,1),(17584,17584,'pa_size',250,0,1),(17584,17584,'pa_size',251,0,1),(17584,17584,'pa_size',270,0,1),(17584,17584,'pa_size',252,0,1),(17584,17584,'pa_size',168,0,1),(17584,17584,'pa_size',169,0,1),(17584,17584,'pa_size',171,0,1),(17585,17585,'pa_size',83,0,1),(17585,17585,'pa_size',84,0,1),(17585,17585,'pa_size',268,0,1),(17585,17585,'pa_size',85,0,1),(17585,17585,'pa_size',269,0,1),(17585,17585,'pa_size',86,0,1),(17585,17585,'pa_size',249,0,1),(17585,17585,'pa_size',250,0,1),(17585,17585,'pa_size',251,0,1),(17585,17585,'pa_size',270,0,1),(17585,17585,'pa_size',252,0,1),(17585,17585,'pa_size',168,0,1),(17585,17585,'pa_size',169,0,1),(17585,17585,'pa_size',171,0,1),(17586,17586,'pa_size',83,0,1),(17586,17586,'pa_size',84,0,1),(17586,17586,'pa_size',268,0,1),(17586,17586,'pa_size',85,0,1),(17586,17586,'pa_size',269,0,1),(17586,17586,'pa_size',86,0,1),(17586,17586,'pa_size',249,0,1),(17586,17586,'pa_size',250,0,1),(17586,17586,'pa_size',251,0,1),(17586,17586,'pa_size',270,0,1),(17586,17586,'pa_size',252,0,1),(17586,17586,'pa_size',168,0,1),(17586,17586,'pa_size',169,0,1),(17586,17586,'pa_size',171,0,1),(17587,17587,'pa_size',83,0,1),(17587,17587,'pa_size',84,0,1),(17587,17587,'pa_size',268,0,1),(17587,17587,'pa_size',85,0,1),(17587,17587,'pa_size',269,0,1),(17587,17587,'pa_size',86,0,1),(17587,17587,'pa_size',249,0,1),(17587,17587,'pa_size',250,0,1),(17587,17587,'pa_size',251,0,1),(17587,17587,'pa_size',270,0,1),(17587,17587,'pa_size',252,0,1),(17587,17587,'pa_size',168,0,1),(17587,17587,'pa_size',169,0,1),(17587,17587,'pa_size',171,0,1),(17588,17588,'pa_size',83,0,1),(17588,17588,'pa_size',84,0,1),(17588,17588,'pa_size',268,0,1),(17588,17588,'pa_size',85,0,1),(17588,17588,'pa_size',269,0,1),(17588,17588,'pa_size',86,0,1),(17588,17588,'pa_size',249,0,1),(17588,17588,'pa_size',250,0,1),(17588,17588,'pa_size',251,0,1),(17588,17588,'pa_size',270,0,1),(17588,17588,'pa_size',252,0,1),(17588,17588,'pa_size',168,0,1),(17588,17588,'pa_size',169,0,1),(17588,17588,'pa_size',171,0,1),(17589,17589,'pa_size',83,0,1),(17589,17589,'pa_size',84,0,1),(17589,17589,'pa_size',268,0,1),(17589,17589,'pa_size',85,0,1),(17589,17589,'pa_size',269,0,1),(17589,17589,'pa_size',86,0,1),(17589,17589,'pa_size',249,0,1),(17589,17589,'pa_size',250,0,1),(17589,17589,'pa_size',251,0,1),(17589,17589,'pa_size',270,0,1),(17589,17589,'pa_size',252,0,1),(17589,17589,'pa_size',168,0,1),(17589,17589,'pa_size',169,0,1),(17589,17589,'pa_size',171,0,1),(17590,17590,'pa_size',83,0,1),(17590,17590,'pa_size',84,0,1),(17590,17590,'pa_size',268,0,1),(17590,17590,'pa_size',85,0,1),(17590,17590,'pa_size',269,0,1),(17590,17590,'pa_size',86,0,1),(17590,17590,'pa_size',249,0,1),(17590,17590,'pa_size',250,0,1),(17590,17590,'pa_size',251,0,1),(17590,17590,'pa_size',270,0,1),(17590,17590,'pa_size',252,0,1),(17590,17590,'pa_size',168,0,1),(17590,17590,'pa_size',169,0,1),(17590,17590,'pa_size',171,0,1),(17598,17598,'pa_size',83,0,1),(17598,17598,'pa_size',84,0,1),(17598,17598,'pa_size',268,0,1),(17598,17598,'pa_size',85,0,1),(17598,17598,'pa_size',269,0,1),(17598,17598,'pa_size',86,0,1),(17598,17598,'pa_size',249,0,1),(17598,17598,'pa_size',250,0,1),(17598,17598,'pa_size',251,0,1),(17598,17598,'pa_size',270,0,1),(17598,17598,'pa_size',252,0,1),(17598,17598,'pa_size',168,0,1),(17598,17598,'pa_size',169,0,1),(17598,17598,'pa_size',171,0,1),(17599,17599,'pa_size',83,0,1),(17599,17599,'pa_size',84,0,1),(17599,17599,'pa_size',268,0,1),(17599,17599,'pa_size',85,0,1),(17599,17599,'pa_size',269,0,1),(17599,17599,'pa_size',86,0,1),(17599,17599,'pa_size',249,0,1),(17599,17599,'pa_size',250,0,1),(17599,17599,'pa_size',251,0,1),(17599,17599,'pa_size',270,0,1),(17599,17599,'pa_size',252,0,1),(17599,17599,'pa_size',168,0,1),(17599,17599,'pa_size',169,0,1),(17599,17599,'pa_size',171,0,1),(17600,17600,'pa_size',83,0,1),(17600,17600,'pa_size',84,0,1),(17600,17600,'pa_size',268,0,1),(17600,17600,'pa_size',85,0,1),(17600,17600,'pa_size',269,0,1),(17600,17600,'pa_size',86,0,1),(17600,17600,'pa_size',249,0,1),(17600,17600,'pa_size',250,0,1),(17600,17600,'pa_size',251,0,1),(17600,17600,'pa_size',270,0,1),(17600,17600,'pa_size',252,0,1),(17600,17600,'pa_size',168,0,1),(17600,17600,'pa_size',169,0,1),(17600,17600,'pa_size',171,0,1),(17601,17601,'pa_size',83,0,1),(17601,17601,'pa_size',84,0,1),(17601,17601,'pa_size',268,0,1),(17601,17601,'pa_size',85,0,1),(17601,17601,'pa_size',269,0,1),(17601,17601,'pa_size',86,0,1),(17601,17601,'pa_size',249,0,1),(17601,17601,'pa_size',250,0,1),(17601,17601,'pa_size',251,0,1),(17601,17601,'pa_size',270,0,1),(17601,17601,'pa_size',252,0,1),(17601,17601,'pa_size',168,0,1),(17601,17601,'pa_size',169,0,1),(17601,17601,'pa_size',171,0,1),(17602,17602,'pa_size',83,0,1),(17602,17602,'pa_size',84,0,1),(17602,17602,'pa_size',268,0,1),(17602,17602,'pa_size',85,0,1),(17602,17602,'pa_size',269,0,1),(17602,17602,'pa_size',86,0,1),(17602,17602,'pa_size',249,0,1),(17602,17602,'pa_size',250,0,1),(17602,17602,'pa_size',251,0,1),(17602,17602,'pa_size',270,0,1),(17602,17602,'pa_size',252,0,1),(17602,17602,'pa_size',168,0,1),(17602,17602,'pa_size',169,0,1),(17602,17602,'pa_size',171,0,1),(17603,17603,'pa_size',83,0,1),(17603,17603,'pa_size',84,0,1),(17603,17603,'pa_size',268,0,1),(17603,17603,'pa_size',85,0,1),(17603,17603,'pa_size',269,0,1),(17603,17603,'pa_size',86,0,1),(17603,17603,'pa_size',249,0,1),(17603,17603,'pa_size',250,0,1),(17603,17603,'pa_size',251,0,1),(17603,17603,'pa_size',270,0,1),(17603,17603,'pa_size',252,0,1),(17603,17603,'pa_size',168,0,1),(17603,17603,'pa_size',169,0,1),(17603,17603,'pa_size',171,0,1),(17604,17604,'pa_size',83,0,1),(17604,17604,'pa_size',84,0,1),(17604,17604,'pa_size',268,0,1),(17604,17604,'pa_size',85,0,1),(17604,17604,'pa_size',269,0,1),(17604,17604,'pa_size',86,0,1),(17604,17604,'pa_size',249,0,1),(17604,17604,'pa_size',250,0,1),(17604,17604,'pa_size',251,0,1),(17604,17604,'pa_size',270,0,1),(17604,17604,'pa_size',252,0,1),(17604,17604,'pa_size',168,0,1),(17604,17604,'pa_size',169,0,1),(17604,17604,'pa_size',171,0,1),(17605,17605,'pa_size',171,0,1),(17605,17605,'pa_size',169,0,1),(17605,17605,'pa_size',168,0,1),(17605,17605,'pa_size',252,0,1),(17605,17605,'pa_size',270,0,1),(17605,17605,'pa_size',251,0,1),(17605,17605,'pa_size',250,0,1),(17605,17605,'pa_size',249,0,1),(17605,17605,'pa_size',86,0,1),(17605,17605,'pa_size',269,0,1),(17605,17605,'pa_size',85,0,1),(17605,17605,'pa_size',268,0,1),(17605,17605,'pa_size',84,0,1),(17605,17605,'pa_size',83,0,1),(17606,17606,'pa_size',171,0,1),(17606,17606,'pa_size',169,0,1),(17606,17606,'pa_size',168,0,1),(17606,17606,'pa_size',252,0,1),(17606,17606,'pa_size',270,0,1),(17606,17606,'pa_size',251,0,1),(17606,17606,'pa_size',250,0,1),(17606,17606,'pa_size',249,0,1),(17606,17606,'pa_size',86,0,1),(17606,17606,'pa_size',269,0,1),(17606,17606,'pa_size',85,0,1),(17606,17606,'pa_size',268,0,1),(17606,17606,'pa_size',84,0,1),(17606,17606,'pa_size',83,0,1),(17607,17607,'pa_size',171,0,1),(17607,17607,'pa_size',169,0,1),(17607,17607,'pa_size',168,0,1),(17607,17607,'pa_size',252,0,1),(17607,17607,'pa_size',270,0,1),(17607,17607,'pa_size',251,0,1),(17607,17607,'pa_size',250,0,1),(17607,17607,'pa_size',249,0,1),(17607,17607,'pa_size',86,0,1),(17607,17607,'pa_size',269,0,1),(17607,17607,'pa_size',85,0,1),(17607,17607,'pa_size',268,0,1),(17607,17607,'pa_size',84,0,1),(17607,17607,'pa_size',83,0,1),(17611,17611,'pa_size',171,0,1),(17611,17611,'pa_size',169,0,1),(17611,17611,'pa_size',168,0,1),(17611,17611,'pa_size',252,0,1),(17611,17611,'pa_size',270,0,1),(17611,17611,'pa_size',251,0,1),(17611,17611,'pa_size',250,0,1),(17611,17611,'pa_size',249,0,1),(17611,17611,'pa_size',86,0,1),(17611,17611,'pa_size',269,0,1),(17611,17611,'pa_size',85,0,1),(17611,17611,'pa_size',268,0,1),(17611,17611,'pa_size',84,0,1),(17611,17611,'pa_size',83,0,1),(17612,17612,'pa_size',171,0,1),(17612,17612,'pa_size',169,0,1),(17612,17612,'pa_size',168,0,1),(17612,17612,'pa_size',252,0,1),(17612,17612,'pa_size',270,0,1),(17612,17612,'pa_size',251,0,1),(17612,17612,'pa_size',250,0,1),(17612,17612,'pa_size',249,0,1),(17612,17612,'pa_size',86,0,1),(17612,17612,'pa_size',269,0,1),(17612,17612,'pa_size',85,0,1),(17612,17612,'pa_size',268,0,1),(17612,17612,'pa_size',84,0,1),(17612,17612,'pa_size',83,0,1),(17613,17613,'pa_size',171,0,1),(17613,17613,'pa_size',169,0,1),(17613,17613,'pa_size',168,0,1),(17613,17613,'pa_size',252,0,1),(17613,17613,'pa_size',270,0,1),(17613,17613,'pa_size',251,0,1),(17613,17613,'pa_size',250,0,1),(17613,17613,'pa_size',249,0,1),(17613,17613,'pa_size',86,0,1),(17613,17613,'pa_size',269,0,1),(17613,17613,'pa_size',85,0,1),(17613,17613,'pa_size',268,0,1),(17613,17613,'pa_size',84,0,1),(17613,17613,'pa_size',83,0,1),(17614,17614,'pa_size',171,0,1),(17614,17614,'pa_size',169,0,1),(17614,17614,'pa_size',168,0,1),(17614,17614,'pa_size',252,0,1),(17614,17614,'pa_size',270,0,1),(17614,17614,'pa_size',251,0,1),(17614,17614,'pa_size',250,0,1),(17614,17614,'pa_size',249,0,1),(17614,17614,'pa_size',86,0,1),(17614,17614,'pa_size',269,0,1),(17614,17614,'pa_size',85,0,1),(17614,17614,'pa_size',268,0,1),(17614,17614,'pa_size',84,0,1),(17614,17614,'pa_size',83,0,1),(17615,17615,'pa_size',171,0,1),(17615,17615,'pa_size',169,0,1),(17615,17615,'pa_size',168,0,1),(17615,17615,'pa_size',252,0,1),(17615,17615,'pa_size',270,0,1),(17615,17615,'pa_size',251,0,1),(17615,17615,'pa_size',250,0,1),(17615,17615,'pa_size',249,0,1),(17615,17615,'pa_size',86,0,1),(17615,17615,'pa_size',269,0,1),(17615,17615,'pa_size',85,0,1),(17615,17615,'pa_size',268,0,1),(17615,17615,'pa_size',84,0,1),(17615,17615,'pa_size',83,0,1),(17616,17616,'pa_size',171,0,1),(17616,17616,'pa_size',169,0,1),(17616,17616,'pa_size',168,0,1),(17616,17616,'pa_size',252,0,1),(17616,17616,'pa_size',270,0,1),(17616,17616,'pa_size',251,0,1),(17616,17616,'pa_size',250,0,1),(17616,17616,'pa_size',249,0,1),(17616,17616,'pa_size',86,0,1),(17616,17616,'pa_size',269,0,1),(17616,17616,'pa_size',85,0,1),(17616,17616,'pa_size',268,0,1),(17616,17616,'pa_size',84,0,1),(17616,17616,'pa_size',83,0,1),(17617,17617,'pa_size',171,0,1),(17617,17617,'pa_size',169,0,1),(17617,17617,'pa_size',168,0,1),(17617,17617,'pa_size',252,0,1),(17617,17617,'pa_size',270,0,1),(17617,17617,'pa_size',251,0,1),(17617,17617,'pa_size',250,0,1),(17617,17617,'pa_size',249,0,1),(17617,17617,'pa_size',86,0,1),(17617,17617,'pa_size',269,0,1),(17617,17617,'pa_size',85,0,1),(17617,17617,'pa_size',268,0,1),(17617,17617,'pa_size',84,0,1),(17617,17617,'pa_size',83,0,1),(17619,17619,'pa_size',171,0,1),(17619,17619,'pa_size',169,0,1),(17619,17619,'pa_size',168,0,1),(17619,17619,'pa_size',252,0,1),(17619,17619,'pa_size',270,0,1),(17619,17619,'pa_size',251,0,1),(17619,17619,'pa_size',250,0,1),(17619,17619,'pa_size',249,0,1),(17619,17619,'pa_size',86,0,1),(17619,17619,'pa_size',269,0,1),(17619,17619,'pa_size',85,0,1),(17619,17619,'pa_size',268,0,1),(17619,17619,'pa_size',84,0,1),(17619,17619,'pa_size',83,0,1),(17620,17620,'pa_size',171,0,1),(17620,17620,'pa_size',169,0,1),(17620,17620,'pa_size',168,0,1),(17620,17620,'pa_size',252,0,1),(17620,17620,'pa_size',270,0,1),(17620,17620,'pa_size',251,0,1),(17620,17620,'pa_size',250,0,1),(17620,17620,'pa_size',249,0,1),(17620,17620,'pa_size',86,0,1),(17620,17620,'pa_size',269,0,1),(17620,17620,'pa_size',85,0,1),(17620,17620,'pa_size',268,0,1),(17620,17620,'pa_size',84,0,1),(17620,17620,'pa_size',83,0,1);

--
-- Table structure for table `wp_wc_product_download_directories`
--

CREATE TABLE `wp_wc_product_download_directories` (
  `url_id` bigint(20) unsigned NOT NULL AUTO_INCREMENT,
  `url` varchar(256) COLLATE utf8mb4_unicode_520_ci NOT NULL,
  `enabled` tinyint(1) NOT NULL DEFAULT '0',
  PRIMARY KEY (`url_id`),
  KEY `url` (`url`(250))
) ENGINE=MyISAM AUTO_INCREMENT=3 DEFAULT CHARSET=utf8mb4 COLLATE=utf8mb4_unicode_520_ci;

--
-- Dumping data for table `wp_wc_product_download_directories`
--

INSERT INTO `wp_wc_product_download_directories` VALUES (1,'file:///home/italiai2/public_html/europeanoutlet/wp-content/uploads/woocommerce_uploads/',1),(2,'https://europeanoutlet.com/wp-content/uploads/woocommerce_uploads/',1);

--
-- Table structure for table `wp_wc_product_meta_lookup`
--

CREATE TABLE `wp_wc_product_meta_lookup` (
  `product_id` bigint(20) NOT NULL,
  `sku` varchar(100) COLLATE utf8mb4_unicode_ci DEFAULT '',
  `virtual` tinyint(1) DEFAULT '0',
  `downloadable` tinyint(1) DEFAULT '0',
  `min_price` decimal(19,4) DEFAULT NULL,
  `max_price` decimal(19,4) DEFAULT NULL,
  `onsale` tinyint(1) DEFAULT '0',
  `stock_quantity` double DEFAULT NULL,
  `stock_status` varchar(100) COLLATE utf8mb4_unicode_ci DEFAULT 'instock',
  `rating_count` bigint(20) DEFAULT '0',
  `average_rating` decimal(3,2) DEFAULT '0.00',
  `total_sales` bigint(20) DEFAULT '0',
  `tax_status` varchar(100) COLLATE utf8mb4_unicode_ci DEFAULT 'taxable',
  `tax_class` varchar(100) COLLATE utf8mb4_unicode_ci DEFAULT '',
  PRIMARY KEY (`product_id`),
  KEY `virtual` (`virtual`),
  KEY `downloadable` (`downloadable`),
  KEY `stock_status` (`stock_status`),
  KEY `stock_quantity` (`stock_quantity`),
  KEY `onsale` (`onsale`),
  KEY `min_max_price` (`min_price`,`max_price`)
) ENGINE=MyISAM DEFAULT CHARSET=utf8mb4 COLLATE=utf8mb4_unicode_ci;

--
-- Dumping data for table `wp_wc_product_meta_lookup`
--

INSERT INTO `wp_wc_product_meta_lookup` VALUES (1715,NULL,0,0,45.0000,45.0000,0,NULL,NULL,2,NULL,NULL,NULL,NULL),(1831,NULL,0,0,28.0000,28.0000,0,NULL,NULL,1,NULL,NULL,NULL,NULL),(1836,NULL,0,0,76.0000,76.0000,0,NULL,NULL,2,NULL,NULL,NULL,NULL),(1839,NULL,0,0,56.0000,56.0000,0,NULL,NULL,1,NULL,NULL,NULL,NULL),(1865,NULL,0,0,40.0000,40.0000,0,NULL,NULL,1,NULL,NULL,NULL,NULL),(1867,NULL,0,0,60.0000,60.0000,0,NULL,NULL,1,NULL,NULL,NULL,NULL),(1869,NULL,0,0,70.0000,70.0000,0,9,NULL,1,NULL,NULL,NULL,NULL),(2111,NULL,0,0,70.0000,70.0000,0,NULL,NULL,0,NULL,NULL,NULL,NULL),(2112,NULL,0,0,70.0000,70.0000,0,NULL,NULL,0,NULL,NULL,NULL,NULL),(2113,NULL,0,0,70.0000,70.0000,0,NULL,NULL,0,NULL,NULL,NULL,NULL),(2114,NULL,0,0,70.0000,70.0000,0,NULL,NULL,0,NULL,NULL,NULL,NULL),(2115,NULL,0,0,70.0000,70.0000,0,NULL,NULL,0,NULL,NULL,NULL,NULL),(2117,NULL,0,0,70.0000,70.0000,0,NULL,NULL,0,NULL,NULL,NULL,NULL),(1966,NULL,0,0,37.0000,37.0000,0,NULL,NULL,1,NULL,NULL,NULL,NULL),(1967,NULL,0,0,28.0000,28.0000,0,NULL,NULL,1,NULL,NULL,NULL,NULL),(1972,NULL,0,0,70.0000,70.0000,0,NULL,NULL,1,NULL,NULL,NULL,NULL),(1973,NULL,0,0,66.0000,66.0000,0,NULL,NULL,1,NULL,NULL,NULL,NULL),(5168,NULL,0,0,69.0000,129.0000,0,NULL,NULL,1,NULL,NULL,NULL,NULL),(5185,NULL,0,0,120.0000,59.0000,0,NULL,NULL,1,NULL,NULL,NULL,NULL),(13972,NULL,0,0,46.0000,46.0000,0,NULL,NULL,1,NULL,NULL,NULL,NULL),(1725,NULL,0,0,43.0000,43.0000,0,NULL,NULL,2,NULL,NULL,NULL,NULL),(1863,NULL,0,0,48.0000,48.0000,0,NULL,NULL,1,NULL,NULL,NULL,NULL),(1866,NULL,0,0,41.0000,41.0000,0,NULL,NULL,1,NULL,NULL,NULL,NULL),(1828,NULL,0,0,52.0000,52.0000,0,NULL,NULL,1,NULL,NULL,NULL,NULL),(13702,NULL,0,0,28.0000,28.0000,0,NULL,NULL,1,NULL,NULL,NULL,NULL),(1837,NULL,0,0,47.0000,47.0000,0,NULL,NULL,1,NULL,NULL,NULL,NULL),(1965,NULL,0,0,38.0000,38.0000,0,NULL,NULL,1,NULL,NULL,NULL,NULL),(1720,NULL,0,0,46.0000,46.0000,0,NULL,NULL,1,NULL,NULL,NULL,NULL),(14712,'',0,0,1800.0000,1800.0000,0,0,'outofstock',0,0.00,0,'taxable',''),(14722,'',0,0,1800.0000,1800.0000,0,NULL,'onbackorder',0,0.00,0,'taxable',''),(14732,'',0,0,1350.0000,1350.0000,0,0,'outofstock',0,0.00,0,'taxable',''),(14740,'',0,0,1500.0000,1500.0000,0,NULL,'onbackorder',0,0.00,0,'taxable',''),(14749,'',0,0,1500.0000,1500.0000,1,1,'instock',0,0.00,0,'taxable',''),(14759,'',0,0,1250.0000,1250.0000,0,NULL,'instock',0,0.00,0,'taxable',''),(14767,'',0,0,1210.0000,1210.0000,0,2,'instock',0,0.00,0,'taxable',''),(14771,'',0,0,1350.0000,1350.0000,0,NULL,'onbackorder',0,0.00,0,'taxable',''),(14776,'',0,0,1050.0000,1050.0000,1,0,'outofstock',0,0.00,0,'taxable',''),(14783,'',0,0,999.0000,999.0000,1,1,'instock',0,0.00,0,'taxable',''),(14788,'',0,0,1050.0000,1050.0000,1,0,'outofstock',0,0.00,0,'taxable',''),(14793,'',0,0,1000.0000,1000.0000,0,0,'outofstock',0,0.00,0,'taxable',''),(14798,'',0,0,1099.0000,1099.0000,1,1,'instock',0,0.00,0,'taxable',''),(14808,'',0,0,1210.0000,1210.0000,0,NULL,'onbackorder',0,0.00,0,'taxable',''),(14812,'',0,0,600.0000,600.0000,0,NULL,'onbackorder',0,0.00,0,'taxable',''),(14817,'',0,0,580.0000,580.0000,0,0,'outofstock',0,0.00,0,'taxable',''),(14824,'',0,0,450.0000,450.0000,1,2,'instock',0,0.00,0,'taxable',''),(14832,'',0,0,550.0000,550.0000,0,0,'outofstock',0,0.00,0,'taxable',''),(14837,'',0,0,450.0000,450.0000,0,0,'outofstock',0,0.00,0,'taxable',''),(14843,'',0,0,350.0000,350.0000,0,NULL,'onbackorder',0,0.00,0,'taxable',''),(14849,'',0,0,250.0000,250.0000,1,0,'outofstock',0,0.00,0,'taxable',''),(14856,'',0,0,190.0000,190.0000,1,2,'instock',0,0.00,0,'taxable',''),(14865,'',0,0,320.0000,320.0000,0,1,'instock',0,0.00,0,'taxable',''),(14871,'',0,0,190.0000,190.0000,1,2,'instock',0,0.00,0,'taxable',''),(14873,'',0,0,320.0000,320.0000,0,NULL,'onbackorder',0,0.00,0,'taxable',''),(14877,'',0,0,220.0000,220.0000,0,0,'outofstock',0,0.00,0,'taxable',''),(14881,'',0,0,220.0000,220.0000,0,0,'onbackorder',0,0.00,0,'taxable',''),(14884,'',0,0,150.0000,150.0000,1,0,'outofstock',0,0.00,0,'taxable',''),(14889,'',0,0,175.0000,175.0000,1,0,'outofstock',0,0.00,0,'taxable',''),(14894,'',0,0,200.0000,200.0000,0,2,'instock',0,0.00,0,'taxable',''),(14900,'',0,0,150.0000,150.0000,1,0,'outofstock',0,0.00,0,'taxable',''),(14905,'',0,0,190.0000,190.0000,0,0,'outofstock',0,0.00,0,'taxable',''),(14912,'',0,0,125.0000,125.0000,1,4,'instock',0,0.00,0,'taxable',''),(14917,'',0,0,130.0000,130.0000,0,0,'onbackorder',0,0.00,0,'taxable',''),(14923,'',0,0,85.0000,85.0000,1,2,'instock',0,0.00,0,'taxable',''),(14929,'',0,0,0.0000,0.0000,0,NULL,'onbackorder',0,0.00,0,'taxable',''),(14945,'',0,0,160.0000,160.0000,1,3,'instock',0,0.00,0,'taxable',''),(14953,'',0,0,799.0000,799.0000,1,1,'instock',0,0.00,0,'taxable',''),(14958,'',0,0,399.0000,399.0000,1,2,'instock',0,0.00,0,'taxable',''),(14963,'',0,0,310.0000,310.0000,0,0,'outofstock',0,0.00,0,'taxable',''),(14967,'',0,0,230.0000,230.0000,1,0,'outofstock',0,0.00,0,'taxable',''),(14971,'',0,0,295.0000,295.0000,1,0,'outofstock',0,0.00,0,'taxable',''),(14975,'',0,0,200.0000,200.0000,0,0,'outofstock',0,0.00,0,'taxable',''),(14978,'',0,0,200.0000,200.0000,0,0,'outofstock',0,0.00,0,'taxable',''),(14982,'',0,0,200.0000,200.0000,0,2,'instock',0,0.00,0,'taxable',''),(14986,'',0,0,150.0000,150.0000,0,NULL,'onbackorder',0,0.00,0,'taxable',''),(14989,'',0,0,150.0000,150.0000,0,NULL,'onbackorder',0,0.00,0,'taxable',''),(14997,'',0,0,299.0000,299.0000,1,2,'instock',0,0.00,0,'taxable',''),(15003,'',0,0,350.0000,350.0000,0,NULL,'onbackorder',0,0.00,0,'taxable',''),(15009,'',0,0,250.0000,250.0000,0,NULL,'onbackorder',0,0.00,0,'taxable',''),(1826,NULL,0,0,63.0000,63.0000,0,NULL,NULL,1,NULL,NULL,NULL,NULL),(15267,'',0,0,0.0000,0.0000,0,NULL,'instock',0,0.00,0,'taxable',''),(15369,'',0,0,148.0000,148.0000,0,0,'outofstock',0,0.00,0,'taxable',''),(15274,'ddwcpp_postpaid_dues',0,0,100.0000,100.0000,0,NULL,'onbackorder',0,0.00,0,'none',''),(15326,NULL,0,0,250.0000,250.0000,0,NULL,'instock',0,0.00,0,'taxable',''),(15334,NULL,0,0,140.0000,140.0000,0,NULL,'instock',0,0.00,0,'taxable',''),(15335,'',0,0,164.0000,164.0000,0,0,'outofstock',0,0.00,0,'taxable',''),(15342,'',0,0,150.0000,150.0000,0,0,'outofstock',0,0.00,0,'taxable',''),(15348,'',0,0,140.0000,140.0000,0,NULL,'instock',0,0.00,0,'taxable',''),(15349,'',0,0,140.0000,140.0000,0,2,'instock',0,0.00,0,'taxable',''),(15355,'',0,0,165.0000,165.0000,0,1,'instock',0,0.00,0,'taxable',''),(15360,'',0,0,165.0000,165.0000,0,0,'outofstock',0,0.00,0,'taxable',''),(15364,NULL,0,0,140.0000,140.0000,0,NULL,'instock',0,0.00,0,'taxable',''),(15365,NULL,0,0,165.0000,165.0000,0,NULL,'onbackorder',0,0.00,0,'taxable',''),(15366,'',0,0,1.0000,1.0000,0,10,'instock',0,0.00,3,'taxable',''),(15378,NULL,0,0,148.0000,148.0000,0,NULL,'onbackorder',0,0.00,0,'taxable',''),(15392,'',0,0,117.0000,117.0000,0,0,'outofstock',0,0.00,0,'taxable',''),(15398,'',0,0,148.0000,148.0000,0,3,'instock',0,0.00,0,'taxable',''),(15399,'',0,0,180.0000,180.0000,0,0,'outofstock',0,0.00,0,'taxable',''),(15409,'',0,0,90.0000,90.0000,0,0,'outofstock',0,0.00,0,'taxable',''),(15457,'',0,0,0.0000,0.0000,0,1,'instock',0,0.00,0,'taxable',''),(15452,'',0,0,0.0000,0.0000,0,NULL,'onbackorder',0,0.00,0,'taxable',''),(1731,'',0,0,52.0000,54.0000,0,NULL,'instock',0,0.00,0,'taxable','parent'),(1737,'',0,0,54.0000,54.0000,0,NULL,'instock',0,0.00,0,'taxable','parent'),(1739,'',0,0,54.0000,54.0000,0,NULL,'instock',0,0.00,0,'taxable','parent'),(1741,'',0,0,55.0000,56.0000,0,NULL,'instock',0,0.00,0,'taxable','parent'),(1743,'',0,0,56.0000,56.0000,0,NULL,'instock',0,0.00,0,'taxable','parent'),(1745,'',0,0,56.0000,56.0000,0,NULL,'instock',0,0.00,0,'taxable','parent'),(1748,'',0,0,55.0000,55.0000,0,NULL,'instock',0,0.00,0,'taxable','parent'),(14011,'',0,0,55.0000,56.0000,0,NULL,'instock',0,0.00,0,'taxable','parent'),(1767,'',0,0,43.0000,56.0000,0,NULL,'instock',0,0.00,0,'taxable','parent'),(1775,'',0,0,43.0000,56.0000,0,NULL,'instock',0,0.00,0,'taxable','parent'),(1783,'',0,0,56.0000,56.0000,0,NULL,'instock',0,0.00,0,'taxable','parent'),(1787,'',0,0,45.0000,52.0000,0,NULL,'instock',0,0.00,0,'taxable','parent'),(1795,'',0,0,52.0000,52.0000,0,NULL,'instock',0,0.00,0,'taxable','parent'),(1799,'',0,0,45.0000,45.0000,0,NULL,'instock',0,0.00,0,'taxable','parent'),(1801,'',0,0,45.0000,45.0000,0,NULL,'instock',0,0.00,0,'taxable','parent'),(1807,'',0,0,56.0000,68.0000,0,NULL,'instock',0,0.00,0,'taxable','parent'),(1816,'',0,0,58.0000,58.0000,1,NULL,'instock',0,0.00,0,'taxable','parent'),(1820,'',0,0,66.0000,66.0000,1,NULL,'instock',0,0.00,0,'taxable','parent'),(1821,'',0,0,66.0000,66.0000,1,NULL,'instock',0,0.00,0,'taxable','parent'),(1823,'',0,0,53.0000,53.0000,0,NULL,'instock',0,0.00,0,'taxable','parent'),(1824,'',0,0,53.0000,53.0000,0,NULL,'instock',0,0.00,0,'taxable','parent'),(1825,'',0,0,53.0000,53.0000,0,NULL,'instock',0,0.00,0,'taxable','parent'),(6300,'',0,0,66.0000,66.0000,1,NULL,'instock',0,0.00,0,'taxable','parent'),(6301,'',0,0,53.0000,53.0000,0,NULL,'instock',0,0.00,0,'taxable','parent'),(6302,'',0,0,53.0000,53.0000,0,NULL,'instock',0,0.00,0,'taxable','parent'),(6303,'',0,0,53.0000,53.0000,0,NULL,'instock',0,0.00,0,'taxable','parent'),(14067,'',0,0,66.0000,66.0000,1,NULL,'instock',0,0.00,0,'taxable','parent'),(14068,'',0,0,53.0000,53.0000,0,NULL,'instock',0,0.00,0,'taxable','parent'),(14069,'',0,0,53.0000,53.0000,0,NULL,'instock',0,0.00,0,'taxable','parent'),(14070,'',0,0,66.0000,66.0000,1,NULL,'instock',0,0.00,0,'taxable','parent'),(14071,'',0,0,53.0000,53.0000,0,NULL,'instock',0,0.00,0,'taxable','parent'),(14109,'',0,0,53.0000,53.0000,0,NULL,'instock',0,0.00,0,'taxable','parent'),(14112,'',0,0,53.0000,53.0000,0,NULL,'instock',0,0.00,0,'taxable','parent'),(1873,'',0,0,56.0000,56.0000,0,NULL,'instock',0,0.00,0,'taxable','parent'),(1874,'',0,0,56.0000,56.0000,0,NULL,'instock',0,0.00,0,'taxable','parent'),(6304,'',0,0,56.0000,56.0000,0,NULL,'instock',0,0.00,0,'taxable','parent'),(6305,'',0,0,56.0000,56.0000,0,NULL,'instock',0,0.00,0,'taxable','parent'),(14072,'',0,0,56.0000,56.0000,0,NULL,'instock',0,0.00,0,'taxable','parent'),(14076,'',0,0,56.0000,56.0000,0,NULL,'instock',0,0.00,0,'taxable','parent'),(14115,'',0,0,56.0000,56.0000,0,NULL,'instock',0,0.00,0,'taxable','parent'),(14117,'',0,0,56.0000,56.0000,0,NULL,'instock',0,0.00,0,'taxable','parent'),(1875,'',0,0,56.0000,56.0000,0,NULL,'instock',0,0.00,0,'taxable','parent'),(1889,'',0,0,52.0000,52.0000,0,NULL,'instock',0,0.00,0,'taxable','parent'),(1909,'',0,0,52.0000,56.0000,0,NULL,'instock',0,0.00,0,'taxable','parent'),(1920,'',0,0,43.0000,56.0000,0,NULL,'instock',0,0.00,0,'taxable','parent'),(1931,'',0,0,43.0000,51.0000,0,NULL,'instock',0,0.00,0,'taxable','parent'),(14158,'',0,0,43.0000,51.0000,0,NULL,'instock',0,0.00,0,'taxable','parent'),(1939,'',0,0,51.0000,51.0000,0,NULL,'instock',0,0.00,0,'taxable','parent'),(14166,'',0,0,51.0000,51.0000,0,NULL,'instock',0,0.00,0,'taxable','parent'),(1942,'',0,0,45.0000,52.0000,0,0,'instock',0,0.00,0,'taxable','parent'),(1953,'',0,0,45.0000,66.0000,0,NULL,'instock',0,0.00,0,'taxable','parent'),(1974,'',0,0,58.0000,58.0000,1,NULL,'instock',0,0.00,0,'taxable','parent'),(1975,'',0,0,62.0000,62.0000,0,NULL,'instock',0,0.00,0,'taxable','parent'),(6306,'',0,0,58.0000,58.0000,1,NULL,'instock',0,0.00,0,'taxable','parent'),(6307,'',0,0,62.0000,62.0000,0,NULL,'instock',0,0.00,0,'taxable','parent'),(14219,'',0,0,58.0000,58.0000,1,NULL,'instock',0,0.00,0,'taxable','parent'),(14221,'',0,0,62.0000,62.0000,0,NULL,'instock',0,0.00,0,'taxable','parent'),(14231,'',0,0,58.0000,58.0000,1,NULL,'instock',0,0.00,0,'taxable','parent'),(14234,'',0,0,62.0000,62.0000,0,NULL,'instock',0,0.00,0,'taxable','parent'),(2081,'',0,0,38.0000,38.0000,0,NULL,'instock',0,0.00,0,'taxable','parent'),(2083,'',0,0,38.0000,38.0000,0,NULL,'instock',0,0.00,0,'taxable','parent'),(2246,'',0,0,56.0000,56.0000,0,NULL,'instock',0,0.00,0,'taxable','parent'),(2263,'',0,0,47.0000,47.0000,0,NULL,'instock',0,0.00,0,'taxable','parent'),(2264,'',0,0,47.0000,47.0000,0,NULL,'instock',0,0.00,0,'taxable','parent'),(2265,'',0,0,47.0000,47.0000,0,NULL,'instock',0,0.00,0,'taxable','parent'),(2268,'',0,0,47.0000,47.0000,0,NULL,'instock',0,0.00,0,'taxable','parent'),(1721,'',0,0,46.0000,46.0000,0,NULL,'instock',0,0.00,0,'taxable','parent'),(1726,'',0,0,43.0000,43.0000,0,NULL,'instock',0,0.00,0,'taxable','parent'),(1727,'',0,0,43.0000,43.0000,0,NULL,'instock',0,0.00,0,'taxable','parent'),(1730,'',0,0,52.0000,52.0000,0,NULL,'instock',0,0.00,0,'taxable','parent'),(1999,NULL,0,0,42.0000,42.0000,0,NULL,NULL,0,NULL,NULL,NULL,NULL),(15443,'',0,0,0.0000,0.0000,0,1,'instock',0,0.00,0,'taxable',''),(15738,'',0,0,1.0000,1.0000,0,NULL,'instock',0,0.00,1,'taxable',''),(15458,'',0,0,215.0000,215.0000,1,1,'instock',0,0.00,0,'taxable',''),(15466,'',0,0,1250.0000,1250.0000,0,NULL,'instock',0,0.00,0,'taxable',''),(15467,'',0,0,90.0000,90.0000,0,0,'outofstock',0,0.00,0,'taxable',''),(15468,'',0,0,1050.0000,1050.0000,1,1,'instock',0,0.00,0,'taxable',''),(15476,'',0,0,0.0000,0.0000,0,NULL,'onbackorder',0,0.00,0,'taxable',''),(15482,'',0,0,0.0000,0.0000,0,1,'instock',0,0.00,0,'taxable',''),(15489,'',0,0,0.0000,0.0000,0,0,'onbackorder',0,0.00,0,'taxable',''),(15496,'4031079',0,0,299.0000,299.0000,1,0,'outofstock',0,0.00,5,'taxable',''),(15500,'',0,0,0.0000,0.0000,0,5,'instock',0,0.00,0,'taxable',''),(15509,'',0,0,299.0000,299.0000,0,0,'onbackorder',0,0.00,0,'taxable',''),(15515,'',0,0,99.0000,99.0000,1,0,'outofstock',0,0.00,0,'taxable',''),(15521,'',0,0,1500.0000,1500.0000,0,NULL,'onbackorder',0,0.00,0,'taxable',''),(15527,'',0,0,200.0000,200.0000,1,1,'instock',0,0.00,0,'taxable',''),(15532,'',0,0,399.0000,399.0000,1,3,'instock',0,0.00,0,'taxable',''),(15538,'',0,0,400.0000,400.0000,0,NULL,'onbackorder',0,0.00,0,'taxable',''),(15543,'',0,0,850.0000,850.0000,0,0,'outofstock',0,0.00,0,'taxable',''),(15548,'',0,0,1512.0000,1512.0000,0,0,'outofstock',0,0.00,0,'taxable',''),(15555,'',0,0,950.0000,950.0000,1,0,'outofstock',0,0.00,0,'taxable',''),(15561,'',0,0,1200.0000,1200.0000,1,NULL,'onbackorder',0,0.00,0,'taxable',''),(15566,'',0,0,999.0000,999.0000,1,0,'outofstock',0,0.00,0,'taxable',''),(15567,'',0,0,1800.0000,1800.0000,0,NULL,'onbackorder',0,0.00,0,'taxable',''),(15573,'',0,0,1320.0000,1320.0000,0,1,'instock',0,0.00,0,'taxable',''),(15577,'',0,0,1320.0000,1320.0000,1,0,'outofstock',0,0.00,0,'taxable',''),(15582,'',0,0,1590.0000,1590.0000,0,NULL,'onbackorder',0,0.00,0,'taxable',''),(15587,'',0,0,0.0000,0.0000,0,1,'instock',0,0.00,0,'taxable',''),(15588,'',0,0,1320.0000,1320.0000,0,1,'instock',0,0.00,0,'taxable',''),(15682,'623097',0,0,800.0000,800.0000,1,0,'outofstock',0,0.00,0,'taxable',''),(15605,'',0,0,900.0000,900.0000,0,NULL,'onbackorder',0,0.00,0,'taxable',''),(15609,'',0,0,999.0000,999.0000,0,NULL,'onbackorder',0,0.00,0,'taxable',''),(15615,'',0,0,800.0000,800.0000,0,NULL,'onbackorder',0,0.00,0,'taxable',''),(15619,'',0,0,1500.0000,1500.0000,0,NULL,'onbackorder',0,0.00,0,'taxable',''),(15626,'',0,0,1500.0000,1500.0000,1,1,'instock',0,0.00,0,'taxable',''),(15632,'',0,0,150.0000,150.0000,0,4,'instock',0,0.00,2,'taxable',''),(15636,'',0,0,820.0000,820.0000,1,0,'outofstock',0,0.00,0,'taxable',''),(15643,'',0,0,1550.0000,1550.0000,0,NULL,'onbackorder',0,0.00,0,'taxable',''),(15654,'',0,0,200.0000,200.0000,0,2,'instock',0,0.00,0,'taxable',''),(15660,'',0,0,200.0000,200.0000,0,4,'instock',0,0.00,0,'taxable',''),(15661,'',0,0,275.0000,275.0000,1,1,'instock',0,0.00,0,'taxable',''),(15662,'',0,0,345.0000,345.0000,0,4,'instock',0,0.00,0,'taxable',''),(15667,'',0,0,345.0000,345.0000,0,3,'instock',0,0.00,0,'taxable',''),(15668,'',0,0,345.0000,345.0000,1,1,'instock',0,0.00,0,'taxable',''),(15669,'8BS040',0,0,820.0000,820.0000,1,NULL,'onbackorder',0,0.00,0,'taxable',''),(15675,'34408',0,0,200.0000,200.0000,1,0,'outofstock',0,0.00,0,'taxable',''),(15678,'',0,0,250.0000,250.0000,0,1,'instock',0,0.00,0,'taxable',''),(15687,'',0,0,1350.0000,1350.0000,0,NULL,'onbackorder',0,0.00,0,'taxable',''),(15743,'',0,0,750.0000,750.0000,0,NULL,'onbackorder',0,0.00,0,'taxable',''),(16702,'',0,0,270.0000,270.0000,1,1,'instock',0,0.00,1,'taxable',''),(16708,'',0,0,270.0000,270.0000,1,0,'outofstock',0,0.00,0,'taxable',''),(16716,'',0,0,270.0000,270.0000,1,0,'outofstock',0,0.00,0,'taxable',''),(16724,'',0,0,270.0000,270.0000,1,1,'instock',0,0.00,0,'taxable',''),(16728,'',0,0,270.0000,270.0000,1,0,'outofstock',0,0.00,0,'taxable',''),(16736,'',0,0,259.0000,259.0000,1,0,'outofstock',0,0.00,0,'taxable',''),(16740,'',0,0,686.0000,686.0000,1,NULL,'onbackorder',0,0.00,0,'taxable',''),(16747,'',0,0,350.0000,350.0000,1,0,'outofstock',0,0.00,0,'taxable',''),(16754,'',0,0,336.0000,336.0000,1,NULL,'onbackorder',0,0.00,0,'taxable',''),(16759,'',0,0,336.0000,336.0000,1,0,'outofstock',0,0.00,0,'taxable',''),(16765,'',0,0,0.0000,0.0000,0,0,'outofstock',0,0.00,0,'taxable',''),(16773,'',0,0,0.0000,0.0000,0,NULL,'onbackorder',0,0.00,0,'taxable',''),(16781,'',0,0,270.0000,270.0000,1,NULL,'onbackorder',0,0.00,0,'taxable',''),(16789,'',0,0,258.5000,258.5000,1,NULL,'onbackorder',0,0.00,0,'taxable',''),(16791,'',0,0,260.0000,260.0000,1,0,'outofstock',0,0.00,0,'taxable',''),(16800,'',0,0,260.0000,260.0000,1,0,'outofstock',0,0.00,0,'taxable',''),(16806,'',0,0,260.0000,260.0000,1,0,'outofstock',0,0.00,0,'taxable',''),(16810,'',0,0,324.5000,324.5000,1,0,'outofstock',0,0.00,1,'taxable',''),(16877,'',0,0,450.0000,450.0000,1,0,'outofstock',0,0.00,0,'taxable',''),(17892,'',0,0,556.0000,556.0000,1,2,'instock',0,0.00,0,'taxable',''),(16832,'',0,0,1457.5000,1457.5000,1,0,'outofstock',0,0.00,0,'taxable',''),(16838,'',0,0,1347.5000,1347.5000,1,0,'outofstock',0,0.00,0,'taxable',''),(16843,'',0,0,1347.5000,1347.5000,1,1,'instock',0,0.00,0,'taxable',''),(16848,'',0,0,709.5000,709.5000,1,2,'instock',0,0.00,0,'taxable',''),(16853,'',0,0,544.5000,544.5000,1,2,'instock',0,0.00,0,'taxable',''),(16858,'',0,0,1374.0000,1374.0000,1,0,'outofstock',0,0.00,0,'taxable',''),(16865,'',0,0,1374.0000,1374.0000,1,1,'instock',0,0.00,0,'taxable',''),(16871,'',0,0,984.5000,984.5000,1,2,'instock',0,0.00,0,'taxable',''),(16881,'',0,0,0.0000,0.0000,0,2,'instock',0,0.00,0,'taxable',''),(16882,'',0,0,686.0000,686.0000,1,NULL,'onbackorder',0,0.00,0,'taxable',''),(16889,'',0,0,0.0000,0.0000,0,3,'instock',0,0.00,0,'taxable',''),(16894,'',0,0,180.0000,180.0000,1,4,'instock',0,0.00,0,'taxable',''),(16898,'',0,0,165.0000,165.0000,1,0,'outofstock',0,0.00,0,'taxable',''),(16904,'',0,0,195.0000,195.0000,1,0,'outofstock',0,0.00,1,'taxable',''),(16910,'',0,0,164.0000,164.0000,1,10,'instock',0,0.00,0,'taxable',''),(16914,'',0,0,0.0000,0.0000,0,3,'instock',0,0.00,0,'taxable',''),(16921,'',0,0,0.0000,0.0000,0,3,'instock',0,0.00,0,'taxable',''),(16922,'',0,0,103.0000,103.0000,1,0,'outofstock',0,0.00,0,'taxable',''),(16943,'',0,0,170.0000,170.0000,1,2,'instock',0,0.00,0,'taxable',''),(16962,'',0,0,196.8000,196.8000,1,5,'instock',0,0.00,0,'taxable',''),(16963,'',0,0,200.0000,200.0000,1,0,'outofstock',0,0.00,0,'taxable',''),(16966,'',0,0,175.0000,175.0000,1,0,'outofstock',0,0.00,0,'taxable',''),(16971,'',0,0,196.8000,196.8000,1,5,'instock',0,0.00,0,'taxable',''),(16972,'',0,0,175.0000,175.0000,1,3,'instock',0,0.00,0,'taxable',''),(16977,'',0,0,215.0000,215.0000,1,0,'outofstock',0,0.00,2,'taxable',''),(16983,'',0,0,215.0000,215.0000,1,0,'outofstock',0,0.00,0,'taxable',''),(16991,'',0,0,196.8000,196.8000,1,5,'instock',0,0.00,0,'taxable',''),(16992,'',0,0,215.0000,215.0000,1,1,'instock',0,0.00,1,'taxable',''),(16997,'',0,0,196.8000,196.8000,1,5,'instock',0,0.00,0,'taxable',''),(17011,'',0,0,1299.0000,1299.0000,1,0,'outofstock',0,0.00,0,'taxable',''),(17023,'',0,0,215.0000,215.0000,1,0,'outofstock',0,0.00,0,'taxable',''),(17896,'',0,0,464.0000,464.0000,1,2,'instock',0,0.00,0,'taxable',''),(17081,'34408-1',0,0,250.0000,250.0000,1,0,'outofstock',0,0.00,0,'taxable',''),(17086,'',0,0,699.0000,699.0000,1,1,'instock',0,0.00,0,'taxable',''),(17093,'',0,0,1975.0000,1975.0000,1,NULL,'onbackorder',0,0.00,0,'taxable',''),(17100,'',0,0,260.0000,260.0000,1,0,'outofstock',0,0.00,1,'taxable',''),(17107,'',0,0,450.0000,450.0000,1,0,'outofstock',0,0.00,0,'taxable',''),(17111,'',0,0,999.0000,999.0000,1,0,'outofstock',0,0.00,0,'taxable',''),(17117,'',0,0,1200.0000,1200.0000,1,NULL,'instock',0,0.00,0,'taxable',''),(17177,'',0,0,275.0000,275.0000,1,1,'instock',0,0.00,0,'taxable',''),(17184,'',0,0,1150.0000,1150.0000,1,NULL,'instock',0,0.00,0,'taxable',''),(17195,'1',0,0,1275.0000,1275.0000,1,0,'outofstock',0,0.00,0,'taxable',''),(17204,'',0,0,1350.0000,1350.0000,1,0,'outofstock',0,0.00,1,'taxable',''),(17212,'',0,0,1066.0000,1066.0000,1,0,'outofstock',0,0.00,0,'taxable',''),(17220,'',0,0,1035.0000,1035.0000,1,0,'onbackorder',0,0.00,0,'taxable',''),(17228,'',0,0,1225.0000,1225.0000,1,0,'onbackorder',0,0.00,1,'taxable',''),(17237,'',0,0,770.0000,770.0000,1,0,'outofstock',0,0.00,0,'taxable',''),(17705,'',0,0,350.0000,350.0000,1,0,'outofstock',0,0.00,0,'taxable',''),(17274,'',0,0,600.0000,600.0000,1,0,'onbackorder',0,0.00,0,'taxable',''),(17279,'',0,0,600.0000,600.0000,1,0,'outofstock',0,0.00,0,'taxable',''),(17285,'',0,0,1900.0000,1900.0000,1,1,'instock',0,0.00,0,'taxable',''),(17289,'',0,0,300.0000,300.0000,1,0,'onbackorder',0,0.00,0,'taxable',''),(17294,'',0,0,1200.0000,1200.0000,1,0,'onbackorder',0,0.00,0,'taxable',''),(17299,'',0,0,1250.0000,1250.0000,1,0,'onbackorder',0,0.00,0,'taxable',''),(17303,'',0,0,900.0000,900.0000,1,0,'onbackorder',0,0.00,0,'taxable',''),(17309,'',0,0,900.0000,900.0000,1,0,'onbackorder',0,0.00,0,'taxable',''),(17315,'',0,0,1290.0000,1290.0000,1,0,'onbackorder',0,0.00,0,'taxable',''),(17358,'',0,0,690.0000,690.0000,1,0,'onbackorder',0,0.00,0,'taxable',''),(17380,'',0,0,975.0000,975.0000,1,0,'onbackorder',0,0.00,1,'taxable',''),(17385,'',0,0,1100.0000,1100.0000,1,3,'instock',0,0.00,0,'taxable',''),(17395,'',0,0,3450.0000,3450.0000,1,10,'instock',0,0.00,3,'taxable',''),(17412,'',0,0,597.0000,597.0000,1,1,'instock',0,0.00,0,'taxable',''),(17417,'CMBR',0,0,5.0000,5.0000,1,1,'instock',0,0.00,0,'taxable',''),(17420,'',0,0,1190.0000,1190.0000,1,1,'instock',0,0.00,0,'taxable',''),(17425,'',0,0,1190.0000,1190.0000,1,0,'outofstock',0,0.00,0,'taxable',''),(17431,'',0,0,1650.0000,1650.0000,1,0,'outofstock',0,0.00,0,'taxable',''),(17437,'',0,0,1710.0000,1710.0000,1,0,'onbackorder',0,0.00,0,'taxable',''),(17441,'6331581',0,0,1555.0000,1555.0000,1,0,'onbackorder',0,0.00,0,'taxable',''),(17451,'',0,0,1489.0000,1489.0000,1,0,'outofstock',0,0.00,0,'taxable',''),(17457,'',0,0,1481.0000,1481.0000,1,0,'outofstock',0,0.00,0,'taxable',''),(17463,'',0,0,2300.0000,2300.0000,1,0,'outofstock',0,0.00,0,'taxable',''),(17468,'',0,0,2200.0000,2200.0000,1,0,'outofstock',0,0.00,0,'taxable',''),(17473,'',0,0,2040.0000,2040.0000,1,0,'outofstock',0,0.00,0,'taxable',''),(17478,'',0,0,2040.0000,2040.0000,1,0,'outofstock',0,0.00,0,'taxable',''),(17485,'',0,0,1300.0000,1300.0000,1,0,'outofstock',0,0.00,0,'taxable',''),(17490,'',0,0,1481.0000,1481.0000,1,1,'instock',0,0.00,0,'taxable',''),(17495,'',0,0,1085.0000,1085.0000,1,0,'outofstock',0,0.00,0,'taxable',''),(17499,'',0,0,945.0000,945.0000,1,0,'outofstock',0,0.00,0,'taxable',''),(17503,'',0,0,975.0000,975.0000,1,0,'outofstock',0,0.00,0,'taxable',''),(17508,'',0,0,1645.0000,1645.0000,1,0,'outofstock',0,0.00,0,'taxable',''),(17513,'',0,0,1500.0000,1500.0000,1,0,'outofstock',0,0.00,0,'taxable',''),(17518,'',0,0,260.0000,260.0000,1,1,'instock',0,0.00,0,'taxable',''),(17521,'',0,0,945.0000,945.0000,1,0,'outofstock',0,0.00,0,'taxable',''),(17525,'',0,0,835.0000,835.0000,1,0,'outofstock',0,0.00,0,'taxable',''),(17530,'',0,0,450.0000,450.0000,1,2,'instock',0,0.00,0,'taxable',''),(17538,'',0,0,178.0000,178.0000,1,0,'outofstock',0,0.00,0,'taxable',''),(17542,'',0,0,178.0000,178.0000,1,1,'instock',0,0.00,0,'taxable',''),(17543,'',0,0,148.0000,148.0000,1,0,'outofstock',0,0.00,0,'taxable',''),(17550,'',0,0,106.0000,106.0000,1,0,'outofstock',0,0.00,0,'taxable',''),(17554,'',0,0,298.0000,298.0000,1,1,'instock',0,0.00,1,'taxable',''),(17558,'',0,0,358.0000,358.0000,1,0,'outofstock',0,0.00,0,'taxable',''),(17562,'',0,0,118.0000,118.0000,1,0,'outofstock',0,0.00,0,'taxable',''),(17567,'',0,0,1200.0000,1200.0000,1,1,'instock',0,0.00,0,'taxable',''),(17570,'',0,0,1350.0000,1350.0000,1,1,'instock',0,0.00,0,'taxable',''),(17574,'',0,0,799.0000,799.0000,1,0,'outofstock',0,0.00,0,'taxable',''),(17578,'',0,0,390.0000,390.0000,1,2,'instock',0,0.00,0,'taxable',''),(17582,'',0,0,390.0000,390.0000,1,2,'instock',0,0.00,0,'taxable',''),(17583,'',0,0,390.0000,390.0000,1,4,'instock',0,0.00,0,'taxable',''),(17584,'',0,0,390.0000,390.0000,1,3,'instock',0,0.00,0,'taxable',''),(17585,'',0,0,390.0000,390.0000,1,3,'instock',0,0.00,0,'taxable',''),(17586,'',0,0,390.0000,390.0000,1,3,'instock',0,0.00,0,'taxable',''),(17587,'',0,0,390.0000,390.0000,1,4,'instock',0,0.00,0,'taxable',''),(17588,'',0,0,390.0000,390.0000,1,5,'instock',0,0.00,0,'taxable',''),(17589,'',0,0,390.0000,390.0000,1,4,'instock',0,0.00,0,'taxable',''),(17590,'',0,0,375.0000,375.0000,1,2,'instock',0,0.00,0,'taxable',''),(17592,'',0,0,375.0000,375.0000,1,2,'instock',0,0.00,0,'taxable',''),(17593,'',0,0,375.0000,375.0000,1,2,'instock',0,0.00,0,'taxable',''),(17594,'',0,0,375.0000,375.0000,1,2,'instock',0,0.00,0,'taxable',''),(17598,'',0,0,375.0000,375.0000,1,2,'instock',0,0.00,0,'taxable',''),(17599,'',0,0,375.0000,375.0000,1,4,'instock',0,0.00,0,'taxable',''),(17600,'',0,0,375.0000,375.0000,1,3,'instock',0,0.00,0,'taxable',''),(17601,'',0,0,375.0000,375.0000,1,3,'instock',0,0.00,0,'taxable',''),(17602,'',0,0,375.0000,375.0000,1,3,'instock',0,0.00,0,'taxable',''),(17603,'',0,0,375.0000,375.0000,1,4,'instock',0,0.00,0,'taxable',''),(17604,'',0,0,375.0000,375.0000,1,5,'instock',0,0.00,0,'taxable',''),(17605,'',0,0,375.0000,375.0000,1,5,'instock',0,0.00,0,'taxable',''),(17606,'',0,0,375.0000,375.0000,1,4,'instock',0,0.00,0,'taxable',''),(17607,'',0,0,390.0000,390.0000,1,2,'instock',0,0.00,0,'taxable',''),(17611,'',0,0,390.0000,390.0000,1,2,'instock',0,0.00,0,'taxable',''),(17612,'',0,0,390.0000,390.0000,1,4,'instock',0,0.00,0,'taxable',''),(17613,'',0,0,390.0000,390.0000,1,3,'instock',0,0.00,0,'taxable',''),(17614,'',0,0,390.0000,390.0000,1,3,'instock',0,0.00,0,'taxable',''),(17615,'',0,0,390.0000,390.0000,1,3,'instock',0,0.00,0,'taxable',''),(17616,'',0,0,390.0000,390.0000,1,4,'instock',0,0.00,0,'taxable',''),(17617,'',0,0,390.0000,390.0000,1,5,'instock',0,0.00,0,'taxable',''),(17619,'',0,0,390.0000,390.0000,1,5,'instock',0,0.00,0,'taxable',''),(17620,'',0,0,390.0000,390.0000,1,4,'instock',0,0.00,0,'taxable',''),(17621,'',0,0,2200.0000,2200.0000,1,1,'instock',0,0.00,0,'taxable',''),(17625,'',0,0,1150.0000,1150.0000,1,0,'outofstock',0,0.00,0,'taxable',''),(17632,'',0,0,1150.0000,1150.0000,1,10,'instock',0,0.00,0,'taxable',''),(17633,'',0,0,1600.0000,1600.0000,1,2,'instock',0,0.00,0,'taxable',''),(17654,'',0,0,1300.0000,1300.0000,1,0,'outofstock',0,0.00,0,'taxable',''),(17661,'',0,0,1300.0000,1300.0000,1,0,'outofstock',0,0.00,0,'taxable',''),(17676,'',0,0,1050.0000,1050.0000,1,0,'outofstock',0,0.00,0,'taxable',''),(17682,'',0,0,990.0000,990.0000,1,0,'outofstock',0,0.00,0,'taxable',''),(17687,'',0,0,260.0000,260.0000,1,1,'instock',0,0.00,0,'taxable',''),(17688,'',0,0,270.0000,270.0000,1,5,'instock',0,0.00,0,'taxable',''),(17712,'',0,0,1750.0000,1750.0000,1,0,'outofstock',0,0.00,0,'taxable',''),(17716,'',0,0,1300.0000,1300.0000,1,0,'outofstock',0,0.00,0,'taxable',''),(17717,'',0,0,1000.0000,1000.0000,1,0,'outofstock',0,0.00,0,'taxable',''),(17718,'',0,0,1150.0000,1150.0000,1,0,'outofstock',0,0.00,0,'taxable',''),(17741,'',0,0,300.0000,300.0000,1,0,'outofstock',0,0.00,0,'taxable',''),(17743,'',0,0,1250.0000,1250.0000,1,5,'instock',0,0.00,0,'taxable',''),(17746,'',0,0,1050.0000,1050.0000,1,0,'outofstock',0,0.00,0,'taxable',''),(17747,'',0,0,1050.0000,1050.0000,1,0,'outofstock',0,0.00,0,'taxable',''),(17754,'',0,0,1290.0000,1290.0000,1,0,'outofstock',0,0.00,0,'taxable',''),(17756,'',0,0,1850.0000,1850.0000,1,0,'outofstock',0,0.00,0,'taxable',''),(17762,'',0,0,490.0000,490.0000,1,2,'instock',0,0.00,0,'taxable',''),(17765,'',0,0,290.0000,290.0000,1,2,'instock',0,0.00,0,'taxable',''),(17768,'',0,0,2000.0000,2000.0000,1,2,'instock',0,0.00,0,'taxable',''),(17775,'',0,0,700.0000,700.0000,1,0,'outofstock',0,0.00,0,'taxable',''),(17777,'',0,0,1450.0000,1450.0000,1,0,'outofstock',0,0.00,0,'taxable',''),(17782,'',0,0,380.0000,380.0000,1,2,'instock',0,0.00,0,'taxable',''),(17786,'',0,0,380.0000,380.0000,1,2,'instock',0,0.00,0,'taxable',''),(17787,'',0,0,380.0000,380.0000,1,2,'instock',0,0.00,0,'taxable',''),(17789,'',0,0,380.0000,380.0000,1,1,'instock',0,0.00,0,'taxable',''),(17792,'',0,0,380.0000,380.0000,1,2,'instock',0,0.00,0,'taxable',''),(17793,'',0,0,380.0000,380.0000,1,2,'instock',0,0.00,0,'taxable',''),(17794,'',0,0,380.0000,380.0000,1,1,'instock',0,0.00,0,'taxable',''),(17796,'',0,0,380.0000,380.0000,1,1,'instock',0,0.00,0,'taxable',''),(17797,'',0,0,380.0000,380.0000,1,1,'instock',0,0.00,0,'taxable',''),(17798,'',0,0,2400.0000,2400.0000,1,1,'instock',0,0.00,0,'taxable',''),(17803,'',0,0,3100.0000,3100.0000,1,2,'instock',0,0.00,0,'taxable',''),(17808,'',0,0,2800.0000,2800.0000,1,3,'instock',0,0.00,0,'taxable',''),(17812,'',0,0,2800.0000,2800.0000,1,1,'instock',0,0.00,0,'taxable',''),(17814,'',0,0,675.0000,675.0000,1,1,'instock',0,0.00,0,'taxable',''),(17817,'',0,0,675.0000,675.0000,1,1,'instock',0,0.00,0,'taxable',''),(17818,'',0,0,675.0000,675.0000,1,1,'instock',0,0.00,0,'taxable',''),(17819,'',0,0,675.0000,675.0000,1,2,'instock',0,0.00,0,'taxable',''),(17821,'',0,0,675.0000,675.0000,1,2,'instock',0,0.00,0,'taxable',''),(17822,'',0,0,675.0000,675.0000,1,2,'instock',0,0.00,0,'taxable',''),(17823,'',0,0,675.0000,675.0000,1,1,'instock',0,0.00,0,'taxable',''),(17824,'',0,0,730.0000,730.0000,1,0,'outofstock',0,0.00,0,'taxable',''),(17826,'',0,0,730.0000,730.0000,1,0,'outofstock',0,0.00,0,'taxable',''),(17828,'',0,0,2400.0000,2400.0000,1,1,'instock',0,0.00,0,'taxable',''),(17831,'',0,0,2400.0000,2400.0000,1,0,'outofstock',0,0.00,0,'taxable',''),(17832,'',0,0,730.0000,730.0000,1,0,'outofstock',0,0.00,0,'taxable',''),(17852,'',0,0,1300.0000,1300.0000,1,0,'outofstock',0,0.00,0,'taxable',''),(17853,'',0,0,1250.0000,1250.0000,1,1,'instock',0,0.00,0,'taxable',''),(17902,'',0,0,476.0000,476.0000,1,2,'instock',0,0.00,0,'taxable',''),(17908,'',0,0,920.0000,920.0000,1,1,'instock',0,0.00,0,'taxable',''),(17913,'',0,0,568.0000,568.0000,1,1,'instock',0,0.00,0,'taxable',''),(17920,'',0,0,512.0000,512.0000,1,1,'instock',0,0.00,0,'taxable',''),(17923,'',0,0,336.0000,336.0000,1,1,'instock',0,0.00,0,'taxable',''),(17929,'',0,0,360.0000,360.0000,1,1,'instock',0,0.00,0,'taxable',''),(17935,'',0,0,360.0000,360.0000,1,1,'instock',0,0.00,0,'taxable',''),(17940,'',0,0,396.0000,396.0000,1,2,'instock',0,0.00,0,'taxable',''),(17945,'',0,0,348.0000,348.0000,1,1,'instock',0,0.00,0,'taxable',''),(17948,'',0,0,348.0000,348.0000,1,1,'instock',0,0.00,0,'taxable',''),(17954,'',0,0,416.0000,416.0000,1,1,'instock',0,0.00,0,'taxable',''),(17959,'',0,0,416.0000,416.0000,1,1,'instock',0,0.00,0,'taxable',''),(17963,'',0,0,416.0000,416.0000,1,1,'instock',0,0.00,0,'taxable',''),(17975,'',0,0,1495.0000,1495.0000,1,1,'instock',0,0.00,0,'taxable',''),(17977,'',0,0,1495.0000,1495.0000,1,1,'instock',0,0.00,0,'taxable',''),(17979,'',0,0,1495.0000,1495.0000,1,1,'instock',0,0.00,0,'taxable',''),(17980,'',0,0,255.0000,255.0000,1,6,'instock',0,0.00,0,'taxable','');

--
-- Table structure for table `wp_wc_rate_limits`
--

CREATE TABLE `wp_wc_rate_limits` (
  `rate_limit_id` bigint(20) unsigned NOT NULL AUTO_INCREMENT,
  `rate_limit_key` varchar(200) COLLATE utf8mb4_unicode_520_ci NOT NULL,
  `rate_limit_expiry` bigint(20) unsigned NOT NULL,
  `rate_limit_remaining` smallint(10) NOT NULL DEFAULT '0',
  PRIMARY KEY (`rate_limit_id`),
  UNIQUE KEY `rate_limit_key` (`rate_limit_key`(191))
) ENGINE=MyISAM DEFAULT CHARSET=utf8mb4 COLLATE=utf8mb4_unicode_520_ci;

--
-- Dumping data for table `wp_wc_rate_limits`
--


--
-- Table structure for table `wp_wc_reserved_stock`
--

CREATE TABLE `wp_wc_reserved_stock` (
  `order_id` bigint(20) NOT NULL,
  `product_id` bigint(20) NOT NULL,
  `stock_quantity` double NOT NULL DEFAULT '0',
  `timestamp` datetime NOT NULL DEFAULT '0000-00-00 00:00:00',
  `expires` datetime NOT NULL DEFAULT '0000-00-00 00:00:00',
  PRIMARY KEY (`order_id`,`product_id`)
) ENGINE=MyISAM DEFAULT CHARSET=utf8mb4 COLLATE=utf8mb4_unicode_520_ci;

--
-- Dumping data for table `wp_wc_reserved_stock`
--

INSERT INTO `wp_wc_reserved_stock` VALUES (15367,15366,1,'2020-07-23 07:52:54','2020-07-23 08:54:52'),(15594,14971,3,'2020-08-11 04:04:16','2020-08-11 06:37:58'),(15594,15538,1,'2020-08-11 04:04:16','2020-08-11 06:37:58'),(15595,15577,1,'2020-08-11 05:48:10','2020-08-11 07:25:42'),(15596,14971,3,'2020-08-11 06:52:48','2020-08-11 07:54:46'),(15596,15538,1,'2020-08-11 06:52:48','2020-08-11 07:54:46'),(15596,14986,1,'2020-08-11 06:52:48','2020-08-11 07:54:46'),(15596,14989,1,'2020-08-11 06:52:48','2020-08-11 07:54:46'),(15603,15577,1,'2020-08-12 00:26:17','2020-08-12 01:26:17'),(15603,14971,1,'2020-08-12 00:26:17','2020-08-12 01:26:17'),(15692,15538,1,'2020-08-17 02:47:27','2020-08-17 03:47:27'),(15692,15532,1,'2020-08-17 02:47:27','2020-08-17 03:47:27'),(15706,15538,1,'2020-08-21 01:00:57','2020-08-21 02:16:07'),(15706,15532,1,'2020-08-21 01:00:57','2020-08-21 02:16:07'),(15707,15538,1,'2020-08-21 04:25:52','2020-08-21 06:27:30'),(15707,15532,1,'2020-08-21 04:25:52','2020-08-21 06:27:30'),(15708,15538,1,'2020-08-21 05:39:18','2020-08-21 06:39:18'),(15708,15532,1,'2020-08-21 05:39:18','2020-08-21 06:39:18'),(15709,15538,1,'2020-08-21 05:40:03','2020-08-21 06:40:03'),(15709,15532,1,'2020-08-21 05:40:03','2020-08-21 06:40:03'),(15710,15538,1,'2020-08-21 05:42:47','2020-08-21 06:57:23'),(15710,15532,1,'2020-08-21 05:42:47','2020-08-21 06:57:23'),(15711,15538,1,'2020-08-21 05:58:01','2020-08-21 07:30:17'),(15711,15532,1,'2020-08-21 05:58:01','2020-08-21 07:30:17'),(15712,15538,1,'2020-08-21 06:50:41','2020-08-21 07:50:41'),(15712,15532,1,'2020-08-21 06:50:41','2020-08-21 07:50:41'),(16245,14953,2,'2020-12-21 06:54:46','2020-12-21 07:54:46'),(16585,15532,1,'2020-12-30 08:13:50','2020-12-30 09:13:50'),(16586,15532,1,'2021-01-02 05:26:21','2021-01-02 06:26:21'),(16677,15538,1,'2021-01-06 02:24:12','2021-01-06 03:24:12'),(16701,15538,1,'2021-01-20 21:18:25','2021-01-20 22:18:25'),(17002,16810,1,'2021-02-20 09:12:14','2021-02-20 10:12:14'),(17038,15532,1,'2021-02-23 04:59:00','2021-02-23 05:59:39'),(17038,14982,1,'2021-02-23 04:59:00','2021-02-23 05:59:39'),(17038,16877,1,'2021-02-23 04:59:00','2021-02-23 05:59:39'),(17039,15532,1,'2021-02-24 01:16:40','2021-02-24 02:36:15'),(17039,14982,2,'2021-02-24 01:16:40','2021-02-24 02:36:15'),(17039,16877,1,'2021-02-24 01:16:40','2021-02-24 02:36:15'),(17040,15532,1,'2021-02-24 01:39:14','2021-02-25 01:44:17'),(17079,15532,1,'2021-02-26 01:34:48','2021-02-26 02:34:48'),(17079,16800,1,'2021-02-26 01:34:48','2021-02-26 02:34:48'),(17083,14997,1,'2021-02-27 01:37:39','2021-02-27 02:37:39'),(17125,14997,1,'2021-03-01 01:04:58','2021-03-01 02:04:58'),(17126,14997,1,'2021-03-01 01:13:26','2021-03-01 02:13:26'),(17127,14997,1,'2021-03-01 01:18:40','2021-03-01 02:20:59'),(17128,16791,1,'2021-03-01 07:01:24','2021-03-01 08:01:24'),(17694,17688,1,'2022-01-27 15:35:07','2022-02-03 15:35:07'),(17698,17688,1,'2022-01-31 17:17:44','2022-02-07 17:17:44'),(17843,16747,1,'2022-05-17 08:12:25','2022-05-24 08:29:29'),(17849,16747,1,'2022-06-12 10:04:27','2022-06-20 09:01:14'),(17983,17490,1,'2023-07-03 04:39:01','2023-07-10 04:39:01');

--
-- Table structure for table `wp_wc_tax_rate_classes`
--

CREATE TABLE `wp_wc_tax_rate_classes` (
  `tax_rate_class_id` bigint(20) unsigned NOT NULL AUTO_INCREMENT,
  `name` varchar(200) COLLATE utf8mb4_unicode_ci NOT NULL DEFAULT '',
  `slug` varchar(200) COLLATE utf8mb4_unicode_ci NOT NULL DEFAULT '',
  PRIMARY KEY (`tax_rate_class_id`),
  UNIQUE KEY `slug` (`slug`(191))
) ENGINE=MyISAM AUTO_INCREMENT=4 DEFAULT CHARSET=utf8mb4 COLLATE=utf8mb4_unicode_ci;

--
-- Dumping data for table `wp_wc_tax_rate_classes`
--

INSERT INTO `wp_wc_tax_rate_classes` VALUES (1,'Reduced rate','reduced-rate'),(2,'Zero rate','zero-rate'),(3,'Standard','standard');

--
-- Table structure for table `wp_wc_webhooks`
--

CREATE TABLE `wp_wc_webhooks` (
  `webhook_id` bigint(20) unsigned NOT NULL AUTO_INCREMENT,
  `status` varchar(200) COLLATE utf8mb4_unicode_ci NOT NULL,
  `name` text COLLATE utf8mb4_unicode_ci NOT NULL,
  `user_id` bigint(20) unsigned NOT NULL,
  `delivery_url` text COLLATE utf8mb4_unicode_ci NOT NULL,
  `secret` text COLLATE utf8mb4_unicode_ci NOT NULL,
  `topic` varchar(200) COLLATE utf8mb4_unicode_ci NOT NULL,
  `date_created` datetime NOT NULL DEFAULT '0000-00-00 00:00:00',
  `date_created_gmt` datetime NOT NULL DEFAULT '0000-00-00 00:00:00',
  `date_modified` datetime NOT NULL DEFAULT '0000-00-00 00:00:00',
  `date_modified_gmt` datetime NOT NULL DEFAULT '0000-00-00 00:00:00',
  `api_version` smallint(4) NOT NULL,
  `failure_count` smallint(10) NOT NULL DEFAULT '0',
  `pending_delivery` tinyint(1) NOT NULL DEFAULT '0',
  PRIMARY KEY (`webhook_id`),
  KEY `user_id` (`user_id`)
) ENGINE=MyISAM DEFAULT CHARSET=utf8mb4 COLLATE=utf8mb4_unicode_ci;

--
-- Dumping data for table `wp_wc_webhooks`
--


--
-- Table structure for table `wp_wcpdf_invoice_number`
--

CREATE TABLE `wp_wcpdf_invoice_number` (
  `id` int(16) NOT NULL AUTO_INCREMENT,
  `order_id` int(16) DEFAULT NULL,
  `date` datetime NOT NULL DEFAULT '1000-01-01 00:00:00',
  `calculated_number` int(16) DEFAULT NULL,
  PRIMARY KEY (`id`)
) ENGINE=MyISAM AUTO_INCREMENT=19 DEFAULT CHARSET=utf8mb4 COLLATE=utf8mb4_unicode_520_ci;

--
-- Dumping data for table `wp_wcpdf_invoice_number`
--

INSERT INTO `wp_wcpdf_invoice_number` VALUES (1,15700,'2020-08-19 07:13:49',NULL),(2,15441,'2020-07-28 23:17:59',NULL),(3,15739,'2020-08-22 09:30:17',NULL),(4,17012,'2021-02-22 17:14:28',NULL),(5,17256,'2021-04-17 13:14:11',NULL),(6,17258,'2021-04-19 04:10:28',NULL),(7,17362,'2021-05-25 13:51:14',NULL),(8,17365,'2021-06-11 22:11:21',NULL),(9,17367,'2021-06-16 12:11:23',NULL),(10,17377,'2021-07-05 15:37:39',NULL),(11,17383,'2021-07-08 03:58:50',NULL),(12,17408,'2021-08-15 13:18:53',NULL),(13,17673,'2022-01-19 13:35:15',NULL),(14,17675,'2022-01-22 19:18:58',NULL),(15,17704,'2022-03-12 21:27:27',NULL),(16,17846,'2022-06-01 03:11:05',NULL),(17,17862,'2022-08-18 04:34:48',NULL),(18,17883,'2022-11-12 15:41:23',NULL);

--
-- Table structure for table `wp_wcpdf_packing_slip_number`
--

CREATE TABLE `wp_wcpdf_packing_slip_number` (
  `id` int(16) NOT NULL AUTO_INCREMENT,
  `order_id` int(16) DEFAULT NULL,
  `date` datetime NOT NULL DEFAULT '1000-01-01 00:00:00',
  `calculated_number` int(16) DEFAULT NULL,
  PRIMARY KEY (`id`)
) ENGINE=MyISAM DEFAULT CHARSET=utf8mb4 COLLATE=utf8mb4_unicode_520_ci;

--
-- Dumping data for table `wp_wcpdf_packing_slip_number`
--


--
-- Table structure for table `wp_wfpklist_template_data`
--

CREATE TABLE `wp_wfpklist_template_data` (
  `id_wfpklist_template_data` int(11) NOT NULL AUTO_INCREMENT,
  `template_name` varchar(200) NOT NULL,
  `template_html` text NOT NULL,
  `template_from` varchar(200) NOT NULL,
  `is_active` int(11) NOT NULL DEFAULT '0',
  `template_type` varchar(200) NOT NULL,
  `created_at` int(11) NOT NULL DEFAULT '0',
  `updated_at` int(11) NOT NULL DEFAULT '0',
  PRIMARY KEY (`id_wfpklist_template_data`)
) ENGINE=MyISAM AUTO_INCREMENT=2 DEFAULT CHARSET=utf8;

--
-- Dumping data for table `wp_wfpklist_template_data`
--

INSERT INTO `wp_wfpklist_template_data` VALUES (1,'shipping label','<style type=\"text/css\">\n.clearfix::after {\n    display: block;\n    clear: both;\n  content: \"\";}\n.wfte_main{ color:#73879C; font-family:\"Helvetica Neue\", Roboto, Arial, \"Droid Sans\", sans-serif; font-size:12px; font-weight:400; line-height:18px; box-sizing:border-box; width:100%; margin:10px 0px; border:solid 1px #000;}\n.wfte_main *{ box-sizing:border-box;}\n.wfte_header{background:#ffffff; color:#000; padding:10px 20px; width:100%; border-bottom:solid 1px #999;}\n.wfte_company_logo{ float:left; width:100%;  }\n.wfte_company_logo_img{ width:150px; max-width:100%; }\n.wfte_company_name{ font-size:18px; font-weight:bold; }\n.wfte_company_logo_extra_details{ font-size:12px; }\n.wfte_body{background:#ffffff; color:#23272c; padding:10px 20px; width:100%;}\n.wfte_addrss_field_main{ width:100%; font-size:12px; margin-top:5px; }\n.wfte_addrss_fields{ line-height:16px; width:30%;}\n.wfte_shipping_address{width:70%;}\n.wfte_address-field-header{ font-weight:bold; }\n.wfte_barcode{ text-align:center; margin-top:10px; }\n.wfte_barcode img{ max-width:100%; }\n.wfte_return_policy{width:100%; height:auto; padding:0px; font-weight:bold; margin-top:15px; }\n.wfte_footer{width:100%; height:auto; padding:0px; margin-top:15px;}\n.wfte_shipping_details{ font-weight:bold; margin-top:15px; padding-top:5px;}\n.wfte_shipping_details div span:first-child{ font-weight:normal; }\n.wfte_tracking_number{ text-align:center; font-size:14px; padding-bottom:5px;}\n.wfte_tel, .wfte_email{ font-weight:bold; margin-top:10px; }\n\n.float_left{ float:left; }\n.float_right{ float:right; }\n\n/* The below class will append to main class while RTL enabled  */\n.wfte_rtl_template_main .wfte_shipping_details{\n  width:60%; margin-left:20%; margin-right:20%;  border-top:solid 0px #999;\n}\n</style>\n<div class=\"wfte_rtl_main wfte_main wfte_custom_shipping_size\">\n  <div class=\"wfte_body clearfix\">\n    <div class=\"wfte_addrss_field_main clearfix\">\n      <div class=\"wfte_addrss_fields wfte_from_address float_left wfte_text_left\">\n        <div class=\"wfte_address-field-header wfte_from_address_label\">__[From:]__</div>\n        <div class=\"wfte_from_address_val\">[wfte_from_address]</div>\n      </div>\n      <div class=\"wfte_shipping_details wfte_list_view float_right\">\n          <div class=\"wfte_order_number\">\n            <span class=\"wfte_order_number_label\">__[Order No:]__</span> [wfte_order_number]\n          </div>\n          <div class=\"wfte_weight\">\n            <span class=\"wfte_weight_label\">__[Weight:]__</span> [wfte_weight]\n          </div>\n          <div class=\"wfte_ship_date\">\n            <span class=\"wfte_ship_date_label\">__[Ship Date:]__</span> [wfte_ship_date]\n          </div>\n          <div class=\"wfte_box_name\">\n            [wfte_box_name]\n          </div>\n          <div class=\"wfte_order_item_meta\">[wfte_order_item_meta]</div>\n          [wfte_extra_fields]\n          [wfte_additional_data]\n      </div>\n    </div>\n\n    <div class=\"wfte_addrss_field_main clearfix\">\n      <div class=\"wfte_addrss_fields wfte_shipping_address float_right wfte_text_left\">\n        <div class=\"wfte_address-field-header wfte_shipping_address_label\">__[To:]__</div>\n        <div class=\"wfte_shipping_address_val\">[wfte_shipping_address]</div>       \n        <div class=\"wfte_list_view\">\n          <div class=\"wfte_tel\">\n            <span class=\"wfte_tel_label\">__[Ph No:]__</span>\n            <span>[wfte_tel]</span>\n          </div>\n          <div class=\"wfte_email\">\n            <span class=\"wfte_email_label\">__[Email:]__</span>\n            <span>[wfte_email]</span>\n          </div>\n        </div>\n      </div>\n    </div>\n  </div>\n  <div class=\"wfte_body clearfix\">\n      <div class=\"wfte_list_view wfte_text_center\">\n        <div class=\"wfte_invoice_number\">\n          <span class=\"wfte_invoice_number_label\">__[Tracking Number:]__</span> [wfte_invoice_number]\n        </div>\n      </div>\n\n      <div class=\"wfte_barcode clearfix\">\n        <img src=\"[wfte_barcode_url]\" style=\"\">\n      </div>\n      <div class=\"wfte_footer clearfix wfte_text_left\">\n        [wfte_footer]\n      </div>\n  </div>\n</div>','0',1,'shippinglabel',1615364910,1615368186);

--
